-- https://www.phpmyadmin.net/
--

START TRANSACTION;



--
-- Database: `trialsecondapril`
--

-- --------------------------------------------------------

--
-- Table structure for table `auth_group`
--

CREATE TABLE `auth_group` (
  `id` int(11) NOT NULL,
  `name` varchar(150) NOT NULL
) ENGINE=InnoDB DEFAULT CHARSET=utf8mb4 COLLATE=utf8mb4_general_ci;

-- --------------------------------------------------------

--
-- Table structure for table `auth_group_permissions`
--

CREATE TABLE `auth_group_permissions` (
  `id` bigint(20) NOT NULL,
  `group_id` int(11) NOT NULL,
  `permission_id` int(11) NOT NULL
) ENGINE=InnoDB DEFAULT CHARSET=utf8mb4 COLLATE=utf8mb4_general_ci;

-- --------------------------------------------------------

--
-- Table structure for table `auth_permission`
--

CREATE TABLE `auth_permission` (
  `id` int(11) NOT NULL,
  `name` varchar(255) NOT NULL,
  `content_type_id` int(11) NOT NULL,
  `codename` varchar(100) NOT NULL
) ENGINE=InnoDB DEFAULT CHARSET=utf8mb4 COLLATE=utf8mb4_general_ci;

--
-- Dumping data for table `auth_permission`
--

INSERT INTO `auth_permission` (`id`, `name`, `content_type_id`, `codename`) VALUES
(1, 'Can add log entry', 1, 'add_logentry'),
(2, 'Can change log entry', 1, 'change_logentry'),
(3, 'Can delete log entry', 1, 'delete_logentry'),
(4, 'Can view log entry', 1, 'view_logentry'),
(5, 'Can add permission', 2, 'add_permission'),
(6, 'Can change permission', 2, 'change_permission'),
(7, 'Can delete permission', 2, 'delete_permission'),
(8, 'Can view permission', 2, 'view_permission'),
(9, 'Can add group', 3, 'add_group'),
(10, 'Can change group', 3, 'change_group'),
(11, 'Can delete group', 3, 'delete_group'),
(12, 'Can view group', 3, 'view_group'),
(13, 'Can add user', 4, 'add_user'),
(14, 'Can change user', 4, 'change_user'),
(15, 'Can delete user', 4, 'delete_user'),
(16, 'Can view user', 4, 'view_user'),
(17, 'Can add content type', 5, 'add_contenttype'),
(18, 'Can change content type', 5, 'change_contenttype'),
(19, 'Can delete content type', 5, 'delete_contenttype'),
(20, 'Can view content type', 5, 'view_contenttype'),
(21, 'Can add session', 6, 'add_session'),
(22, 'Can change session', 6, 'change_session'),
(23, 'Can delete session', 6, 'delete_session'),
(24, 'Can view session', 6, 'view_session'),
(25, 'Can add site', 7, 'add_site'),
(26, 'Can change site', 7, 'change_site'),
(27, 'Can delete site', 7, 'delete_site'),
(28, 'Can view site', 7, 'view_site'),
(29, 'Can add aboutus', 10, 'add_aboutus'),
(30, 'Can change aboutus', 10, 'change_aboutus'),
(31, 'Can delete aboutus', 10, 'delete_aboutus'),
(32, 'Can view aboutus', 10, 'view_aboutus'),
(33, 'Can add add_ elements', 13, 'add_add_elements'),
(34, 'Can change add_ elements', 13, 'change_add_elements'),
(35, 'Can delete add_ elements', 13, 'delete_add_elements'),
(36, 'Can view add_ elements', 13, 'view_add_elements'),
(37, 'Can add add function model', 14, 'add_addfunctionmodel'),
(38, 'Can change add function model', 14, 'change_addfunctionmodel'),
(39, 'Can delete add function model', 14, 'delete_addfunctionmodel'),
(40, 'Can view add function model', 14, 'view_addfunctionmodel'),
(41, 'Can add author profile', 15, 'add_authorprofile'),
(42, 'Can change author profile', 15, 'change_authorprofile'),
(43, 'Can delete author profile', 15, 'delete_authorprofile'),
(44, 'Can view author profile', 15, 'view_authorprofile'),
(45, 'Can add blog_ image', 16, 'add_blog_image'),
(46, 'Can change blog_ image', 16, 'change_blog_image'),
(47, 'Can delete blog_ image', 16, 'delete_blog_image'),
(48, 'Can view blog_ image', 16, 'view_blog_image'),
(49, 'Can add blog category model', 17, 'add_blogcategorymodel'),
(50, 'Can change blog category model', 17, 'change_blogcategorymodel'),
(51, 'Can delete blog category model', 17, 'delete_blogcategorymodel'),
(52, 'Can view blog category model', 17, 'view_blogcategorymodel'),
(53, 'Can add bloggallery', 18, 'add_bloggallery'),
(54, 'Can change bloggallery', 18, 'change_bloggallery'),
(55, 'Can delete bloggallery', 18, 'delete_bloggallery'),
(56, 'Can view bloggallery', 18, 'view_bloggallery'),
(57, 'Can add category', 19, 'add_category'),
(58, 'Can change category', 19, 'change_category'),
(59, 'Can delete category', 19, 'delete_category'),
(60, 'Can view category', 19, 'view_category'),
(61, 'Can add contact model', 11, 'add_contactmodel'),
(62, 'Can change contact model', 11, 'change_contactmodel'),
(63, 'Can delete contact model', 11, 'delete_contactmodel'),
(64, 'Can view contact model', 11, 'view_contactmodel'),
(65, 'Can add corporate', 20, 'add_corporate'),
(66, 'Can change corporate', 20, 'change_corporate'),
(67, 'Can delete corporate', 20, 'delete_corporate'),
(68, 'Can view corporate', 20, 'view_corporate'),
(69, 'Can add cta', 21, 'add_cta'),
(70, 'Can change cta', 21, 'change_cta'),
(71, 'Can delete cta', 21, 'delete_cta'),
(72, 'Can view cta', 21, 'view_cta'),
(73, 'Can add cuisine', 22, 'add_cuisine'),
(74, 'Can change cuisine', 22, 'change_cuisine'),
(75, 'Can delete cuisine', 22, 'delete_cuisine'),
(76, 'Can view cuisine', 22, 'view_cuisine'),
(77, 'Can add culture', 23, 'add_culture'),
(78, 'Can change culture', 23, 'change_culture'),
(79, 'Can delete culture', 23, 'delete_culture'),
(80, 'Can view culture', 23, 'view_culture'),
(81, 'Can add elements_ of_ menu', 24, 'add_elements_of_menu'),
(82, 'Can change elements_ of_ menu', 24, 'change_elements_of_menu'),
(83, 'Can delete elements_ of_ menu', 24, 'delete_elements_of_menu'),
(84, 'Can view elements_ of_ menu', 24, 'view_elements_of_menu'),
(85, 'Can add enquiry model', 25, 'add_enquirymodel'),
(86, 'Can change enquiry model', 25, 'change_enquirymodel'),
(87, 'Can delete enquiry model', 25, 'delete_enquirymodel'),
(88, 'Can view enquiry model', 25, 'view_enquirymodel'),
(89, 'Can add function model', 26, 'add_functionmodel'),
(90, 'Can change function model', 26, 'change_functionmodel'),
(91, 'Can delete function model', 26, 'delete_functionmodel'),
(92, 'Can view function model', 26, 'view_functionmodel'),
(93, 'Can add gallery_ category', 27, 'add_gallery_category'),
(94, 'Can change gallery_ category', 27, 'change_gallery_category'),
(95, 'Can delete gallery_ category', 27, 'delete_gallery_category'),
(96, 'Can view gallery_ category', 27, 'view_gallery_category'),
(97, 'Can add goverment_ organization', 28, 'add_goverment_organization'),
(98, 'Can change goverment_ organization', 28, 'change_goverment_organization'),
(99, 'Can delete goverment_ organization', 28, 'delete_goverment_organization'),
(100, 'Can view goverment_ organization', 28, 'view_goverment_organization'),
(101, 'Can add homecontent', 29, 'add_homecontent'),
(102, 'Can change homecontent', 29, 'change_homecontent'),
(103, 'Can delete homecontent', 29, 'delete_homecontent'),
(104, 'Can view homecontent', 29, 'view_homecontent'),
(105, 'Can add my occasion', 30, 'add_myoccasion'),
(106, 'Can change my occasion', 30, 'change_myoccasion'),
(107, 'Can delete my occasion', 30, 'delete_myoccasion'),
(108, 'Can view my occasion', 30, 'view_myoccasion'),
(109, 'Can add portfolio', 12, 'add_portfolio'),
(110, 'Can change portfolio', 12, 'change_portfolio'),
(111, 'Can delete portfolio', 12, 'delete_portfolio'),
(112, 'Can view portfolio', 12, 'view_portfolio'),
(113, 'Can add slider', 31, 'add_slider'),
(114, 'Can change slider', 31, 'change_slider'),
(115, 'Can delete slider', 31, 'delete_slider'),
(116, 'Can view slider', 31, 'view_slider'),
(117, 'Can add social media', 32, 'add_socialmedia'),
(118, 'Can change social media', 32, 'change_socialmedia'),
(119, 'Can delete social media', 32, 'delete_socialmedia'),
(120, 'Can view social media', 32, 'view_socialmedia'),
(121, 'Can add testimonial', 33, 'add_testimonial'),
(122, 'Can change testimonial', 33, 'change_testimonial'),
(123, 'Can delete testimonial', 33, 'delete_testimonial'),
(124, 'Can view testimonial', 33, 'view_testimonial'),
(125, 'Can add tstingapril', 34, 'add_tstingapril'),
(126, 'Can change tstingapril', 34, 'change_tstingapril'),
(127, 'Can delete tstingapril', 34, 'delete_tstingapril'),
(128, 'Can view tstingapril', 34, 'view_tstingapril'),
(129, 'Can add usp', 35, 'add_usp'),
(130, 'Can change usp', 35, 'change_usp'),
(131, 'Can delete usp', 35, 'delete_usp'),
(132, 'Can view usp', 35, 'view_usp'),
(133, 'Can add venue', 36, 'add_venue'),
(134, 'Can change venue', 36, 'change_venue'),
(135, 'Can delete venue', 36, 'delete_venue'),
(136, 'Can view venue', 36, 'view_venue'),
(137, 'Can add youtube_ testimonial', 8, 'add_youtube_testimonial'),
(138, 'Can change youtube_ testimonial', 8, 'change_youtube_testimonial'),
(139, 'Can delete youtube_ testimonial', 8, 'delete_youtube_testimonial'),
(140, 'Can view youtube_ testimonial', 8, 'view_youtube_testimonial'),
(141, 'Can add post', 9, 'add_post'),
(142, 'Can change post', 9, 'change_post'),
(143, 'Can delete post', 9, 'delete_post'),
(144, 'Can view post', 9, 'view_post'),
(145, 'Can add mygallery', 37, 'add_mygallery'),
(146, 'Can change mygallery', 37, 'change_mygallery'),
(147, 'Can delete mygallery', 37, 'delete_mygallery'),
(148, 'Can view mygallery', 37, 'view_mygallery'),
(149, 'Can add myfuncgallery', 38, 'add_myfuncgallery'),
(150, 'Can change myfuncgallery', 38, 'change_myfuncgallery'),
(151, 'Can delete myfuncgallery', 38, 'delete_myfuncgallery'),
(152, 'Can view myfuncgallery', 38, 'view_myfuncgallery'),
(153, 'Can add menu by function model', 39, 'add_menubyfunctionmodel'),
(154, 'Can change menu by function model', 39, 'change_menubyfunctionmodel'),
(155, 'Can delete menu by function model', 39, 'delete_menubyfunctionmodel'),
(156, 'Can view menu by function model', 39, 'view_menubyfunctionmodel'),
(157, 'Can add gallery', 40, 'add_gallery'),
(158, 'Can change gallery', 40, 'change_gallery'),
(159, 'Can delete gallery', 40, 'delete_gallery'),
(160, 'Can view gallery', 40, 'view_gallery'),
(161, 'Can add faqmodel', 41, 'add_faqmodel'),
(162, 'Can change faqmodel', 41, 'change_faqmodel'),
(163, 'Can delete faqmodel', 41, 'delete_faqmodel'),
(164, 'Can view faqmodel', 41, 'view_faqmodel'),
(165, 'Can add elementsgallery', 42, 'add_elementsgallery'),
(166, 'Can change elementsgallery', 42, 'change_elementsgallery'),
(167, 'Can delete elementsgallery', 42, 'delete_elementsgallery'),
(168, 'Can view elementsgallery', 42, 'view_elementsgallery'),
(169, 'Can add culturegallery', 43, 'add_culturegallery'),
(170, 'Can change culturegallery', 43, 'change_culturegallery'),
(171, 'Can delete culturegallery', 43, 'delete_culturegallery'),
(172, 'Can view culturegallery', 43, 'view_culturegallery'),
(173, 'Can add cuisinegallery', 44, 'add_cuisinegallery'),
(174, 'Can change cuisinegallery', 44, 'change_cuisinegallery'),
(175, 'Can delete cuisinegallery', 44, 'delete_cuisinegallery'),
(176, 'Can view cuisinegallery', 44, 'view_cuisinegallery'),
(177, 'Can add blog comment', 45, 'add_blogcomment'),
(178, 'Can change blog comment', 45, 'change_blogcomment'),
(179, 'Can delete blog comment', 45, 'delete_blogcomment'),
(180, 'Can view blog comment', 45, 'view_blogcomment'),
(181, 'Can add video testimonial', 46, 'add_videotestimonial'),
(182, 'Can change video testimonial', 46, 'change_videotestimonial'),
(183, 'Can delete video testimonial', 46, 'delete_videotestimonial'),
(184, 'Can view video testimonial', 46, 'view_videotestimonial');

-- --------------------------------------------------------

--
-- Table structure for table `auth_user`
--

CREATE TABLE `auth_user` (
  `id` int(11) NOT NULL,
  `password` varchar(128) NOT NULL,
  `last_login` datetime(6) DEFAULT NULL,
  `is_superuser` tinyint(1) NOT NULL,
  `username` varchar(150) NOT NULL,
  `first_name` varchar(150) NOT NULL,
  `last_name` varchar(150) NOT NULL,
  `email` varchar(254) NOT NULL,
  `is_staff` tinyint(1) NOT NULL,
  `is_active` tinyint(1) NOT NULL,
  `date_joined` datetime(6) NOT NULL
) ENGINE=InnoDB DEFAULT CHARSET=utf8mb4 COLLATE=utf8mb4_general_ci;

--
-- Dumping data for table `auth_user`
--

INSERT INTO `auth_user` (`id`, `password`, `last_login`, `is_superuser`, `username`, `first_name`, `last_name`, `email`, `is_staff`, `is_active`, `date_joined`) VALUES
(1, 'pbkdf2_sha256$260000$mwfuWR7cMr9geDR2GwJZfB$DaZhrQ/xssNtBWji4yydTyQEbPq4JlP7wuB5HfJQp7o=', '2026-02-20 18:31:18.000000', 0, 'newgym', '', '', '', 1, 1, '2025-04-14 12:26:24.000000'),
(2, 'pbkdf2_sha256$260000$un5LnjwzH75XolCXoRxJL4$X11Ijuz4oYo0y48+AP0KgIOpOB+Yn1y8uf1htvuELcQ=', '2026-03-11 14:55:16.061479', 1, '2025admingetyourmenu', '', '', '', 1, 1, '2025-05-04 04:43:31.141016');

-- --------------------------------------------------------

--
-- Table structure for table `auth_user_groups`
--

CREATE TABLE `auth_user_groups` (
  `id` bigint(20) NOT NULL,
  `user_id` int(11) NOT NULL,
  `group_id` int(11) NOT NULL
) ENGINE=InnoDB DEFAULT CHARSET=utf8mb4 COLLATE=utf8mb4_general_ci;

-- --------------------------------------------------------

--
-- Table structure for table `auth_user_user_permissions`
--

CREATE TABLE `auth_user_user_permissions` (
  `id` bigint(20) NOT NULL,
  `user_id` int(11) NOT NULL,
  `permission_id` int(11) NOT NULL
) ENGINE=InnoDB DEFAULT CHARSET=utf8mb4 COLLATE=utf8mb4_general_ci;

--
-- Dumping data for table `auth_user_user_permissions`
--

INSERT INTO `auth_user_user_permissions` (`id`, `user_id`, `permission_id`) VALUES
(1, 1, 17),
(2, 1, 18),
(3, 1, 19),
(4, 1, 20),
(5, 1, 21),
(6, 1, 22),
(7, 1, 23),
(8, 1, 24),
(9, 1, 29),
(10, 1, 30),
(11, 1, 31),
(12, 1, 32),
(13, 1, 33),
(14, 1, 34),
(15, 1, 35),
(16, 1, 36),
(17, 1, 37),
(18, 1, 38),
(19, 1, 39),
(20, 1, 40),
(21, 1, 41),
(22, 1, 42),
(23, 1, 43),
(24, 1, 44),
(25, 1, 45),
(26, 1, 46),
(27, 1, 47),
(28, 1, 48),
(29, 1, 49),
(30, 1, 50),
(31, 1, 51),
(32, 1, 52),
(33, 1, 53),
(34, 1, 54),
(35, 1, 55),
(36, 1, 56),
(37, 1, 57),
(38, 1, 58),
(39, 1, 59),
(40, 1, 60),
(41, 1, 61),
(42, 1, 62),
(43, 1, 63),
(44, 1, 64),
(45, 1, 65),
(46, 1, 66),
(47, 1, 67),
(48, 1, 68),
(49, 1, 69),
(50, 1, 70),
(51, 1, 71),
(52, 1, 72),
(53, 1, 73),
(54, 1, 74),
(55, 1, 75),
(56, 1, 76),
(57, 1, 77),
(58, 1, 78),
(59, 1, 79),
(60, 1, 80),
(61, 1, 81),
(62, 1, 82),
(63, 1, 83),
(64, 1, 84),
(65, 1, 85),
(66, 1, 86),
(67, 1, 87),
(68, 1, 88),
(69, 1, 89),
(70, 1, 90),
(71, 1, 91),
(72, 1, 92),
(73, 1, 93),
(74, 1, 94),
(75, 1, 95),
(76, 1, 96),
(77, 1, 97),
(78, 1, 98),
(79, 1, 99),
(80, 1, 100),
(81, 1, 101),
(82, 1, 102),
(83, 1, 103),
(84, 1, 104),
(85, 1, 105),
(86, 1, 106),
(87, 1, 107),
(88, 1, 108),
(89, 1, 109),
(90, 1, 110),
(91, 1, 111),
(92, 1, 112),
(93, 1, 113),
(94, 1, 114),
(95, 1, 115),
(96, 1, 116),
(97, 1, 117),
(98, 1, 118),
(99, 1, 119),
(100, 1, 120),
(101, 1, 121),
(102, 1, 122),
(103, 1, 123),
(104, 1, 124),
(105, 1, 125),
(106, 1, 126),
(107, 1, 127),
(108, 1, 128),
(109, 1, 129),
(110, 1, 130),
(111, 1, 131),
(112, 1, 132),
(113, 1, 133),
(114, 1, 134),
(115, 1, 135),
(116, 1, 136),
(117, 1, 137),
(118, 1, 138),
(119, 1, 139),
(120, 1, 140),
(121, 1, 141),
(122, 1, 142),
(123, 1, 143),
(124, 1, 144),
(125, 1, 145),
(126, 1, 146),
(127, 1, 147),
(128, 1, 148),
(129, 1, 149),
(130, 1, 150),
(131, 1, 151),
(132, 1, 152),
(133, 1, 153),
(134, 1, 154),
(135, 1, 155),
(136, 1, 156),
(137, 1, 157),
(138, 1, 158),
(139, 1, 159),
(140, 1, 160),
(141, 1, 161),
(142, 1, 162),
(143, 1, 163),
(144, 1, 164),
(145, 1, 165),
(146, 1, 166),
(147, 1, 167),
(148, 1, 168),
(149, 1, 169),
(150, 1, 170),
(151, 1, 171),
(152, 1, 172),
(153, 1, 173),
(154, 1, 174),
(155, 1, 175),
(156, 1, 176),
(157, 1, 177),
(158, 1, 178),
(159, 1, 179),
(160, 1, 180),
(161, 1, 181),
(162, 1, 182),
(163, 1, 183),
(164, 1, 184);

-- --------------------------------------------------------

--
-- Table structure for table `django_admin_log`
--

CREATE TABLE `django_admin_log` (
  `id` int(11) NOT NULL,
  `action_time` datetime(6) NOT NULL,
  `object_id` longtext DEFAULT NULL,
  `object_repr` varchar(200) NOT NULL,
  `action_flag` smallint(5) UNSIGNED NOT NULL CHECK (`action_flag` >= 0),
  `change_message` longtext NOT NULL,
  `content_type_id` int(11) DEFAULT NULL,
  `user_id` int(11) NOT NULL
) ENGINE=InnoDB DEFAULT CHARSET=utf8mb4 COLLATE=utf8mb4_general_ci;

--
-- Dumping data for table `django_admin_log`
--

INSERT INTO `django_admin_log` (`id`, `action_time`, `object_id`, `object_repr`, `action_flag`, `change_message`, `content_type_id`, `user_id`) VALUES
(1, '2025-04-14 12:32:22.829303', '12', 'Youtube_Testimonial object (12)', 1, '[{\"added\": {}}]', 8, 1),
(2, '2025-04-15 16:36:15.933712', '297', 'ew', 1, '[{\"added\": {}}]', 9, 1),
(3, '2025-04-18 07:21:57.641755', '1', 'Aboutus object (1)', 2, '[]', 10, 1),
(4, '2025-04-18 07:41:06.159658', '528', 'tsgtg', 1, '[{\"added\": {}}]', 11, 1),
(5, '2025-04-20 10:07:48.471325', '112', 'Raju Jindalerg', 1, '[{\"added\": {}}]', 12, 1),
(6, '2025-04-20 10:08:05.841077', '112', 'Raju Jindalerg', 3, '', 12, 1),
(7, '2025-05-04 07:50:32.643353', '2', 'Celebrate Flavor', 2, '[]', 31, 2),
(8, '2025-05-04 07:51:37.418706', '4', 'new tst', 1, '[{\"added\": {}}]', 31, 2),
(9, '2025-05-04 09:16:42.001617', '297', 'ew', 3, '', 9, 2),
(10, '2025-05-08 09:38:34.801643', '2', 'AMBRIA PUSHPANJALI', 2, '[{\"changed\": {\"fields\": [\"Venue image\"]}}]', 36, 2),
(11, '2025-05-08 10:23:33.304997', '11', 'fgvh', 1, '[{\"added\": {}}]', 36, 2),
(12, '2025-05-08 10:24:19.299232', '11', 'fgvh', 3, '', 36, 2),
(13, '2025-05-08 11:03:59.746439', '1', 'MANAKTALA FARMS', 2, '[{\"changed\": {\"fields\": [\"Venue image\"]}}]', 36, 2),
(14, '2025-05-08 11:06:14.731677', '3', 'AMAANTA FARMS', 2, '[{\"changed\": {\"fields\": [\"Venue image\"]}}]', 36, 2),
(15, '2025-05-08 11:09:36.884791', '5', 'AMBRIA EXOTICA', 2, '[{\"changed\": {\"fields\": [\"Venue image\"]}}]', 36, 2),
(16, '2025-05-08 15:21:35.934911', '298', 'Summer’s Knocking, Thandai’s Rocking – Refreshing Drinks for March Weddings', 1, '[{\"added\": {}}]', 9, 2),
(17, '2025-05-08 15:24:10.076522', '298', 'Summer’s Knocking, Thandai’s Rocking – Refreshing Drinks for March Weddings', 2, '[{\"changed\": {\"fields\": [\"Slug\"]}}]', 9, 2),
(18, '2025-05-08 15:42:30.441960', '299', 'Phoolon Ki Holi? More Like \'Bhojon Ki Holi!\' – Colorful Dishes for a March Wedding', 1, '[{\"added\": {}}]', 9, 2),
(19, '2025-05-08 15:43:25.963552', '299', 'Phoolon Ki Holi? More Like \'Bhojon Ki Holi!\' – Colorful Dishes for a March Wedding', 2, '[{\"changed\": {\"fields\": [\"Publish\"]}}]', 9, 2),
(20, '2025-05-08 15:49:14.841950', '300', 'Eid Mubarak: How to Serve a ‘Shahi’ Dawat at Your Wedding!', 1, '[{\"added\": {}}]', 9, 2),
(21, '2025-05-08 15:56:45.077674', '301', 'Baisakhi Bites: How to Add Some ‘Balle Balle’ to Your Wedding Menu!', 1, '[{\"added\": {}}]', 9, 2),
(22, '2025-05-08 15:57:12.914654', '301', 'Baisakhi Bites: How to Add Some ‘Balle Balle’ to Your Wedding Menu!', 2, '[{\"changed\": {\"fields\": [\"Content\"]}}]', 9, 2),
(23, '2025-05-08 15:57:24.600633', '300', 'Eid Mubarak: How to Serve a ‘Shahi’ Dawat at Your Wedding!', 2, '[]', 9, 2),
(24, '2025-05-08 16:01:50.329299', '302', 'Chaitra Navratri Feasts: Fasting or Feasting? Let’s Be Honest!', 1, '[{\"added\": {}}]', 9, 2),
(25, '2025-05-08 16:02:10.922281', '302', 'Chaitra Navratri Feasts: Fasting or Feasting? Let’s Be Honest!', 2, '[{\"changed\": {\"fields\": [\"Publish\"]}}]', 9, 2),
(26, '2025-05-08 16:08:06.209169', '303', 'Wedding Desserts That ‘Garma Garam Jalebi’ Lovers Will Approve Of!', 1, '[{\"added\": {}}]', 9, 2),
(27, '2025-05-08 16:13:20.538809', '304', 'Jackfruit vs. Mutton: The Great Kathal Debate for April Weddings!', 1, '[{\"added\": {}}]', 9, 2),
(28, '2025-05-08 16:17:37.319814', '305', 'Shaadi ka Breakfast: What to Serve to the Baraat at 7 AM?', 1, '[{\"added\": {}}]', 9, 2),
(29, '2025-05-08 16:21:38.300808', '306', 'Summer Shaadis & Coolers: Why Your Guests Deserve More Than Just ‘Nimbu Paani’', 1, '[{\"added\": {}}]', 9, 2),
(30, '2025-05-08 16:30:12.149661', '307', 'Shaadi Buffet 101: How to Keep Your Guests from Saying ‘Bas, Ho Gaya!’', 1, '[{\"added\": {}}]', 9, 2),
(31, '2025-05-08 16:33:38.412313', '308', 'Sizzling Live Counters Which Will Get Your Wedding Guests Say \'Wah Wah!', 1, '[{\"added\": {}}]', 9, 2),
(32, '2025-05-08 16:38:34.046470', '309', 'April Weddings & Mango Madness: Aam-ravishing Wedding Menu Ideas!', 1, '[{\"added\": {}}]', 9, 2),
(33, '2025-05-08 16:53:33.915843', '310', 'Padharo Sa! Rajwadi Rajasthani Dishes That Belong on Your Wedding Menu', 1, '[{\"added\": {}}]', 9, 2),
(34, '2025-05-08 17:01:47.090494', '311', 'May Weddings & Mango Mania – The Best Ways to Use Aam in Your Menu', 1, '[{\"added\": {}}]', 9, 2),
(35, '2025-05-09 07:11:29.273598', '4', 'THE UMRAO', 2, '[{\"changed\": {\"fields\": [\"Venue image\"]}}]', 36, 2),
(36, '2025-05-09 07:14:00.937895', '6', 'LATA GREENS', 2, '[{\"changed\": {\"fields\": [\"Venue image\"]}}]', 36, 2),
(37, '2025-05-09 07:15:28.550822', '7', 'RAGA BY FNP', 2, '[{\"changed\": {\"fields\": [\"Venue image\"]}}]', 36, 2),
(38, '2025-05-09 07:16:46.220354', '10', 'JAIN FARMS SOHNA ROAD', 2, '[{\"changed\": {\"fields\": [\"Venue image\"]}}]', 36, 2),
(39, '2025-05-09 07:23:00.723395', '1', 'Corporate object (1)', 2, '[{\"changed\": {\"fields\": [\"Corporate image\"]}}]', 20, 2),
(40, '2025-05-09 07:23:14.415786', '2', 'Corporate object (2)', 2, '[{\"changed\": {\"fields\": [\"Corporate image\"]}}]', 20, 2),
(41, '2025-05-09 07:24:35.530388', '4', 'Corporate object (4)', 2, '[{\"changed\": {\"fields\": [\"Corporate image\"]}}]', 20, 2),
(42, '2025-05-09 07:24:45.925819', '3', 'Corporate object (3)', 2, '[{\"changed\": {\"fields\": [\"Corporate image\"]}}]', 20, 2),
(43, '2025-05-09 07:26:06.509236', '5', 'Corporate object (5)', 2, '[{\"changed\": {\"fields\": [\"Corporate image\"]}}]', 20, 2),
(44, '2025-05-09 07:26:44.504106', '7', 'Corporate object (7)', 2, '[{\"changed\": {\"fields\": [\"Corporate image\"]}}]', 20, 2),
(45, '2025-05-09 07:42:29.064417', '8', 'Corporate object (8)', 2, '[{\"changed\": {\"fields\": [\"Corporate image\"]}}]', 20, 2),
(46, '2025-05-09 07:43:24.940190', '8', 'Corporate object (8)', 2, '[{\"changed\": {\"fields\": [\"Corporate image\"]}}]', 20, 2),
(47, '2025-05-09 07:44:07.071060', '10', 'Corporate object (10)', 2, '[{\"changed\": {\"fields\": [\"Corporate image\"]}}]', 20, 2),
(48, '2025-05-09 07:44:45.414387', '11', 'Corporate object (11)', 2, '[{\"changed\": {\"fields\": [\"Corporate image\"]}}]', 20, 2),
(49, '2025-05-09 07:45:28.587643', '12', 'Corporate object (12)', 2, '[{\"changed\": {\"fields\": [\"Corporate image\"]}}]', 20, 2),
(50, '2025-05-09 07:45:45.438261', '12', 'Corporate object (12)', 2, '[{\"changed\": {\"fields\": [\"Corporate image\"]}}]', 20, 2),
(51, '2025-05-09 08:33:09.216366', '19', 'Goverment_Organization object (19)', 1, '[{\"added\": {}}]', 28, 2),
(52, '2025-05-09 08:33:34.135916', '20', 'Goverment_Organization object (20)', 1, '[{\"added\": {}}]', 28, 2),
(53, '2025-05-09 08:53:40.634562', '293', 'Holi-Themed Wedding Menu Ideas: Fun, Vibrant, and Mess-Free!', 2, '[{\"changed\": {\"fields\": [\"Title\", \"Photo\", \"Content\"]}}]', 9, 2),
(54, '2025-05-09 08:55:19.368411', '290', 'Biryani Battles: Which Style Wins at Indian Weddings?', 2, '[{\"changed\": {\"fields\": [\"Photo\"]}}]', 9, 2),
(55, '2025-05-09 09:57:43.333935', '289', 'Kya Haldi, Kya Mehendi – Fun Wedding Snacks to Keep Guests Energized During Ceremonies', 2, '[{\"changed\": {\"fields\": [\"Photo\"]}}]', 9, 2),
(56, '2025-05-09 10:00:12.005164', '288', 'Bite-Sized Bliss: The Rise of Mini Appetizers and Gourmet Finger Foods', 2, '[{\"changed\": {\"fields\": [\"Photo\"]}}]', 9, 2),
(57, '2025-05-09 11:55:36.535986', '5', 'Goverment_Organization object (5)', 3, '', 28, 2),
(58, '2025-05-09 11:56:45.497147', '16', 'Goverment_Organization object (16)', 3, '', 28, 2),
(59, '2025-05-09 11:56:55.891855', '17', 'Goverment_Organization object (17)', 3, '', 28, 2),
(60, '2025-05-09 11:57:53.541717', '18', 'Goverment_Organization object (18)', 3, '', 28, 2),
(61, '2025-05-12 06:11:53.215972', '4', 'new tst', 3, '', 31, 2),
(62, '2025-05-12 06:14:24.200009', '2', 'Celebrate Flavor', 2, '[{\"changed\": {\"fields\": [\"Banner image\"]}}]', 31, 2),
(63, '2025-05-12 06:29:30.657981', '8', 'Elementsgallery object (8)', 2, '[{\"changed\": {\"fields\": [\"Gallery image\"]}}]', 42, 2),
(64, '2025-05-12 06:33:35.757976', '48', 'Juice', 2, '[{\"changed\": {\"fields\": [\"Image\"]}}]', 13, 2),
(65, '2025-05-12 06:34:37.934572', '48', 'Juice', 2, '[{\"changed\": {\"name\": \"elementsgallery\", \"object\": \"Elementsgallery object (9)\", \"fields\": [\"Gallery image\"]}}]', 13, 2),
(66, '2025-05-12 06:38:16.348420', '49', 'Mocktail', 2, '[{\"changed\": {\"fields\": [\"Image\"]}}]', 13, 2),
(67, '2025-05-12 06:42:06.223482', '49', 'Mocktail', 2, '[{\"changed\": {\"name\": \"elementsgallery\", \"object\": \"Elementsgallery object (15)\", \"fields\": [\"Gallery image\"]}}]', 13, 2),
(68, '2025-05-12 06:42:19.372959', '49', 'Mocktail', 2, '[{\"changed\": {\"name\": \"elementsgallery\", \"object\": \"Elementsgallery object (16)\", \"fields\": [\"Gallery image\"]}}]', 13, 2),
(69, '2025-05-12 06:42:34.824024', '49', 'Mocktail', 2, '[{\"changed\": {\"name\": \"elementsgallery\", \"object\": \"Elementsgallery object (17)\", \"fields\": [\"Gallery image\"]}}]', 13, 2),
(70, '2025-05-12 06:43:39.815774', '49', 'Mocktail', 2, '[{\"changed\": {\"name\": \"elementsgallery\", \"object\": \"Elementsgallery object (18)\", \"fields\": [\"Gallery image\"]}}]', 13, 2),
(71, '2025-05-12 06:43:55.235981', '49', 'Mocktail', 2, '[{\"changed\": {\"name\": \"elementsgallery\", \"object\": \"Elementsgallery object (30)\", \"fields\": [\"Gallery image\"]}}]', 13, 2),
(72, '2025-05-12 06:44:08.470642', '49', 'Mocktail', 2, '[{\"changed\": {\"name\": \"elementsgallery\", \"object\": \"Elementsgallery object (31)\", \"fields\": [\"Gallery image\"]}}]', 13, 2),
(73, '2025-05-12 06:44:22.491515', '49', 'Mocktail', 2, '[{\"changed\": {\"name\": \"elementsgallery\", \"object\": \"Elementsgallery object (32)\", \"fields\": [\"Gallery image\"]}}]', 13, 2),
(74, '2025-05-12 06:45:09.396703', '50', 'Shakes', 2, '[{\"changed\": {\"fields\": [\"Image\"]}}]', 13, 2),
(75, '2025-05-12 06:45:24.953991', '50', 'Shakes', 2, '[{\"changed\": {\"name\": \"elementsgallery\", \"object\": \"Elementsgallery object (33)\", \"fields\": [\"Gallery image\"]}}]', 13, 2),
(76, '2025-05-12 06:45:35.908018', '50', 'Shakes', 2, '[{\"changed\": {\"name\": \"elementsgallery\", \"object\": \"Elementsgallery object (34)\", \"fields\": [\"Gallery image\"]}}]', 13, 2),
(77, '2025-05-12 06:49:32.408800', '50', 'Shakes', 2, '[{\"changed\": {\"name\": \"elementsgallery\", \"object\": \"Elementsgallery object (35)\", \"fields\": [\"Gallery image\"]}}]', 13, 2),
(78, '2025-05-12 06:52:49.826155', '51', 'Punches', 2, '[{\"changed\": {\"fields\": [\"Image\"]}}]', 13, 2),
(79, '2025-05-12 06:53:15.220543', '51', 'Punches', 2, '[{\"changed\": {\"name\": \"elementsgallery\", \"object\": \"Elementsgallery object (36)\", \"fields\": [\"Gallery image\"]}}]', 13, 2),
(80, '2025-05-12 06:53:29.637552', '51', 'Punches', 2, '[{\"changed\": {\"name\": \"elementsgallery\", \"object\": \"Elementsgallery object (37)\", \"fields\": [\"Gallery image\"]}}]', 13, 2),
(81, '2025-05-12 06:53:31.801792', '51', 'Punches', 2, '[{\"changed\": {\"name\": \"elementsgallery\", \"object\": \"Elementsgallery object (37)\", \"fields\": [\"Gallery image\"]}}]', 13, 2),
(82, '2025-05-12 06:53:44.120059', '51', 'Punches', 2, '[{\"changed\": {\"name\": \"elementsgallery\", \"object\": \"Elementsgallery object (38)\", \"fields\": [\"Gallery image\"]}}]', 13, 2),
(83, '2025-05-12 06:54:07.823341', '51', 'Punches', 2, '[{\"changed\": {\"name\": \"elementsgallery\", \"object\": \"Elementsgallery object (39)\", \"fields\": [\"Gallery image\"]}}]', 13, 2),
(84, '2025-05-12 06:56:55.204545', '2', 'CTA object (2)', 2, '[{\"changed\": {\"fields\": [\"Images\", \"Alt text\"]}}]', 21, 2),
(85, '2025-05-12 06:57:35.513934', '52', 'Refreshments', 2, '[{\"changed\": {\"fields\": [\"Image\"]}}]', 13, 2),
(86, '2025-05-12 06:57:53.694401', '52', 'Refreshments', 2, '[{\"changed\": {\"name\": \"elementsgallery\", \"object\": \"Elementsgallery object (40)\", \"fields\": [\"Gallery image\"]}}]', 13, 2),
(87, '2025-05-12 06:58:22.397864', '52', 'Refreshments', 2, '[{\"changed\": {\"name\": \"elementsgallery\", \"object\": \"Elementsgallery object (41)\", \"fields\": [\"Gallery image\"]}}]', 13, 2),
(88, '2025-05-12 06:58:36.681091', '52', 'Refreshments', 2, '[{\"changed\": {\"name\": \"elementsgallery\", \"object\": \"Elementsgallery object (42)\", \"fields\": [\"Gallery image\"]}}]', 13, 2),
(89, '2025-05-12 06:58:47.875575', '52', 'Refreshments', 2, '[{\"changed\": {\"name\": \"elementsgallery\", \"object\": \"Elementsgallery object (43)\", \"fields\": [\"Gallery image\"]}}]', 13, 2),
(90, '2025-05-12 07:03:14.018535', '53', 'Tea', 2, '[{\"changed\": {\"fields\": [\"Image\"]}}]', 13, 2),
(91, '2025-05-12 07:06:39.418663', '53', 'Tea', 2, '[{\"changed\": {\"fields\": [\"Image\"]}}]', 13, 2),
(92, '2025-05-12 07:06:52.517382', '53', 'Tea', 2, '[{\"changed\": {\"name\": \"elementsgallery\", \"object\": \"Elementsgallery object (44)\", \"fields\": [\"Gallery image\"]}}]', 13, 2),
(93, '2025-05-12 07:07:07.644781', '53', 'Tea', 2, '[{\"changed\": {\"name\": \"elementsgallery\", \"object\": \"Elementsgallery object (45)\", \"fields\": [\"Gallery image\"]}}]', 13, 2),
(94, '2025-05-12 07:07:22.050556', '53', 'Tea', 2, '[{\"changed\": {\"name\": \"elementsgallery\", \"object\": \"Elementsgallery object (145)\", \"fields\": [\"Gallery image\"]}}]', 13, 2),
(95, '2025-05-12 07:07:36.884120', '53', 'Tea', 2, '[{\"changed\": {\"name\": \"elementsgallery\", \"object\": \"Elementsgallery object (146)\", \"fields\": [\"Gallery image\"]}}]', 13, 2),
(96, '2025-05-12 07:08:03.775163', '53', 'Tea', 2, '[{\"changed\": {\"name\": \"elementsgallery\", \"object\": \"Elementsgallery object (147)\", \"fields\": [\"Gallery image\"]}}]', 13, 2),
(97, '2025-05-12 07:08:19.543244', '53', 'Tea', 2, '[{\"changed\": {\"name\": \"elementsgallery\", \"object\": \"Elementsgallery object (148)\", \"fields\": [\"Gallery image\"]}}]', 13, 2),
(98, '2025-05-12 07:08:34.824445', '53', 'Tea', 2, '[{\"changed\": {\"name\": \"elementsgallery\", \"object\": \"Elementsgallery object (149)\", \"fields\": [\"Gallery image\"]}}]', 13, 2),
(99, '2025-05-12 07:08:48.284002', '53', 'Tea', 2, '[{\"changed\": {\"name\": \"elementsgallery\", \"object\": \"Elementsgallery object (150)\", \"fields\": [\"Gallery image\"]}}]', 13, 2),
(100, '2025-05-12 07:15:15.302974', '101', 'Coffee', 2, '[{\"changed\": {\"fields\": [\"Image\"]}}]', 13, 2),
(101, '2025-05-12 07:15:29.567469', '101', 'Coffee', 2, '[{\"changed\": {\"name\": \"elementsgallery\", \"object\": \"Elementsgallery object (151)\", \"fields\": [\"Gallery image\"]}}]', 13, 2),
(102, '2025-05-12 07:15:42.756375', '101', 'Coffee', 2, '[{\"changed\": {\"name\": \"elementsgallery\", \"object\": \"Elementsgallery object (152)\", \"fields\": [\"Gallery image\"]}}]', 13, 2),
(103, '2025-05-12 07:15:55.457846', '101', 'Coffee', 2, '[{\"changed\": {\"name\": \"elementsgallery\", \"object\": \"Elementsgallery object (153)\", \"fields\": [\"Gallery image\"]}}]', 13, 2),
(104, '2025-05-12 07:16:10.024935', '101', 'Coffee', 2, '[{\"changed\": {\"name\": \"elementsgallery\", \"object\": \"Elementsgallery object (154)\", \"fields\": [\"Gallery image\"]}}]', 13, 2),
(105, '2025-05-12 07:28:46.322018', '119', 'Soft Drink', 2, '[{\"changed\": {\"fields\": [\"Image\"]}}]', 13, 2),
(106, '2025-05-12 07:29:06.486269', '119', 'Soft Drink', 2, '[{\"changed\": {\"name\": \"elementsgallery\", \"object\": \"Elementsgallery object (293)\", \"fields\": [\"Gallery image\"]}}]', 13, 2),
(107, '2025-05-12 07:29:45.917366', '119', 'Soft Drink', 2, '[{\"changed\": {\"name\": \"elementsgallery\", \"object\": \"Elementsgallery object (294)\", \"fields\": [\"Gallery image\"]}}]', 13, 2),
(108, '2025-05-12 07:29:57.482016', '119', 'Soft Drink', 2, '[{\"changed\": {\"name\": \"elementsgallery\", \"object\": \"Elementsgallery object (295)\", \"fields\": [\"Gallery image\"]}}]', 13, 2),
(109, '2025-05-12 07:30:10.245252', '119', 'Soft Drink', 2, '[{\"changed\": {\"name\": \"elementsgallery\", \"object\": \"Elementsgallery object (296)\", \"fields\": [\"Gallery image\"]}}]', 13, 2),
(110, '2025-05-12 07:30:21.952329', '119', 'Soft Drink', 2, '[{\"changed\": {\"name\": \"elementsgallery\", \"object\": \"Elementsgallery object (297)\", \"fields\": [\"Gallery image\"]}}]', 13, 2),
(111, '2025-05-12 07:30:34.134365', '119', 'Soft Drink', 2, '[{\"changed\": {\"name\": \"elementsgallery\", \"object\": \"Elementsgallery object (298)\", \"fields\": [\"Gallery image\"]}}]', 13, 2),
(112, '2025-05-12 10:08:56.689919', '54', 'Indian', 2, '[{\"changed\": {\"fields\": [\"Image\"]}}]', 13, 2),
(113, '2025-05-12 10:09:11.393550', '54', 'Indian', 2, '[{\"changed\": {\"name\": \"elementsgallery\", \"object\": \"Elementsgallery object (57)\", \"fields\": [\"Gallery image\"]}}]', 13, 2),
(114, '2025-05-12 10:09:24.346928', '54', 'Indian', 2, '[{\"changed\": {\"name\": \"elementsgallery\", \"object\": \"Elementsgallery object (58)\", \"fields\": [\"Gallery image\"]}}]', 13, 2),
(115, '2025-05-12 10:09:36.882702', '54', 'Indian', 2, '[{\"changed\": {\"name\": \"elementsgallery\", \"object\": \"Elementsgallery object (59)\", \"fields\": [\"Gallery image\"]}}]', 13, 2),
(116, '2025-05-12 10:10:01.000349', '55', 'Imported', 2, '[{\"changed\": {\"fields\": [\"Image\"]}}]', 13, 2),
(117, '2025-05-12 10:10:27.893508', '55', 'Imported', 2, '[{\"changed\": {\"name\": \"elementsgallery\", \"object\": \"Elementsgallery object (60)\", \"fields\": [\"Gallery image\"]}}]', 13, 2),
(118, '2025-05-12 10:10:40.713894', '55', 'Imported', 2, '[{\"changed\": {\"name\": \"elementsgallery\", \"object\": \"Elementsgallery object (61)\", \"fields\": [\"Gallery image\"]}}]', 13, 2),
(119, '2025-05-12 10:10:53.301584', '55', 'Imported', 2, '[{\"changed\": {\"name\": \"elementsgallery\", \"object\": \"Elementsgallery object (62)\", \"fields\": [\"Gallery image\"]}}]', 13, 2),
(120, '2025-05-12 10:26:14.639941', '56', 'Regional', 2, '[{\"changed\": {\"fields\": [\"Image\"]}}]', 13, 2),
(121, '2025-05-12 10:26:32.118942', '56', 'Regional', 2, '[{\"changed\": {\"name\": \"elementsgallery\", \"object\": \"Elementsgallery object (46)\", \"fields\": [\"Gallery image\"]}}]', 13, 2),
(122, '2025-05-12 10:26:47.596518', '56', 'Regional', 2, '[{\"changed\": {\"name\": \"elementsgallery\", \"object\": \"Elementsgallery object (47)\", \"fields\": [\"Gallery image\"]}}]', 13, 2),
(123, '2025-05-12 10:27:09.869850', '56', 'Regional', 2, '[{\"changed\": {\"name\": \"elementsgallery\", \"object\": \"Elementsgallery object (48)\", \"fields\": [\"Gallery image\"]}}]', 13, 2),
(124, '2025-05-12 10:27:25.679602', '56', 'Regional', 2, '[{\"changed\": {\"name\": \"elementsgallery\", \"object\": \"Elementsgallery object (49)\", \"fields\": [\"Gallery image\"]}}]', 13, 2),
(125, '2025-05-12 10:27:47.774512', '56', 'Regional', 2, '[{\"changed\": {\"name\": \"elementsgallery\", \"object\": \"Elementsgallery object (50)\", \"fields\": [\"Gallery image\"]}}]', 13, 2),
(126, '2025-05-12 10:28:06.890880', '56', 'Regional', 2, '[{\"changed\": {\"name\": \"elementsgallery\", \"object\": \"Elementsgallery object (51)\", \"fields\": [\"Gallery image\"]}}]', 13, 2),
(127, '2025-05-12 10:28:33.269118', '56', 'Regional', 2, '[{\"changed\": {\"name\": \"elementsgallery\", \"object\": \"Elementsgallery object (52)\", \"fields\": [\"Gallery image\"]}}]', 13, 2),
(128, '2025-05-12 10:29:23.879530', '56', 'Regional', 2, '[{\"changed\": {\"name\": \"elementsgallery\", \"object\": \"Elementsgallery object (53)\", \"fields\": [\"Gallery image\"]}}]', 13, 2),
(129, '2025-05-12 10:29:40.469251', '56', 'Regional', 2, '[{\"changed\": {\"name\": \"elementsgallery\", \"object\": \"Elementsgallery object (54)\", \"fields\": [\"Gallery image\"]}}]', 13, 2),
(130, '2025-05-12 10:29:58.855051', '56', 'Regional', 2, '[{\"changed\": {\"name\": \"elementsgallery\", \"object\": \"Elementsgallery object (55)\", \"fields\": [\"Gallery image\"]}}]', 13, 2),
(131, '2025-05-12 10:30:24.148351', '56', 'Regional', 2, '[{\"changed\": {\"name\": \"elementsgallery\", \"object\": \"Elementsgallery object (56)\", \"fields\": [\"Gallery image\"]}}]', 13, 2),
(132, '2025-05-12 16:06:22.740621', '312', 'Paneer Ki Kasam! Vegetarian Menus That Even Meat Lovers Will Praise', 1, '[{\"added\": {}}]', 9, 2),
(133, '2025-05-12 16:09:45.173175', '313', 'Let Them Eat Cake (But First, Jalebi Cheesecake!)', 1, '[{\"added\": {}}]', 9, 2),
(134, '2025-05-13 07:00:55.080487', '58', 'Lebanese', 2, '[{\"changed\": {\"fields\": [\"Image\"]}}]', 13, 2),
(135, '2025-05-13 07:01:51.507277', '58', 'Lebanese', 2, '[{\"changed\": {\"name\": \"elementsgallery\", \"object\": \"Elementsgallery object (63)\", \"fields\": [\"Gallery image\"]}}]', 13, 2),
(136, '2025-05-13 07:02:06.565197', '58', 'Lebanese', 2, '[{\"changed\": {\"name\": \"elementsgallery\", \"object\": \"Elementsgallery object (64)\", \"fields\": [\"Gallery image\"]}}]', 13, 2),
(137, '2025-05-13 07:02:20.743093', '58', 'Lebanese', 2, '[{\"changed\": {\"name\": \"elementsgallery\", \"object\": \"Elementsgallery object (65)\", \"fields\": [\"Gallery image\"]}}]', 13, 2),
(138, '2025-05-13 07:02:36.855333', '58', 'Lebanese', 2, '[{\"changed\": {\"name\": \"elementsgallery\", \"object\": \"Elementsgallery object (66)\", \"fields\": [\"Gallery image\"]}}]', 13, 2),
(139, '2025-05-13 07:02:53.516529', '58', 'Lebanese', 2, '[{\"changed\": {\"name\": \"elementsgallery\", \"object\": \"Elementsgallery object (67)\", \"fields\": [\"Gallery image\"]}}]', 13, 2),
(140, '2025-05-13 07:03:09.160826', '58', 'Lebanese', 2, '[{\"changed\": {\"name\": \"elementsgallery\", \"object\": \"Elementsgallery object (68)\", \"fields\": [\"Gallery image\"]}}]', 13, 2),
(141, '2025-05-13 07:03:23.745258', '58', 'Lebanese', 2, '[{\"changed\": {\"name\": \"elementsgallery\", \"object\": \"Elementsgallery object (69)\", \"fields\": [\"Gallery image\"]}}]', 13, 2),
(142, '2025-05-13 07:03:38.242032', '58', 'Lebanese', 2, '[{\"changed\": {\"name\": \"elementsgallery\", \"object\": \"Elementsgallery object (70)\", \"fields\": [\"Gallery image\"]}}]', 13, 2),
(143, '2025-05-13 07:03:56.083657', '58', 'Lebanese', 2, '[{\"changed\": {\"name\": \"elementsgallery\", \"object\": \"Elementsgallery object (71)\", \"fields\": [\"Gallery image\"]}}]', 13, 2),
(144, '2025-05-13 07:04:10.865186', '58', 'Lebanese', 2, '[{\"changed\": {\"name\": \"elementsgallery\", \"object\": \"Elementsgallery object (72)\", \"fields\": [\"Gallery image\"]}}]', 13, 2),
(145, '2025-05-13 07:04:44.228333', '58', 'Lebanese', 2, '[{\"changed\": {\"name\": \"elementsgallery\", \"object\": \"Elementsgallery object (243)\", \"fields\": [\"Gallery image\"]}}]', 13, 2),
(146, '2025-05-13 07:04:57.852590', '58', 'Lebanese', 2, '[{\"changed\": {\"name\": \"elementsgallery\", \"object\": \"Elementsgallery object (244)\", \"fields\": [\"Gallery image\"]}}]', 13, 2),
(147, '2025-05-13 07:06:50.349498', '59', 'Pizzas', 2, '[{\"changed\": {\"fields\": [\"Image\"]}}]', 13, 2),
(148, '2025-05-13 07:07:07.759244', '59', 'Pizzas', 2, '[{\"changed\": {\"name\": \"elementsgallery\", \"object\": \"Elementsgallery object (73)\", \"fields\": [\"Gallery image\"]}}]', 13, 2),
(149, '2025-05-13 07:09:32.297623', '59', 'Pizzas', 2, '[{\"changed\": {\"name\": \"elementsgallery\", \"object\": \"Elementsgallery object (74)\", \"fields\": [\"Gallery image\"]}}]', 13, 2),
(150, '2025-05-13 07:10:10.747140', '59', 'Pizzas', 2, '[{\"changed\": {\"name\": \"elementsgallery\", \"object\": \"Elementsgallery object (75)\", \"fields\": [\"Gallery image\"]}}]', 13, 2),
(151, '2025-05-13 07:10:24.809373', '59', 'Pizzas', 2, '[{\"changed\": {\"name\": \"elementsgallery\", \"object\": \"Elementsgallery object (76)\", \"fields\": [\"Gallery image\"]}}]', 13, 2),
(152, '2025-05-13 07:10:39.234172', '59', 'Pizzas', 2, '[{\"changed\": {\"name\": \"elementsgallery\", \"object\": \"Elementsgallery object (92)\", \"fields\": [\"Gallery image\"]}}]', 13, 2),
(153, '2025-05-13 07:10:59.881074', '59', 'Pizzas', 2, '[{\"changed\": {\"name\": \"elementsgallery\", \"object\": \"Elementsgallery object (93)\", \"fields\": [\"Gallery image\"]}}]', 13, 2),
(154, '2025-05-13 07:11:20.033851', '59', 'Pizzas', 2, '[{\"changed\": {\"name\": \"elementsgallery\", \"object\": \"Elementsgallery object (245)\", \"fields\": [\"Gallery image\"]}}]', 13, 2),
(155, '2025-05-13 07:11:42.051610', '59', 'Pizzas', 2, '[{\"changed\": {\"name\": \"elementsgallery\", \"object\": \"Elementsgallery object (246)\", \"fields\": [\"Gallery image\"]}}]', 13, 2),
(156, '2025-05-13 07:11:56.303957', '59', 'Pizzas', 2, '[{\"changed\": {\"name\": \"elementsgallery\", \"object\": \"Elementsgallery object (247)\", \"fields\": [\"Gallery image\"]}}]', 13, 2),
(157, '2025-05-13 07:12:19.923862', '59', 'Pizzas', 2, '[{\"changed\": {\"name\": \"elementsgallery\", \"object\": \"Elementsgallery object (248)\", \"fields\": [\"Gallery image\"]}}]', 13, 2),
(158, '2025-05-13 07:20:05.770593', '60', 'Dimsum', 2, '[{\"changed\": {\"fields\": [\"Image\"]}}]', 13, 2),
(159, '2025-05-13 07:26:16.530525', '60', 'Dimsum', 2, '[{\"changed\": {\"name\": \"elementsgallery\", \"object\": \"Elementsgallery object (77)\", \"fields\": [\"Gallery image\"]}}]', 13, 2),
(160, '2025-05-13 07:34:02.058572', '60', 'Dimsum', 2, '[{\"changed\": {\"name\": \"elementsgallery\", \"object\": \"Elementsgallery object (78)\", \"fields\": [\"Gallery image\"]}}]', 13, 2),
(161, '2025-05-13 07:35:23.599657', '60', 'Dimsum', 2, '[{\"changed\": {\"name\": \"elementsgallery\", \"object\": \"Elementsgallery object (79)\", \"fields\": [\"Gallery image\"]}}]', 13, 2),
(162, '2025-05-13 07:35:38.466028', '60', 'Dimsum', 2, '[{\"changed\": {\"name\": \"elementsgallery\", \"object\": \"Elementsgallery object (80)\", \"fields\": [\"Gallery image\"]}}]', 13, 2),
(163, '2025-05-13 07:35:52.990395', '60', 'Dimsum', 2, '[{\"changed\": {\"name\": \"elementsgallery\", \"object\": \"Elementsgallery object (249)\", \"fields\": [\"Gallery image\"]}}]', 13, 2),
(164, '2025-05-13 07:36:05.778563', '60', 'Dimsum', 2, '[{\"changed\": {\"name\": \"elementsgallery\", \"object\": \"Elementsgallery object (250)\", \"fields\": [\"Gallery image\"]}}]', 13, 2),
(165, '2025-05-13 07:36:18.023790', '60', 'Dimsum', 2, '[{\"changed\": {\"name\": \"elementsgallery\", \"object\": \"Elementsgallery object (251)\", \"fields\": [\"Gallery image\"]}}]', 13, 2),
(166, '2025-05-13 08:42:09.717557', '61', 'Galouti', 2, '[{\"changed\": {\"fields\": [\"Image\"]}}]', 13, 2),
(167, '2025-05-13 08:43:06.879679', '61', 'Galouti', 2, '[{\"changed\": {\"name\": \"elementsgallery\", \"object\": \"Elementsgallery object (81)\", \"fields\": [\"Gallery image\"]}}]', 13, 2),
(168, '2025-05-13 08:43:20.439143', '61', 'Galouti', 2, '[{\"changed\": {\"name\": \"elementsgallery\", \"object\": \"Elementsgallery object (82)\", \"fields\": [\"Gallery image\"]}}]', 13, 2),
(169, '2025-05-13 08:43:33.957419', '61', 'Galouti', 2, '[{\"changed\": {\"name\": \"elementsgallery\", \"object\": \"Elementsgallery object (83)\", \"fields\": [\"Gallery image\"]}}]', 13, 2),
(170, '2025-05-13 08:43:49.621144', '61', 'Galouti', 2, '[{\"changed\": {\"name\": \"elementsgallery\", \"object\": \"Elementsgallery object (252)\", \"fields\": [\"Gallery image\"]}}]', 13, 2),
(171, '2025-05-13 08:44:04.157709', '61', 'Galouti', 2, '[{\"changed\": {\"name\": \"elementsgallery\", \"object\": \"Elementsgallery object (253)\", \"fields\": [\"Gallery image\"]}}]', 13, 2),
(172, '2025-05-13 08:45:48.104208', '62', 'Tak-a-Tak', 2, '[{\"changed\": {\"fields\": [\"Image\"]}}]', 13, 2),
(173, '2025-05-13 08:46:01.443056', '62', 'Tak-a-Tak', 2, '[{\"changed\": {\"name\": \"elementsgallery\", \"object\": \"Elementsgallery object (84)\", \"fields\": [\"Gallery image\"]}}]', 13, 2),
(174, '2025-05-13 08:46:16.107272', '62', 'Tak-a-Tak', 2, '[{\"changed\": {\"name\": \"elementsgallery\", \"object\": \"Elementsgallery object (85)\", \"fields\": [\"Gallery image\"]}}]', 13, 2),
(175, '2025-05-13 08:46:31.798102', '62', 'Tak-a-Tak', 2, '[{\"changed\": {\"name\": \"elementsgallery\", \"object\": \"Elementsgallery object (254)\", \"fields\": [\"Gallery image\"]}}]', 13, 2),
(176, '2025-05-13 08:46:51.544836', '62', 'Tak-a-Tak', 2, '[{\"changed\": {\"name\": \"elementsgallery\", \"object\": \"Elementsgallery object (255)\", \"fields\": [\"Gallery image\"]}}]', 13, 2),
(177, '2025-05-13 09:07:18.463299', '63', 'Kabab', 2, '[{\"changed\": {\"fields\": [\"Image\"]}}]', 13, 2),
(178, '2025-05-13 09:07:32.251497', '63', 'Kabab', 2, '[{\"changed\": {\"name\": \"elementsgallery\", \"object\": \"Elementsgallery object (86)\", \"fields\": [\"Gallery image\"]}}]', 13, 2),
(179, '2025-05-13 09:07:47.038694', '63', 'Kabab', 2, '[{\"changed\": {\"name\": \"elementsgallery\", \"object\": \"Elementsgallery object (87)\", \"fields\": [\"Gallery image\"]}}]', 13, 2),
(180, '2025-05-13 09:08:03.261057', '63', 'Kabab', 2, '[{\"changed\": {\"name\": \"elementsgallery\", \"object\": \"Elementsgallery object (256)\", \"fields\": [\"Gallery image\"]}}]', 13, 2),
(181, '2025-05-13 09:08:18.942440', '63', 'Kabab', 2, '[{\"changed\": {\"name\": \"elementsgallery\", \"object\": \"Elementsgallery object (257)\", \"fields\": [\"Gallery image\"]}}]', 13, 2),
(182, '2025-05-13 09:08:35.199097', '63', 'Kabab', 2, '[{\"changed\": {\"name\": \"elementsgallery\", \"object\": \"Elementsgallery object (258)\", \"fields\": [\"Gallery image\"]}}]', 13, 2),
(183, '2025-05-13 09:13:08.778796', '64', 'Sushi', 2, '[{\"changed\": {\"fields\": [\"Image\"]}}]', 13, 2),
(184, '2025-05-13 09:13:21.597287', '64', 'Sushi', 2, '[{\"changed\": {\"name\": \"elementsgallery\", \"object\": \"Elementsgallery object (88)\", \"fields\": [\"Gallery image\"]}}]', 13, 2),
(185, '2025-05-13 09:13:36.528405', '64', 'Sushi', 2, '[{\"changed\": {\"name\": \"elementsgallery\", \"object\": \"Elementsgallery object (89)\", \"fields\": [\"Gallery image\"]}}]', 13, 2),
(186, '2025-05-13 09:13:50.818571', '64', 'Sushi', 2, '[{\"changed\": {\"name\": \"elementsgallery\", \"object\": \"Elementsgallery object (90)\", \"fields\": [\"Gallery image\"]}}]', 13, 2),
(187, '2025-05-13 09:14:06.055341', '64', 'Sushi', 2, '[{\"changed\": {\"name\": \"elementsgallery\", \"object\": \"Elementsgallery object (91)\", \"fields\": [\"Gallery image\"]}}]', 13, 2),
(188, '2025-05-13 09:14:22.463920', '64', 'Sushi', 2, '[{\"changed\": {\"name\": \"elementsgallery\", \"object\": \"Elementsgallery object (259)\", \"fields\": [\"Gallery image\"]}}]', 13, 2),
(189, '2025-05-13 09:14:37.439193', '64', 'Sushi', 2, '[{\"changed\": {\"name\": \"elementsgallery\", \"object\": \"Elementsgallery object (260)\", \"fields\": [\"Gallery image\"]}}]', 13, 2),
(190, '2025-05-13 09:25:16.706831', '93', 'Indian', 2, '[{\"changed\": {\"fields\": [\"Image\"]}}]', 13, 2),
(191, '2025-05-13 09:25:34.687304', '93', 'Indian', 2, '[{\"changed\": {\"name\": \"elementsgallery\", \"object\": \"Elementsgallery object (94)\", \"fields\": [\"Gallery image\"]}}]', 13, 2),
(192, '2025-05-13 09:25:52.486262', '93', 'Indian', 2, '[{\"changed\": {\"name\": \"elementsgallery\", \"object\": \"Elementsgallery object (95)\", \"fields\": [\"Gallery image\"]}}]', 13, 2),
(193, '2025-05-13 09:26:14.916852', '93', 'Indian', 2, '[{\"changed\": {\"name\": \"elementsgallery\", \"object\": \"Elementsgallery object (96)\", \"fields\": [\"Gallery image\"]}}]', 13, 2),
(194, '2025-05-13 09:26:31.644302', '93', 'Indian', 2, '[{\"changed\": {\"name\": \"elementsgallery\", \"object\": \"Elementsgallery object (97)\", \"fields\": [\"Gallery image\"]}}]', 13, 2),
(195, '2025-05-13 09:26:56.227298', '93', 'Indian', 2, '[{\"changed\": {\"name\": \"elementsgallery\", \"object\": \"Elementsgallery object (98)\", \"fields\": [\"Gallery image\"]}}]', 13, 2),
(196, '2025-05-13 09:27:17.656658', '93', 'Indian', 2, '[{\"changed\": {\"name\": \"elementsgallery\", \"object\": \"Elementsgallery object (99)\", \"fields\": [\"Gallery image\"]}}]', 13, 2),
(197, '2025-05-13 09:27:36.109948', '93', 'Indian', 2, '[{\"changed\": {\"name\": \"elementsgallery\", \"object\": \"Elementsgallery object (100)\", \"fields\": [\"Gallery image\"]}}]', 13, 2),
(198, '2025-05-13 09:27:55.951051', '93', 'Indian', 2, '[{\"changed\": {\"name\": \"elementsgallery\", \"object\": \"Elementsgallery object (101)\", \"fields\": [\"Gallery image\"]}}]', 13, 2),
(199, '2025-05-13 09:28:15.882047', '93', 'Indian', 2, '[{\"changed\": {\"name\": \"elementsgallery\", \"object\": \"Elementsgallery object (102)\", \"fields\": [\"Gallery image\"]}}]', 13, 2),
(200, '2025-05-13 09:28:35.064239', '93', 'Indian', 2, '[{\"changed\": {\"name\": \"elementsgallery\", \"object\": \"Elementsgallery object (261)\", \"fields\": [\"Gallery image\"]}}]', 13, 2),
(201, '2025-05-13 09:29:08.931149', '93', 'Indian', 2, '[{\"changed\": {\"name\": \"elementsgallery\", \"object\": \"Elementsgallery object (262)\", \"fields\": [\"Gallery image\"]}}]', 13, 2),
(202, '2025-05-13 09:29:25.828510', '93', 'Indian', 2, '[{\"changed\": {\"name\": \"elementsgallery\", \"object\": \"Elementsgallery object (263)\", \"fields\": [\"Gallery image\"]}}]', 13, 2),
(203, '2025-05-13 09:29:43.936247', '93', 'Indian', 2, '[{\"changed\": {\"name\": \"elementsgallery\", \"object\": \"Elementsgallery object (264)\", \"fields\": [\"Gallery image\"]}}]', 13, 2),
(204, '2025-05-13 09:30:02.996249', '93', 'Indian', 2, '[{\"changed\": {\"name\": \"elementsgallery\", \"object\": \"Elementsgallery object (265)\", \"fields\": [\"Gallery image\"]}}]', 13, 2),
(205, '2025-05-13 09:31:47.445683', '94', 'Pan Asian', 2, '[{\"changed\": {\"fields\": [\"Image\"]}}]', 13, 2),
(206, '2025-05-13 09:32:01.908663', '94', 'Pan Asian', 2, '[{\"changed\": {\"name\": \"elementsgallery\", \"object\": \"Elementsgallery object (103)\", \"fields\": [\"Gallery image\"]}}]', 13, 2),
(207, '2025-05-13 09:32:21.973462', '94', 'Pan Asian', 2, '[{\"changed\": {\"name\": \"elementsgallery\", \"object\": \"Elementsgallery object (104)\", \"fields\": [\"Gallery image\"]}}]', 13, 2),
(208, '2025-05-13 09:32:53.699582', '94', 'Pan Asian', 2, '[{\"changed\": {\"name\": \"elementsgallery\", \"object\": \"Elementsgallery object (105)\", \"fields\": [\"Gallery image\"]}}]', 13, 2),
(209, '2025-05-13 09:33:08.680801', '94', 'Pan Asian', 2, '[{\"changed\": {\"name\": \"elementsgallery\", \"object\": \"Elementsgallery object (106)\", \"fields\": [\"Gallery image\"]}}]', 13, 2),
(210, '2025-05-13 09:33:31.523949', '94', 'Pan Asian', 2, '[{\"changed\": {\"name\": \"elementsgallery\", \"object\": \"Elementsgallery object (107)\", \"fields\": [\"Gallery image\"]}}]', 13, 2),
(211, '2025-05-13 09:33:47.809309', '94', 'Pan Asian', 2, '[{\"changed\": {\"name\": \"elementsgallery\", \"object\": \"Elementsgallery object (108)\", \"fields\": [\"Gallery image\"]}}]', 13, 2),
(212, '2025-05-13 09:34:05.829327', '94', 'Pan Asian', 2, '[{\"changed\": {\"name\": \"elementsgallery\", \"object\": \"Elementsgallery object (266)\", \"fields\": [\"Gallery image\"]}}]', 13, 2),
(213, '2025-05-13 09:34:20.820069', '94', 'Pan Asian', 2, '[{\"changed\": {\"name\": \"elementsgallery\", \"object\": \"Elementsgallery object (267)\", \"fields\": [\"Gallery image\"]}}]', 13, 2),
(214, '2025-05-13 09:34:36.249159', '94', 'Pan Asian', 2, '[{\"changed\": {\"name\": \"elementsgallery\", \"object\": \"Elementsgallery object (268)\", \"fields\": [\"Gallery image\"]}}]', 13, 2),
(215, '2025-05-13 09:45:44.296042', '95', 'Continental', 2, '[{\"changed\": {\"fields\": [\"Image\"]}}]', 13, 2),
(216, '2025-05-13 09:45:56.883310', '95', 'Continental', 2, '[{\"changed\": {\"name\": \"elementsgallery\", \"object\": \"Elementsgallery object (109)\", \"fields\": [\"Gallery image\"]}}]', 13, 2),
(217, '2025-05-13 09:46:16.701871', '95', 'Continental', 2, '[{\"changed\": {\"name\": \"elementsgallery\", \"object\": \"Elementsgallery object (110)\", \"fields\": [\"Gallery image\"]}}]', 13, 2),
(218, '2025-05-13 09:46:32.357280', '95', 'Continental', 2, '[{\"changed\": {\"name\": \"elementsgallery\", \"object\": \"Elementsgallery object (111)\", \"fields\": [\"Gallery image\"]}}]', 13, 2),
(219, '2025-05-13 09:46:48.114414', '95', 'Continental', 2, '[{\"changed\": {\"name\": \"elementsgallery\", \"object\": \"Elementsgallery object (269)\", \"fields\": [\"Gallery image\"]}}]', 13, 2),
(220, '2025-05-13 09:50:06.142313', '72', 'Hot Soup', 2, '[{\"changed\": {\"fields\": [\"Image\"]}}]', 13, 2),
(221, '2025-05-13 09:50:27.528576', '72', 'Hot Soup', 2, '[{\"changed\": {\"name\": \"elementsgallery\", \"object\": \"Elementsgallery object (112)\", \"fields\": [\"Gallery image\"]}}]', 13, 2),
(222, '2025-05-13 09:50:44.666531', '72', 'Hot Soup', 2, '[{\"changed\": {\"name\": \"elementsgallery\", \"object\": \"Elementsgallery object (113)\", \"fields\": [\"Gallery image\"]}}]', 13, 2),
(223, '2025-05-13 09:51:15.234430', '72', 'Hot Soup', 2, '[{\"changed\": {\"name\": \"elementsgallery\", \"object\": \"Elementsgallery object (114)\", \"fields\": [\"Gallery image\"]}}]', 13, 2),
(224, '2025-05-13 09:51:31.356865', '72', 'Hot Soup', 2, '[{\"changed\": {\"name\": \"elementsgallery\", \"object\": \"Elementsgallery object (115)\", \"fields\": [\"Gallery image\"]}}]', 13, 2),
(225, '2025-05-13 09:51:43.966939', '72', 'Hot Soup', 2, '[{\"changed\": {\"name\": \"elementsgallery\", \"object\": \"Elementsgallery object (116)\", \"fields\": [\"Gallery image\"]}}]', 13, 2),
(226, '2025-05-13 09:51:58.725277', '72', 'Hot Soup', 2, '[{\"changed\": {\"name\": \"elementsgallery\", \"object\": \"Elementsgallery object (117)\", \"fields\": [\"Gallery image\"]}}]', 13, 2),
(227, '2025-05-13 09:52:12.109172', '72', 'Hot Soup', 2, '[{\"changed\": {\"name\": \"elementsgallery\", \"object\": \"Elementsgallery object (118)\", \"fields\": [\"Gallery image\"]}}]', 13, 2),
(228, '2025-05-13 09:52:28.414959', '72', 'Hot Soup', 2, '[{\"changed\": {\"name\": \"elementsgallery\", \"object\": \"Elementsgallery object (119)\", \"fields\": [\"Gallery image\"]}}]', 13, 2),
(229, '2025-05-13 09:52:43.361098', '72', 'Hot Soup', 2, '[{\"changed\": {\"name\": \"elementsgallery\", \"object\": \"Elementsgallery object (120)\", \"fields\": [\"Gallery image\"]}}]', 13, 2),
(230, '2025-05-13 09:53:14.746331', '117', 'Non Veg Soup', 2, '[{\"changed\": {\"fields\": [\"Image\"]}}]', 13, 2),
(231, '2025-05-13 09:53:28.791826', '117', 'Non Veg Soup', 2, '[{\"changed\": {\"name\": \"elementsgallery\", \"object\": \"Elementsgallery object (270)\", \"fields\": [\"Gallery image\"]}}]', 13, 2),
(232, '2025-05-13 09:53:40.896110', '117', 'Non Veg Soup', 2, '[{\"changed\": {\"name\": \"elementsgallery\", \"object\": \"Elementsgallery object (271)\", \"fields\": [\"Gallery image\"]}}]', 13, 2),
(233, '2025-05-13 09:53:52.626574', '117', 'Non Veg Soup', 2, '[{\"changed\": {\"name\": \"elementsgallery\", \"object\": \"Elementsgallery object (272)\", \"fields\": [\"Gallery image\"]}}]', 13, 2),
(234, '2025-05-13 10:51:59.040435', '65', 'Vegetarian', 2, '[{\"changed\": {\"fields\": [\"Image\"]}}]', 13, 2),
(235, '2025-05-13 10:52:16.367308', '65', 'Vegetarian', 2, '[{\"changed\": {\"name\": \"elementsgallery\", \"object\": \"Elementsgallery object (121)\", \"fields\": [\"Gallery image\"]}}]', 13, 2),
(236, '2025-05-13 10:52:31.277182', '65', 'Vegetarian', 2, '[{\"changed\": {\"name\": \"elementsgallery\", \"object\": \"Elementsgallery object (122)\", \"fields\": [\"Gallery image\"]}}]', 13, 2),
(237, '2025-05-13 10:52:50.773750', '65', 'Vegetarian', 2, '[{\"changed\": {\"name\": \"elementsgallery\", \"object\": \"Elementsgallery object (123)\", \"fields\": [\"Gallery image\"]}}]', 13, 2),
(238, '2025-05-13 10:53:03.189016', '65', 'Vegetarian', 2, '[{\"changed\": {\"name\": \"elementsgallery\", \"object\": \"Elementsgallery object (124)\", \"fields\": [\"Gallery image\"]}}]', 13, 2),
(239, '2025-05-13 10:53:19.197375', '65', 'Vegetarian', 2, '[{\"changed\": {\"name\": \"elementsgallery\", \"object\": \"Elementsgallery object (125)\", \"fields\": [\"Gallery image\"]}}]', 13, 2),
(240, '2025-05-13 10:53:41.877562', '65', 'Vegetarian', 2, '[{\"changed\": {\"name\": \"elementsgallery\", \"object\": \"Elementsgallery object (126)\", \"fields\": [\"Gallery image\"]}}]', 13, 2),
(241, '2025-05-13 10:53:57.378627', '65', 'Vegetarian', 2, '[{\"changed\": {\"name\": \"elementsgallery\", \"object\": \"Elementsgallery object (127)\", \"fields\": [\"Gallery image\"]}}]', 13, 2),
(242, '2025-05-13 10:54:12.648386', '65', 'Vegetarian', 2, '[{\"changed\": {\"name\": \"elementsgallery\", \"object\": \"Elementsgallery object (128)\", \"fields\": [\"Gallery image\"]}}]', 13, 2),
(243, '2025-05-13 10:54:28.101185', '65', 'Vegetarian', 2, '[{\"changed\": {\"name\": \"elementsgallery\", \"object\": \"Elementsgallery object (129)\", \"fields\": [\"Gallery image\"]}}]', 13, 2),
(244, '2025-05-13 10:54:42.768115', '65', 'Vegetarian', 2, '[{\"changed\": {\"name\": \"elementsgallery\", \"object\": \"Elementsgallery object (130)\", \"fields\": [\"Gallery image\"]}}]', 13, 2),
(245, '2025-05-13 10:55:04.431909', '65', 'Vegetarian', 2, '[{\"changed\": {\"name\": \"elementsgallery\", \"object\": \"Elementsgallery object (131)\", \"fields\": [\"Gallery image\"]}}]', 13, 2),
(246, '2025-05-13 10:55:20.736634', '65', 'Vegetarian', 2, '[{\"changed\": {\"name\": \"elementsgallery\", \"object\": \"Elementsgallery object (132)\", \"fields\": [\"Gallery image\"]}}]', 13, 2),
(247, '2025-05-13 10:57:15.404171', '66', 'Non Vegetarian', 2, '[{\"changed\": {\"fields\": [\"Image\"]}}]', 13, 2),
(248, '2025-05-13 10:57:27.174474', '66', 'Non Vegetarian', 2, '[{\"changed\": {\"name\": \"elementsgallery\", \"object\": \"Elementsgallery object (273)\", \"fields\": [\"Gallery image\"]}}]', 13, 2),
(249, '2025-05-13 10:57:40.014795', '66', 'Non Vegetarian', 2, '[{\"changed\": {\"name\": \"elementsgallery\", \"object\": \"Elementsgallery object (274)\", \"fields\": [\"Gallery image\"]}}]', 13, 2),
(250, '2025-05-13 11:00:11.105400', '68', 'Achar', 2, '[{\"changed\": {\"fields\": [\"Image\"]}}]', 13, 2),
(251, '2025-05-13 11:00:23.237772', '68', 'Achar', 2, '[{\"changed\": {\"name\": \"elementsgallery\", \"object\": \"Elementsgallery object (155)\", \"fields\": [\"Gallery image\"]}}]', 13, 2),
(252, '2025-05-13 11:00:37.404830', '68', 'Achar', 2, '[{\"changed\": {\"name\": \"elementsgallery\", \"object\": \"Elementsgallery object (156)\", \"fields\": [\"Gallery image\"]}}]', 13, 2),
(253, '2025-05-13 11:00:40.596908', '68', 'Achar', 2, '[{\"changed\": {\"name\": \"elementsgallery\", \"object\": \"Elementsgallery object (156)\", \"fields\": [\"Gallery image\"]}}]', 13, 2),
(254, '2025-05-13 11:01:01.317461', '68', 'Achar', 2, '[{\"changed\": {\"name\": \"elementsgallery\", \"object\": \"Elementsgallery object (157)\", \"fields\": [\"Gallery image\"]}}]', 13, 2),
(255, '2025-05-13 11:02:07.263567', '69', 'Papad', 2, '[{\"changed\": {\"fields\": [\"Image\"]}}]', 13, 2),
(256, '2025-05-13 11:02:17.673110', '69', 'Papad', 2, '[{\"changed\": {\"name\": \"elementsgallery\", \"object\": \"Elementsgallery object (158)\", \"fields\": [\"Gallery image\"]}}]', 13, 2),
(257, '2025-05-13 11:02:33.653103', '69', 'Papad', 2, '[{\"changed\": {\"name\": \"elementsgallery\", \"object\": \"Elementsgallery object (159)\", \"fields\": [\"Gallery image\"]}}]', 13, 2),
(258, '2025-05-13 11:02:46.736678', '69', 'Papad', 2, '[{\"changed\": {\"name\": \"elementsgallery\", \"object\": \"Elementsgallery object (160)\", \"fields\": [\"Gallery image\"]}}]', 13, 2),
(259, '2025-05-13 11:03:17.371353', '70', 'Chutney', 2, '[{\"changed\": {\"fields\": [\"Image\"]}}]', 13, 2),
(260, '2025-05-13 11:03:32.822361', '70', 'Chutney', 2, '[{\"changed\": {\"name\": \"elementsgallery\", \"object\": \"Elementsgallery object (161)\", \"fields\": [\"Gallery image\"]}}]', 13, 2),
(261, '2025-05-13 11:03:44.658021', '70', 'Chutney', 2, '[{\"changed\": {\"name\": \"elementsgallery\", \"object\": \"Elementsgallery object (162)\", \"fields\": [\"Gallery image\"]}}]', 13, 2),
(262, '2025-05-13 11:03:57.627817', '70', 'Chutney', 2, '[{\"changed\": {\"name\": \"elementsgallery\", \"object\": \"Elementsgallery object (163)\", \"fields\": [\"Gallery image\"]}}]', 13, 2),
(263, '2025-05-13 11:04:26.272906', '96', 'Yogurt Station', 2, '[{\"changed\": {\"fields\": [\"Image\"]}}]', 13, 2),
(264, '2025-05-13 11:04:48.218440', '96', 'Yogurt Station', 2, '[{\"changed\": {\"name\": \"elementsgallery\", \"object\": \"Elementsgallery object (164)\", \"fields\": [\"Gallery image\"]}}]', 13, 2),
(265, '2025-05-13 11:05:03.189655', '96', 'Yogurt Station', 2, '[{\"changed\": {\"name\": \"elementsgallery\", \"object\": \"Elementsgallery object (165)\", \"fields\": [\"Gallery image\"]}}]', 13, 2),
(266, '2025-05-13 11:05:16.337031', '96', 'Yogurt Station', 2, '[{\"changed\": {\"name\": \"elementsgallery\", \"object\": \"Elementsgallery object (166)\", \"fields\": [\"Gallery image\"]}}]', 13, 2),
(267, '2025-05-13 11:07:46.674915', '97', 'Dressings', 2, '[{\"changed\": {\"fields\": [\"Image\"]}}]', 13, 2),
(268, '2025-05-13 11:08:00.469874', '97', 'Dressings', 2, '[{\"changed\": {\"name\": \"elementsgallery\", \"object\": \"Elementsgallery object (167)\", \"fields\": [\"Gallery image\"]}}]', 13, 2),
(269, '2025-05-13 11:08:11.781670', '97', 'Dressings', 2, '[{\"changed\": {\"name\": \"elementsgallery\", \"object\": \"Elementsgallery object (168)\", \"fields\": [\"Gallery image\"]}}]', 13, 2),
(270, '2025-05-13 11:08:29.342856', '97', 'Dressings', 2, '[{\"changed\": {\"name\": \"elementsgallery\", \"object\": \"Elementsgallery object (169)\", \"fields\": [\"Gallery image\"]}}]', 13, 2),
(271, '2025-05-13 11:08:46.616302', '97', 'Dressings', 2, '[{\"changed\": {\"name\": \"elementsgallery\", \"object\": \"Elementsgallery object (170)\", \"fields\": [\"Gallery image\"]}}]', 13, 2),
(272, '2025-05-15 06:54:52.389684', '102', 'Awadhi', 2, '[{\"changed\": {\"fields\": [\"Image\"]}}]', 13, 2),
(273, '2025-05-15 06:55:09.859791', '102', 'Awadhi', 2, '[{\"changed\": {\"name\": \"elementsgallery\", \"object\": \"Elementsgallery object (171)\", \"fields\": [\"Gallery image\"]}}]', 13, 2),
(274, '2025-05-15 06:55:27.380600', '102', 'Awadhi', 2, '[{\"changed\": {\"name\": \"elementsgallery\", \"object\": \"Elementsgallery object (172)\", \"fields\": [\"Gallery image\"]}}]', 13, 2),
(275, '2025-05-15 06:55:41.123947', '102', 'Awadhi', 2, '[{\"changed\": {\"name\": \"elementsgallery\", \"object\": \"Elementsgallery object (173)\", \"fields\": [\"Gallery image\"]}}]', 13, 2),
(276, '2025-05-15 06:55:56.596005', '102', 'Awadhi', 2, '[{\"changed\": {\"name\": \"elementsgallery\", \"object\": \"Elementsgallery object (174)\", \"fields\": [\"Gallery image\"]}}]', 13, 2),
(277, '2025-05-15 06:56:10.320513', '102', 'Awadhi', 2, '[{\"changed\": {\"name\": \"elementsgallery\", \"object\": \"Elementsgallery object (175)\", \"fields\": [\"Gallery image\"]}}]', 13, 2),
(278, '2025-05-15 06:56:25.556439', '102', 'Awadhi', 2, '[{\"changed\": {\"name\": \"elementsgallery\", \"object\": \"Elementsgallery object (275)\", \"fields\": [\"Gallery image\"]}}]', 13, 2),
(279, '2025-05-15 07:01:48.653849', '103', 'Amritsari', 2, '[{\"changed\": {\"fields\": [\"Image\"]}}]', 13, 2),
(280, '2025-05-15 07:02:05.054099', '103', 'Amritsari', 2, '[{\"changed\": {\"name\": \"elementsgallery\", \"object\": \"Elementsgallery object (176)\", \"fields\": [\"Gallery image\"]}}]', 13, 2),
(281, '2025-05-15 07:02:18.492626', '103', 'Amritsari', 2, '[{\"changed\": {\"name\": \"elementsgallery\", \"object\": \"Elementsgallery object (177)\", \"fields\": [\"Gallery image\"]}}]', 13, 2),
(282, '2025-05-15 07:02:35.302131', '103', 'Amritsari', 2, '[{\"changed\": {\"name\": \"elementsgallery\", \"object\": \"Elementsgallery object (178)\", \"fields\": [\"Gallery image\"]}}]', 13, 2),
(283, '2025-05-15 07:02:49.833743', '103', 'Amritsari', 2, '[{\"changed\": {\"name\": \"elementsgallery\", \"object\": \"Elementsgallery object (276)\", \"fields\": [\"Gallery image\"]}}]', 13, 2),
(284, '2025-05-15 07:03:48.103275', '104', 'Hyderabadi', 2, '[{\"changed\": {\"fields\": [\"Image\"]}}]', 13, 2),
(285, '2025-05-15 07:04:01.796207', '104', 'Hyderabadi', 2, '[{\"changed\": {\"name\": \"elementsgallery\", \"object\": \"Elementsgallery object (179)\", \"fields\": [\"Gallery image\"]}}]', 13, 2),
(286, '2025-05-15 07:04:14.883355', '104', 'Hyderabadi', 2, '[{\"changed\": {\"name\": \"elementsgallery\", \"object\": \"Elementsgallery object (180)\", \"fields\": [\"Gallery image\"]}}]', 13, 2),
(287, '2025-05-15 07:04:29.279955', '104', 'Hyderabadi', 2, '[{\"changed\": {\"name\": \"elementsgallery\", \"object\": \"Elementsgallery object (277)\", \"fields\": [\"Gallery image\"]}}]', 13, 2),
(288, '2025-05-15 07:04:43.225504', '104', 'Hyderabadi', 2, '[{\"changed\": {\"name\": \"elementsgallery\", \"object\": \"Elementsgallery object (278)\", \"fields\": [\"Gallery image\"]}}]', 13, 2),
(289, '2025-05-15 07:05:24.924179', '105', 'Kashmiri', 2, '[{\"changed\": {\"fields\": [\"Image\"]}}]', 13, 2),
(290, '2025-05-15 07:05:39.452246', '105', 'Kashmiri', 2, '[{\"changed\": {\"name\": \"elementsgallery\", \"object\": \"Elementsgallery object (181)\", \"fields\": [\"Gallery image\"]}}]', 13, 2),
(291, '2025-05-15 07:05:54.414381', '105', 'Kashmiri', 2, '[{\"changed\": {\"name\": \"elementsgallery\", \"object\": \"Elementsgallery object (182)\", \"fields\": [\"Gallery image\"]}}]', 13, 2),
(292, '2025-05-15 07:06:08.166152', '105', 'Kashmiri', 2, '[{\"changed\": {\"name\": \"elementsgallery\", \"object\": \"Elementsgallery object (183)\", \"fields\": [\"Gallery image\"]}}]', 13, 2),
(293, '2025-05-15 07:06:22.011074', '105', 'Kashmiri', 2, '[{\"changed\": {\"name\": \"elementsgallery\", \"object\": \"Elementsgallery object (184)\", \"fields\": [\"Gallery image\"]}}]', 13, 2),
(294, '2025-05-15 07:06:42.695083', '105', 'Kashmiri', 2, '[{\"changed\": {\"name\": \"elementsgallery\", \"object\": \"Elementsgallery object (279)\", \"fields\": [\"Gallery image\"]}}]', 13, 2),
(295, '2025-05-15 07:07:23.220438', '105', 'Kashmiri', 2, '[{\"changed\": {\"name\": \"elementsgallery\", \"object\": \"Elementsgallery object (280)\", \"fields\": [\"Gallery image\"]}}]', 13, 2),
(296, '2025-05-15 07:10:40.798271', '106', 'Kachi Rasoi', 2, '[{\"changed\": {\"fields\": [\"Image\"]}}]', 13, 2),
(297, '2025-05-15 07:10:55.672804', '106', 'Kachi Rasoi', 2, '[{\"changed\": {\"name\": \"elementsgallery\", \"object\": \"Elementsgallery object (185)\", \"fields\": [\"Gallery image\"]}}]', 13, 2);
INSERT INTO `django_admin_log` (`id`, `action_time`, `object_id`, `object_repr`, `action_flag`, `change_message`, `content_type_id`, `user_id`) VALUES
(298, '2025-05-15 07:11:09.200602', '106', 'Kachi Rasoi', 2, '[{\"changed\": {\"name\": \"elementsgallery\", \"object\": \"Elementsgallery object (186)\", \"fields\": [\"Gallery image\"]}}]', 13, 2),
(299, '2025-05-15 07:11:28.102193', '106', 'Kachi Rasoi', 2, '[{\"changed\": {\"name\": \"elementsgallery\", \"object\": \"Elementsgallery object (187)\", \"fields\": [\"Gallery image\"]}}]', 13, 2),
(300, '2025-05-15 07:12:03.434001', '106', 'Kachi Rasoi', 2, '[{\"changed\": {\"name\": \"elementsgallery\", \"object\": \"Elementsgallery object (188)\", \"fields\": [\"Gallery image\"]}}]', 13, 2),
(301, '2025-05-15 07:12:18.973848', '106', 'Kachi Rasoi', 2, '[{\"changed\": {\"name\": \"elementsgallery\", \"object\": \"Elementsgallery object (189)\", \"fields\": [\"Gallery image\"]}}]', 13, 2),
(302, '2025-05-15 07:12:33.832851', '106', 'Kachi Rasoi', 2, '[{\"changed\": {\"name\": \"elementsgallery\", \"object\": \"Elementsgallery object (190)\", \"fields\": [\"Gallery image\"]}}]', 13, 2),
(303, '2025-05-15 07:13:11.210132', '106', 'Kachi Rasoi', 2, '[{\"changed\": {\"name\": \"elementsgallery\", \"object\": \"Elementsgallery object (281)\", \"fields\": [\"Gallery image\"]}}]', 13, 2),
(304, '2025-05-15 07:13:25.382583', '106', 'Kachi Rasoi', 2, '[{\"changed\": {\"name\": \"elementsgallery\", \"object\": \"Elementsgallery object (282)\", \"fields\": [\"Gallery image\"]}}]', 13, 2),
(305, '2025-05-15 07:33:20.184319', '118', 'Bihari', 2, '[{\"changed\": {\"fields\": [\"Image\"]}}]', 13, 2),
(306, '2025-05-15 07:33:34.536210', '118', 'Bihari', 2, '[{\"changed\": {\"name\": \"elementsgallery\", \"object\": \"Elementsgallery object (283)\", \"fields\": [\"Gallery image\"]}}]', 13, 2),
(307, '2025-05-15 07:33:49.256009', '118', 'Bihari', 2, '[{\"changed\": {\"name\": \"elementsgallery\", \"object\": \"Elementsgallery object (284)\", \"fields\": [\"Gallery image\"]}}]', 13, 2),
(308, '2025-05-15 07:34:04.276203', '118', 'Bihari', 2, '[{\"changed\": {\"name\": \"elementsgallery\", \"object\": \"Elementsgallery object (285)\", \"fields\": [\"Gallery image\"]}}]', 13, 2),
(309, '2025-05-15 07:34:23.319398', '118', 'Bihari', 2, '[{\"changed\": {\"name\": \"elementsgallery\", \"object\": \"Elementsgallery object (286)\", \"fields\": [\"Gallery image\"]}}]', 13, 2),
(310, '2025-05-15 07:34:42.820748', '118', 'Bihari', 2, '[{\"changed\": {\"name\": \"elementsgallery\", \"object\": \"Elementsgallery object (287)\", \"fields\": [\"Gallery image\"]}}]', 13, 2),
(311, '2025-05-15 07:34:56.812425', '118', 'Bihari', 2, '[{\"changed\": {\"name\": \"elementsgallery\", \"object\": \"Elementsgallery object (288)\", \"fields\": [\"Gallery image\"]}}]', 13, 2),
(312, '2025-05-15 07:37:54.445369', '110', 'Teppanyaki', 2, '[{\"changed\": {\"fields\": [\"Image\"]}}]', 13, 2),
(313, '2025-05-15 07:38:10.056595', '110', 'Teppanyaki', 2, '[{\"changed\": {\"name\": \"elementsgallery\", \"object\": \"Elementsgallery object (211)\", \"fields\": [\"Gallery image\"]}}]', 13, 2),
(314, '2025-05-15 07:38:29.674092', '110', 'Teppanyaki', 2, '[{\"changed\": {\"name\": \"elementsgallery\", \"object\": \"Elementsgallery object (211)\", \"fields\": [\"Gallery image\"]}}]', 13, 2),
(315, '2025-05-15 07:38:43.424707', '110', 'Teppanyaki', 2, '[{\"changed\": {\"name\": \"elementsgallery\", \"object\": \"Elementsgallery object (212)\", \"fields\": [\"Gallery image\"]}}]', 13, 2),
(316, '2025-05-15 07:39:13.858597', '110', 'Teppanyaki', 2, '[{\"changed\": {\"name\": \"elementsgallery\", \"object\": \"Elementsgallery object (213)\", \"fields\": [\"Gallery image\"]}}]', 13, 2),
(317, '2025-05-15 07:39:27.663718', '110', 'Teppanyaki', 2, '[{\"changed\": {\"name\": \"elementsgallery\", \"object\": \"Elementsgallery object (290)\", \"fields\": [\"Gallery image\"]}}]', 13, 2),
(318, '2025-05-15 08:12:00.122780', '111', 'Thai', 2, '[{\"changed\": {\"fields\": [\"Image\"]}}]', 13, 2),
(319, '2025-05-15 08:12:11.690545', '111', 'Thai', 2, '[{\"changed\": {\"name\": \"elementsgallery\", \"object\": \"Elementsgallery object (214)\", \"fields\": [\"Gallery image\"]}}]', 13, 2),
(320, '2025-05-15 08:12:23.729765', '111', 'Thai', 2, '[{\"changed\": {\"name\": \"elementsgallery\", \"object\": \"Elementsgallery object (289)\", \"fields\": [\"Gallery image\"]}}]', 13, 2),
(321, '2025-05-15 08:13:25.679009', '112', 'Chinese', 2, '[{\"changed\": {\"fields\": [\"Image\"]}}]', 13, 2),
(322, '2025-05-15 08:14:36.209810', '112', 'Chinese', 2, '[{\"changed\": {\"name\": \"elementsgallery\", \"object\": \"Elementsgallery object (215)\", \"fields\": [\"Gallery image\"]}}]', 13, 2),
(323, '2025-05-15 08:14:48.577598', '112', 'Chinese', 2, '[{\"changed\": {\"name\": \"elementsgallery\", \"object\": \"Elementsgallery object (216)\", \"fields\": [\"Gallery image\"]}}]', 13, 2),
(324, '2025-05-15 08:15:03.026689', '112', 'Chinese', 2, '[{\"changed\": {\"name\": \"elementsgallery\", \"object\": \"Elementsgallery object (217)\", \"fields\": [\"Gallery image\"]}}]', 13, 2),
(325, '2025-05-15 08:15:16.826756', '112', 'Chinese', 2, '[{\"changed\": {\"name\": \"elementsgallery\", \"object\": \"Elementsgallery object (218)\", \"fields\": [\"Gallery image\"]}}]', 13, 2),
(326, '2025-05-15 08:15:29.918250', '112', 'Chinese', 2, '[{\"changed\": {\"name\": \"elementsgallery\", \"object\": \"Elementsgallery object (219)\", \"fields\": [\"Gallery image\"]}}]', 13, 2),
(327, '2025-05-15 08:15:43.405134', '112', 'Chinese', 2, '[{\"changed\": {\"name\": \"elementsgallery\", \"object\": \"Elementsgallery object (291)\", \"fields\": [\"Gallery image\"]}}]', 13, 2),
(328, '2025-05-15 08:16:54.619312', '113', 'Italian', 2, '[{\"changed\": {\"fields\": [\"Image\"]}}]', 13, 2),
(329, '2025-05-15 08:17:08.527821', '113', 'Italian', 2, '[{\"changed\": {\"name\": \"elementsgallery\", \"object\": \"Elementsgallery object (220)\", \"fields\": [\"Gallery image\"]}}]', 13, 2),
(330, '2025-05-15 08:17:22.895578', '113', 'Italian', 2, '[{\"changed\": {\"name\": \"elementsgallery\", \"object\": \"Elementsgallery object (221)\", \"fields\": [\"Gallery image\"]}}]', 13, 2),
(331, '2025-05-15 08:17:42.686234', '113', 'Italian', 2, '[{\"changed\": {\"name\": \"elementsgallery\", \"object\": \"Elementsgallery object (222)\", \"fields\": [\"Gallery image\"]}}]', 13, 2),
(332, '2025-05-15 08:17:56.864316', '113', 'Italian', 2, '[{\"changed\": {\"name\": \"elementsgallery\", \"object\": \"Elementsgallery object (223)\", \"fields\": [\"Gallery image\"]}}]', 13, 2),
(333, '2025-05-15 08:18:13.210975', '113', 'Italian', 2, '[{\"changed\": {\"name\": \"elementsgallery\", \"object\": \"Elementsgallery object (224)\", \"fields\": [\"Gallery image\"]}}]', 13, 2),
(334, '2025-05-15 08:18:29.399911', '113', 'Italian', 2, '[{\"changed\": {\"name\": \"elementsgallery\", \"object\": \"Elementsgallery object (225)\", \"fields\": [\"Gallery image\"]}}]', 13, 2),
(335, '2025-05-15 08:18:54.526823', '113', 'Italian', 2, '[{\"changed\": {\"name\": \"elementsgallery\", \"object\": \"Elementsgallery object (226)\", \"fields\": [\"Gallery image\"]}}]', 13, 2),
(336, '2025-05-15 08:19:06.644310', '113', 'Italian', 2, '[{\"changed\": {\"name\": \"elementsgallery\", \"object\": \"Elementsgallery object (292)\", \"fields\": [\"Gallery image\"]}}]', 13, 2),
(337, '2025-05-15 08:21:08.980678', '107', 'Assorted Indian', 2, '[{\"changed\": {\"fields\": [\"Image\"]}}]', 13, 2),
(338, '2025-05-15 08:21:22.722487', '107', 'Assorted Indian', 2, '[{\"changed\": {\"name\": \"elementsgallery\", \"object\": \"Elementsgallery object (191)\", \"fields\": [\"Gallery image\"]}}]', 13, 2),
(339, '2025-05-15 08:21:35.016771', '107', 'Assorted Indian', 2, '[{\"changed\": {\"name\": \"elementsgallery\", \"object\": \"Elementsgallery object (192)\", \"fields\": [\"Gallery image\"]}}]', 13, 2),
(340, '2025-05-15 08:21:47.467295', '107', 'Assorted Indian', 2, '[{\"changed\": {\"name\": \"elementsgallery\", \"object\": \"Elementsgallery object (193)\", \"fields\": [\"Gallery image\"]}}]', 13, 2),
(341, '2025-05-15 08:22:01.601951', '107', 'Assorted Indian', 2, '[{\"changed\": {\"name\": \"elementsgallery\", \"object\": \"Elementsgallery object (194)\", \"fields\": [\"Gallery image\"]}}]', 13, 2),
(342, '2025-05-15 08:22:15.686620', '107', 'Assorted Indian', 2, '[{\"changed\": {\"name\": \"elementsgallery\", \"object\": \"Elementsgallery object (195)\", \"fields\": [\"Gallery image\"]}}]', 13, 2),
(343, '2025-05-15 08:22:30.409167', '107', 'Assorted Indian', 2, '[{\"changed\": {\"name\": \"elementsgallery\", \"object\": \"Elementsgallery object (196)\", \"fields\": [\"Gallery image\"]}}]', 13, 2),
(344, '2025-05-15 08:22:46.865057', '107', 'Assorted Indian', 2, '[{\"changed\": {\"name\": \"elementsgallery\", \"object\": \"Elementsgallery object (197)\", \"fields\": [\"Gallery image\"]}}]', 13, 2),
(345, '2025-05-15 08:23:00.446602', '107', 'Assorted Indian', 2, '[{\"changed\": {\"name\": \"elementsgallery\", \"object\": \"Elementsgallery object (198)\", \"fields\": [\"Gallery image\"]}}]', 13, 2),
(346, '2025-05-15 08:23:23.925220', '108', 'Meerut Tandoori', 2, '[{\"changed\": {\"fields\": [\"Image\"]}}]', 13, 2),
(347, '2025-05-15 08:23:38.416001', '108', 'Meerut Tandoori', 2, '[{\"changed\": {\"name\": \"elementsgallery\", \"object\": \"Elementsgallery object (199)\", \"fields\": [\"Gallery image\"]}}]', 13, 2),
(348, '2025-05-15 08:23:50.733061', '108', 'Meerut Tandoori', 2, '[{\"changed\": {\"name\": \"elementsgallery\", \"object\": \"Elementsgallery object (200)\", \"fields\": [\"Gallery image\"]}}]', 13, 2),
(349, '2025-05-15 08:24:03.761155', '108', 'Meerut Tandoori', 2, '[{\"changed\": {\"name\": \"elementsgallery\", \"object\": \"Elementsgallery object (201)\", \"fields\": [\"Gallery image\"]}}]', 13, 2),
(350, '2025-05-15 08:24:54.496340', '109', 'Ram Babu ke Parathe', 2, '[{\"changed\": {\"fields\": [\"Image\"]}}]', 13, 2),
(351, '2025-05-15 08:25:08.451156', '109', 'Ram Babu ke Parathe', 2, '[{\"changed\": {\"name\": \"elementsgallery\", \"object\": \"Elementsgallery object (202)\", \"fields\": [\"Gallery image\"]}}]', 13, 2),
(352, '2025-05-15 08:25:21.281057', '109', 'Ram Babu ke Parathe', 2, '[{\"changed\": {\"name\": \"elementsgallery\", \"object\": \"Elementsgallery object (203)\", \"fields\": [\"Gallery image\"]}}]', 13, 2),
(353, '2025-05-15 08:25:37.372846', '109', 'Ram Babu ke Parathe', 2, '[{\"changed\": {\"name\": \"elementsgallery\", \"object\": \"Elementsgallery object (204)\", \"fields\": [\"Gallery image\"]}}]', 13, 2),
(354, '2025-05-15 08:25:53.223636', '109', 'Ram Babu ke Parathe', 2, '[{\"changed\": {\"name\": \"elementsgallery\", \"object\": \"Elementsgallery object (205)\", \"fields\": [\"Gallery image\"]}}]', 13, 2),
(355, '2025-05-15 08:26:13.273365', '109', 'Ram Babu ke Parathe', 2, '[{\"changed\": {\"name\": \"elementsgallery\", \"object\": \"Elementsgallery object (206)\", \"fields\": [\"Gallery image\"]}}]', 13, 2),
(356, '2025-05-15 08:26:27.717648', '109', 'Ram Babu ke Parathe', 2, '[{\"changed\": {\"name\": \"elementsgallery\", \"object\": \"Elementsgallery object (207)\", \"fields\": [\"Gallery image\"]}}]', 13, 2),
(357, '2025-05-15 08:26:42.622015', '109', 'Ram Babu ke Parathe', 2, '[{\"changed\": {\"name\": \"elementsgallery\", \"object\": \"Elementsgallery object (208)\", \"fields\": [\"Gallery image\"]}}]', 13, 2),
(358, '2025-05-15 08:26:58.608035', '109', 'Ram Babu ke Parathe', 2, '[{\"changed\": {\"name\": \"elementsgallery\", \"object\": \"Elementsgallery object (209)\", \"fields\": [\"Gallery image\"]}}]', 13, 2),
(359, '2025-05-15 08:27:12.569398', '109', 'Ram Babu ke Parathe', 2, '[{\"changed\": {\"name\": \"elementsgallery\", \"object\": \"Elementsgallery object (210)\", \"fields\": [\"Gallery image\"]}}]', 13, 2),
(360, '2025-05-15 08:31:35.295817', '114', 'Hot Dessert', 2, '[{\"changed\": {\"fields\": [\"Image\"]}}]', 13, 2),
(361, '2025-05-15 08:31:49.953687', '114', 'Hot Dessert', 2, '[{\"changed\": {\"name\": \"elementsgallery\", \"object\": \"Elementsgallery object (227)\", \"fields\": [\"Gallery image\"]}}]', 13, 2),
(362, '2025-05-15 08:32:04.039528', '114', 'Hot Dessert', 2, '[{\"changed\": {\"name\": \"elementsgallery\", \"object\": \"Elementsgallery object (228)\", \"fields\": [\"Gallery image\"]}}]', 13, 2),
(363, '2025-05-15 08:32:16.838483', '114', 'Hot Dessert', 2, '[{\"changed\": {\"name\": \"elementsgallery\", \"object\": \"Elementsgallery object (229)\", \"fields\": [\"Gallery image\"]}}]', 13, 2),
(364, '2025-05-15 08:32:29.477792', '114', 'Hot Dessert', 2, '[{\"changed\": {\"name\": \"elementsgallery\", \"object\": \"Elementsgallery object (230)\", \"fields\": [\"Gallery image\"]}}]', 13, 2),
(365, '2025-05-15 08:33:13.621816', '115', 'Halwa Factory', 2, '[{\"changed\": {\"fields\": [\"Image\"]}}]', 13, 2),
(366, '2025-05-15 08:33:24.628316', '115', 'Halwa Factory', 2, '[{\"changed\": {\"name\": \"elementsgallery\", \"object\": \"Elementsgallery object (231)\", \"fields\": [\"Gallery image\"]}}]', 13, 2),
(367, '2025-05-15 08:33:37.505360', '115', 'Halwa Factory', 2, '[{\"changed\": {\"name\": \"elementsgallery\", \"object\": \"Elementsgallery object (232)\", \"fields\": [\"Gallery image\"]}}]', 13, 2),
(368, '2025-05-15 08:33:50.126790', '115', 'Halwa Factory', 2, '[{\"changed\": {\"name\": \"elementsgallery\", \"object\": \"Elementsgallery object (233)\", \"fields\": [\"Gallery image\"]}}]', 13, 2),
(369, '2025-05-15 08:34:05.066923', '115', 'Halwa Factory', 2, '[{\"changed\": {\"name\": \"elementsgallery\", \"object\": \"Elementsgallery object (241)\", \"fields\": [\"Gallery image\"]}}]', 13, 2),
(370, '2025-05-15 08:34:43.314334', '116', 'Cold Dessert', 2, '[{\"changed\": {\"fields\": [\"Image\"]}}]', 13, 2),
(371, '2025-05-15 08:34:58.694609', '116', 'Cold Dessert', 2, '[{\"changed\": {\"name\": \"elementsgallery\", \"object\": \"Elementsgallery object (234)\", \"fields\": [\"Gallery image\"]}}]', 13, 2),
(372, '2025-05-15 08:35:15.147336', '116', 'Cold Dessert', 2, '[{\"changed\": {\"name\": \"elementsgallery\", \"object\": \"Elementsgallery object (235)\", \"fields\": [\"Gallery image\"]}}]', 13, 2),
(373, '2025-05-15 08:35:29.510235', '116', 'Cold Dessert', 2, '[{\"changed\": {\"name\": \"elementsgallery\", \"object\": \"Elementsgallery object (236)\", \"fields\": [\"Gallery image\"]}}]', 13, 2),
(374, '2025-05-15 08:35:43.484621', '116', 'Cold Dessert', 2, '[{\"changed\": {\"name\": \"elementsgallery\", \"object\": \"Elementsgallery object (237)\", \"fields\": [\"Gallery image\"]}}]', 13, 2),
(375, '2025-05-15 08:35:59.551050', '116', 'Cold Dessert', 2, '[{\"changed\": {\"name\": \"elementsgallery\", \"object\": \"Elementsgallery object (238)\", \"fields\": [\"Gallery image\"]}}]', 13, 2),
(376, '2025-05-15 08:36:14.448694', '116', 'Cold Dessert', 2, '[{\"changed\": {\"name\": \"elementsgallery\", \"object\": \"Elementsgallery object (239)\", \"fields\": [\"Gallery image\"]}}]', 13, 2),
(377, '2025-05-15 08:36:38.718702', '116', 'Cold Dessert', 2, '[{\"changed\": {\"name\": \"elementsgallery\", \"object\": \"Elementsgallery object (240)\", \"fields\": [\"Gallery image\"]}}]', 13, 2),
(378, '2025-05-15 08:36:53.431028', '116', 'Cold Dessert', 2, '[{\"changed\": {\"name\": \"elementsgallery\", \"object\": \"Elementsgallery object (242)\", \"fields\": [\"Gallery image\"]}}]', 13, 2),
(379, '2025-05-15 09:23:12.715128', '121', 'Cakes', 1, '[{\"added\": {}}]', 13, 2),
(380, '2025-05-15 09:24:11.579824', '121', 'Cakes', 2, '[{\"added\": {\"name\": \"elementsgallery\", \"object\": \"Elementsgallery object (299)\"}}]', 13, 2),
(381, '2025-05-15 09:24:30.896039', '121', 'Cakes', 2, '[{\"added\": {\"name\": \"elementsgallery\", \"object\": \"Elementsgallery object (300)\"}}]', 13, 2),
(382, '2025-05-15 09:24:50.771202', '121', 'Cakes', 2, '[{\"added\": {\"name\": \"elementsgallery\", \"object\": \"Elementsgallery object (301)\"}}]', 13, 2),
(383, '2025-05-15 09:25:15.448871', '121', 'Cakes', 2, '[{\"added\": {\"name\": \"elementsgallery\", \"object\": \"Elementsgallery object (302)\"}}]', 13, 2),
(384, '2025-05-15 09:34:59.810320', '122', 'Shot Glass', 1, '[{\"added\": {}}]', 13, 2),
(385, '2025-05-15 09:35:20.192408', '122', 'Shot Glass', 2, '[{\"added\": {\"name\": \"elementsgallery\", \"object\": \"Elementsgallery object (303)\"}}]', 13, 2),
(386, '2025-05-15 09:35:43.959547', '122', 'Shot Glass', 2, '[{\"added\": {\"name\": \"elementsgallery\", \"object\": \"Elementsgallery object (304)\"}}]', 13, 2),
(387, '2025-05-15 09:36:03.257369', '122', 'Shot Glass', 2, '[{\"added\": {\"name\": \"elementsgallery\", \"object\": \"Elementsgallery object (305)\"}}]', 13, 2),
(388, '2025-05-15 09:36:23.735129', '122', 'Shot Glass', 2, '[{\"added\": {\"name\": \"elementsgallery\", \"object\": \"Elementsgallery object (306)\"}}]', 13, 2),
(389, '2025-05-15 09:36:42.539281', '122', 'Shot Glass', 2, '[{\"added\": {\"name\": \"elementsgallery\", \"object\": \"Elementsgallery object (307)\"}}]', 13, 2),
(390, '2025-05-15 09:37:08.826933', '122', 'Shot Glass', 2, '[{\"added\": {\"name\": \"elementsgallery\", \"object\": \"Elementsgallery object (308)\"}}]', 13, 2),
(391, '2025-05-15 09:39:23.442620', '123', 'Tart', 1, '[{\"added\": {}}]', 13, 2),
(392, '2025-05-15 09:39:44.447088', '123', 'Tart', 2, '[{\"added\": {\"name\": \"elementsgallery\", \"object\": \"Elementsgallery object (309)\"}}]', 13, 2),
(393, '2025-05-15 09:40:31.956485', '123', 'Tart', 2, '[{\"added\": {\"name\": \"elementsgallery\", \"object\": \"Elementsgallery object (310)\"}}]', 13, 2),
(394, '2025-05-15 11:30:34.589890', '287', 'Honeymoon on a Plate: Exotic Food Stations for February Weddings', 2, '[{\"changed\": {\"fields\": [\"Photo\"]}}]', 9, 2),
(395, '2025-05-15 11:31:07.049590', '286', 'Cupid\'s Cocktail Hour: February Wedding Signature Drinks!', 2, '[{\"changed\": {\"fields\": [\"Photo\"]}}]', 9, 2),
(396, '2025-05-15 11:31:55.462957', '285', 'The February Feast: How to Plan a Wedding Menu That Outshines Winter Dinners', 2, '[{\"changed\": {\"fields\": [\"Photo\"]}}]', 9, 2),
(397, '2025-05-15 11:32:25.828675', '283', 'Why February Weddings Taste Better: The Magic of Seasonal Ingredients', 2, '[{\"changed\": {\"fields\": [\"Photo\"]}}]', 9, 2),
(398, '2025-05-15 11:36:07.712570', '284', 'Chocolate Day Meets Shaadi Buffet: Decadent Desserts to Steal Hearts', 2, '[{\"changed\": {\"fields\": [\"Photo\"]}}]', 9, 2),
(399, '2025-05-15 11:36:44.870873', '282', 'Food Puns for Wedding Menus That Your Guests Will LOL Over', 2, '[{\"changed\": {\"fields\": [\"Photo\"]}}]', 9, 2),
(400, '2025-05-20 06:24:22.654632', '281', 'The Paneer Problem: Why People Love It and Use It Too Much at Weddings', 2, '[{\"changed\": {\"fields\": [\"Photo\"]}}]', 9, 2),
(401, '2025-05-20 06:24:55.697447', '280', 'Late-Night Shaadi Snacks: The Best Comfort Foods for Winter Weddings', 2, '[{\"changed\": {\"fields\": [\"Photo\"]}}]', 9, 2),
(402, '2025-05-22 15:42:33.937500', '314', 'Boondi to Biryani: Each Guest\'s Personality Based on What They Have First', 1, '[{\"added\": {}}]', 9, 2),
(403, '2025-05-22 15:47:19.731366', '315', 'Starter Pack: What Your May Wedding Menu Should Start With (Literally)', 1, '[{\"added\": {}}]', 9, 2),
(404, '2025-05-22 15:53:29.515895', '316', 'Shaadi Mein Salad Kaun Khaata Hai? (And Other Myths Busted)', 1, '[{\"added\": {}}]', 9, 2),
(405, '2025-05-28 18:16:34.491951', '111', 'Sangeet - Multicuisine Non-Veg', 2, '[{\"changed\": {\"fields\": [\"Menu item\", \"Menu image\"]}}]', 39, 2),
(406, '2025-05-28 18:20:43.230652', '110', 'Sangeet - Multicuisine Veg', 2, '[{\"changed\": {\"fields\": [\"Menu item\", \"Menu image\"]}}]', 39, 2),
(407, '2025-05-28 18:21:11.223545', '109', 'Sangeet - Luxury Non-Veg', 2, '[{\"changed\": {\"fields\": [\"Menu item\", \"Menu image\"]}}]', 39, 2),
(408, '2025-05-28 18:21:35.362564', '108', 'Sangeet - Luxury Veg', 2, '[{\"changed\": {\"fields\": [\"Menu item\", \"Menu image\"]}}]', 39, 2),
(409, '2025-05-28 18:22:14.700517', '107', 'Sangeet - Magnum Non-Veg', 2, '[{\"changed\": {\"fields\": [\"Menu item\", \"Menu image\"]}}]', 39, 2),
(410, '2025-06-02 15:06:46.488485', '317', 'Popcorn to Paan Shots: Quirky Food Stations That\'ll Make Guests Go \'Shaandar!\'', 1, '[{\"added\": {}}]', 9, 2),
(411, '2025-06-02 15:13:09.456176', '318', 'Dadi Wants Dal, Groom Wants Dumplings: Fusion Menus That Keep Everyone Happy', 1, '[{\"added\": {}}]', 9, 2),
(412, '2025-06-02 15:17:33.755093', '319', 'Thoda Chatpata Ho Jaaye? Wedding Fusion Chaat Ideas That Will Steal the Show', 1, '[{\"added\": {}}]', 9, 2),
(413, '2025-06-12 08:21:56.337894', '111', 'Sangeet - Multicuisine Non-Veg', 2, '[{\"changed\": {\"fields\": [\"Menu image\"]}}]', 39, 2),
(414, '2025-06-12 08:22:17.036255', '110', 'Sangeet - Multicuisine Veg', 2, '[{\"changed\": {\"fields\": [\"Menu image\"]}}]', 39, 2),
(415, '2025-06-12 08:22:17.904710', '111', 'Sangeet - Multicuisine Non-Veg', 2, '[{\"changed\": {\"fields\": [\"Menu image\"]}}]', 39, 2),
(416, '2025-06-12 08:22:20.177772', '111', 'Sangeet - Multicuisine Non-Veg', 2, '[{\"changed\": {\"fields\": [\"Menu image\"]}}]', 39, 2),
(417, '2025-06-12 08:22:45.105254', '109', 'Sangeet - Luxury Non-Veg', 2, '[{\"changed\": {\"fields\": [\"Menu image\"]}}]', 39, 2),
(418, '2025-06-12 08:22:49.591431', '110', 'Sangeet - Multicuisine Veg', 2, '[{\"changed\": {\"fields\": [\"Menu image\"]}}]', 39, 2),
(419, '2025-06-12 08:23:16.946121', '109', 'Sangeet - Luxury Non-Veg', 2, '[{\"changed\": {\"fields\": [\"Menu image\"]}}]', 39, 2),
(420, '2025-06-12 08:23:39.743400', '108', 'Sangeet - Luxury Veg', 2, '[{\"changed\": {\"fields\": [\"Menu image\"]}}]', 39, 2),
(421, '2025-06-12 08:24:16.776911', '107', 'Sangeet - Magnum Non-Veg', 2, '[{\"changed\": {\"fields\": [\"Menu image\"]}}]', 39, 2),
(422, '2025-06-12 08:30:02.741417', '111', 'Sangeet - Multicuisine Non-Veg', 2, '[{\"changed\": {\"fields\": [\"Menu image\"]}}]', 39, 2),
(423, '2025-06-12 08:30:04.496188', '111', 'Sangeet - Multicuisine Non-Veg', 2, '[{\"changed\": {\"fields\": [\"Menu image\"]}}]', 39, 2),
(424, '2025-06-12 08:30:58.151717', '111', 'Sangeet - Multicuisine Non-Veg', 2, '[{\"changed\": {\"fields\": [\"Menu image\"]}}]', 39, 2),
(425, '2025-06-12 08:34:01.570499', '111', 'Sangeet - Multicuisine Non-Veg', 2, '[{\"changed\": {\"fields\": [\"Menu image\"]}}]', 39, 2),
(426, '2025-06-12 08:52:26.904339', '109', 'Sangeet - Luxury Non-Veg', 2, '[]', 39, 2),
(427, '2025-06-12 09:17:45.093741', '107', 'Sangeet - Magnum Non-Veg', 2, '[{\"changed\": {\"fields\": [\"Menu item\"]}}]', 39, 2),
(428, '2025-06-12 09:24:25.235240', '68', 'Cocktail - Double Magnum Non-Veg', 2, '[{\"changed\": {\"fields\": [\"Menu item\", \"Menu image\"]}}]', 39, 2),
(429, '2025-06-13 06:49:51.505308', '60', 'Wedding - Double Magnum Veg', 2, '[{\"changed\": {\"fields\": [\"Menu item\", \"Menu image\"]}}]', 39, 2),
(430, '2025-06-13 06:50:49.054862', '67', 'Cocktail - Double Magnum Veg', 2, '[{\"changed\": {\"fields\": [\"Menu item\", \"Menu image\"]}}]', 39, 2),
(431, '2025-06-13 06:51:29.095803', '75', 'Social - Double Magnum Veg', 2, '[{\"changed\": {\"fields\": [\"Menu item\", \"Menu image\"]}}]', 39, 2),
(432, '2025-06-13 06:52:47.669959', '84', 'Birthday - Double Magnum Veg', 2, '[{\"changed\": {\"fields\": [\"Menu item\", \"Menu image\"]}}]', 39, 2),
(433, '2025-06-13 06:55:05.643695', '88', 'Corporate - Double Magnum Veg', 2, '[{\"changed\": {\"fields\": [\"Menu item\", \"Menu image\"]}}]', 39, 2),
(434, '2025-06-13 06:55:56.117637', '93', 'Ring Ceremony - Double Magnum Veg', 2, '[{\"changed\": {\"fields\": [\"Menu item\", \"Menu image\"]}}]', 39, 2),
(435, '2025-06-13 06:56:43.983263', '98', 'Mehndi Double Magnum Veg', 2, '[{\"changed\": {\"fields\": [\"Menu item\", \"Menu image\"]}}]', 39, 2),
(436, '2025-06-13 06:57:29.186187', '102', 'Reception Double Magnum Veg', 2, '[{\"changed\": {\"fields\": [\"Menu item\", \"Menu image\"]}}]', 39, 2),
(437, '2025-06-13 08:34:47.100486', '111', 'Sangeet - Multicuisine Non-Veg', 2, '[{\"changed\": {\"fields\": [\"Menu item\", \"Menu image\"]}}]', 39, 2),
(438, '2025-06-13 08:41:23.983957', '111', 'Sangeet - Multicuisine Non-Veg', 2, '[{\"changed\": {\"fields\": [\"Menu item\"]}}]', 39, 2),
(439, '2025-06-13 08:43:28.738427', '110', 'Sangeet - Multicuisine Veg', 2, '[{\"changed\": {\"fields\": [\"Menu item\"]}}]', 39, 2),
(440, '2025-06-13 08:44:23.805754', '109', 'Sangeet - Luxury Non-Veg', 2, '[{\"changed\": {\"fields\": [\"Menu item\", \"Menu image\"]}}]', 39, 2),
(441, '2025-06-13 08:45:18.057469', '108', 'Sangeet - Luxury Veg', 2, '[{\"changed\": {\"fields\": [\"Menu item\"]}}]', 39, 2),
(442, '2025-06-13 08:47:13.657498', '107', 'Sangeet - Magnum Non-Veg', 2, '[{\"changed\": {\"fields\": [\"Menu item\", \"Menu image\"]}}]', 39, 2),
(443, '2025-06-13 09:07:19.404013', '106', 'Sangeet - Magnum Veg', 2, '[{\"changed\": {\"fields\": [\"Menu item\", \"Menu image\"]}}]', 39, 2),
(444, '2025-06-13 09:08:15.801379', '105', 'Reception Multicuisine Non-Veg', 2, '[{\"changed\": {\"fields\": [\"Menu item\", \"Menu image\"]}}]', 39, 2),
(445, '2025-06-13 09:14:35.442709', '104', 'Reception Multicuisine Veg', 2, '[{\"changed\": {\"fields\": [\"Menu item\", \"Menu image\"]}}]', 39, 2),
(446, '2025-06-13 09:15:50.965486', '103', 'Reception Double Magnum Non-Veg', 2, '[{\"changed\": {\"fields\": [\"Menu item\", \"Menu image\"]}}]', 39, 2),
(447, '2025-06-13 09:16:57.231407', '102', 'Reception Double Magnum Veg', 2, '[{\"changed\": {\"fields\": [\"Menu item\", \"Menu image\"]}}]', 39, 2),
(448, '2025-06-13 09:21:05.212535', '101', 'Reception Magnum Non-Veg', 2, '[{\"changed\": {\"fields\": [\"Menu item\", \"Menu image\"]}}]', 39, 2),
(449, '2025-06-13 09:23:05.868763', '100', 'Reception Magnum Veg', 2, '[{\"changed\": {\"fields\": [\"Menu item\", \"Menu image\"]}}]', 39, 2),
(450, '2025-06-13 09:24:22.380283', '99', 'Mehndi Double Magnum Non-Veg', 2, '[{\"changed\": {\"fields\": [\"Menu item\", \"Menu image\"]}}]', 39, 2),
(451, '2025-06-13 09:25:45.672823', '98', 'Mehndi Double Magnum Veg', 2, '[{\"changed\": {\"fields\": [\"Menu item\", \"Menu image\"]}}]', 39, 2),
(452, '2025-06-13 09:27:46.081715', '97', 'Mehndi Magnum Non-Veg', 2, '[{\"changed\": {\"fields\": [\"Menu item\", \"Menu image\"]}}]', 39, 2),
(453, '2025-06-13 09:36:17.181265', '96', 'Mehndi Magnum Veg', 2, '[{\"changed\": {\"fields\": [\"Menu item\", \"Menu image\"]}}]', 39, 2),
(454, '2025-06-13 09:37:07.985697', '95', 'Ring Ceremony - Multicuisine Non-Veg', 2, '[{\"changed\": {\"fields\": [\"Menu item\", \"Menu image\"]}}]', 39, 2),
(455, '2025-06-13 09:42:44.800376', '94', 'Ring Ceremony - Multicuisine Veg', 2, '[{\"changed\": {\"fields\": [\"Menu item\", \"Menu image\"]}}]', 39, 2),
(456, '2025-06-13 09:44:09.819209', '93', 'Ring Ceremony - Double Magnum Veg', 2, '[{\"changed\": {\"fields\": [\"Menu item\", \"Menu image\"]}}]', 39, 2),
(457, '2025-06-13 09:46:05.108174', '92', 'Ring Ceremony - Double Magnum Non-Veg', 2, '[{\"changed\": {\"fields\": [\"Menu item\", \"Menu image\"]}}]', 39, 2),
(458, '2025-06-13 09:50:39.531941', '91', 'Ring Ceremony - Magnum Non Veg', 2, '[{\"changed\": {\"fields\": [\"Menu item\", \"Menu image\"]}}]', 39, 2),
(459, '2025-06-13 10:02:43.408044', '90', 'Ring Ceremony - Magnum Veg', 2, '[{\"changed\": {\"fields\": [\"Menu item\", \"Menu image\"]}}]', 39, 2),
(460, '2025-06-13 11:05:08.419844', '89', 'Corporate - Double Magnum Non-Veg', 2, '[{\"changed\": {\"fields\": [\"Menu item\", \"Menu image\"]}}]', 39, 2),
(461, '2025-06-13 11:12:59.360900', '88', 'Corporate - Double Magnum Veg', 2, '[{\"changed\": {\"fields\": [\"Menu item\", \"Menu image\"]}}]', 39, 2),
(462, '2025-06-13 12:54:29.470868', '85', 'Birthday - Double Magnum Non-Veg', 2, '[{\"changed\": {\"fields\": [\"Menu item\"]}}]', 39, 2),
(463, '2025-06-13 15:25:05.112481', '320', 'Mitti Ki Khushboo & Mitti Ke Handis: Rustic Catering Ideas That Wow the Crowd', 1, '[{\"added\": {}}]', 9, 2),
(464, '2025-06-13 15:29:41.955975', '321', 'Tandoor Tales: The Smoky Secrets to Winning Over Punjabi Guests', 1, '[{\"added\": {}}]', 9, 2),
(465, '2025-06-13 15:33:52.954461', '322', 'June Brides, Jalebis & Jokes: Sweet Treats for Summer Weddings', 1, '[{\"added\": {}}]', 9, 2),
(466, '2025-06-23 16:06:48.443591', '323', 'Guru Gyaan: Wedding Catering Tips to Make Your Guru Purnima Wedding Food Sane', 1, '[{\"added\": {}}]', 9, 2),
(467, '2025-06-23 16:12:45.709260', '324', 'Chaai Pe Chakkar: Constructing the Perfect Wedding Chai Station', 1, '[{\"added\": {}}]', 9, 2),
(468, '2025-06-29 17:51:16.517478', '180', 'myfuncgallery object (180)', 2, '[{\"changed\": {\"fields\": [\"Gallery image\"]}}]', 38, 2),
(469, '2025-06-29 20:42:12.611041', '85', 'Birthday - Double Magnum Non-Veg', 2, '[{\"changed\": {\"fields\": [\"Menu item\", \"Menu image\"]}}]', 39, 2),
(470, '2025-07-01 16:41:34.686925', '325', 'Bawarchi Battles: North vs South Indian Wedding Feasts', 1, '[{\"added\": {}}]', 9, 2),
(471, '2025-07-03 17:34:18.564543', '60', 'Wedding - Double Magnum Veg', 2, '[{\"changed\": {\"fields\": [\"Menu image\"]}}]', 39, 2),
(472, '2025-07-03 17:36:58.807653', '62', 'Wedding - Magnum Non-Veg', 3, '', 39, 2),
(473, '2025-07-03 17:36:58.810564', '61', 'Wedding - Magnum Veg', 3, '', 39, 2),
(474, '2025-07-03 17:36:58.812974', '60', 'Wedding - Double Magnum Veg', 3, '', 39, 2),
(475, '2025-07-03 17:36:58.814705', '59', 'Wedding - Double Magnum Non Veg', 3, '', 39, 2),
(476, '2025-07-03 17:38:33.874624', '68', 'Cocktail - Double Magnum Non-Veg', 3, '', 39, 2),
(477, '2025-07-03 17:38:33.877201', '67', 'Cocktail - Double Magnum Veg', 3, '', 39, 2),
(478, '2025-07-03 17:38:33.879884', '66', 'Cocktail - Magnum Non-Veg', 3, '', 39, 2),
(479, '2025-07-03 17:38:33.881890', '65', 'Cocktail - Magnum Veg', 3, '', 39, 2),
(480, '2025-07-03 17:45:18.426613', '107', 'Sangeet - Magnum Non-Veg', 3, '', 39, 2),
(481, '2025-07-03 17:45:18.430047', '106', 'Sangeet - Magnum Veg', 3, '', 39, 2),
(482, '2025-07-03 17:45:18.432175', '101', 'Reception Magnum Non-Veg', 3, '', 39, 2),
(483, '2025-07-03 17:45:18.435895', '100', 'Reception Magnum Veg', 3, '', 39, 2),
(484, '2025-07-03 17:51:57.667584', '111', 'Sangeet - Multicuisine Non-Veg', 2, '[{\"changed\": {\"fields\": [\"Menu item\", \"Menu image\"]}}]', 39, 2),
(485, '2025-07-03 17:52:55.290634', '110', 'Sangeet - Multicuisine Veg', 2, '[{\"changed\": {\"fields\": [\"Menu item\", \"Menu image\"]}}]', 39, 2),
(486, '2025-07-03 17:53:45.953242', '109', 'Sangeet - Luxury Non-Veg', 2, '[{\"changed\": {\"fields\": [\"Menu item\", \"Menu image\"]}}]', 39, 2),
(487, '2025-07-03 17:54:29.830455', '108', 'Sangeet - Luxury Veg', 2, '[{\"changed\": {\"fields\": [\"Menu item\", \"Menu image\"]}}]', 39, 2),
(488, '2025-07-03 17:56:16.529282', '105', 'Reception Multicuisine Non-Veg', 2, '[{\"changed\": {\"fields\": [\"Menu item\", \"Menu image\"]}}]', 39, 2),
(489, '2025-07-03 17:57:04.211126', '104', 'Reception Multicuisine Veg', 2, '[{\"changed\": {\"fields\": [\"Menu item\", \"Menu image\"]}}]', 39, 2),
(490, '2025-07-03 17:57:13.179795', '104', 'Reception Multicuisine Veg', 2, '[{\"changed\": {\"fields\": [\"Menu item\", \"Menu image\"]}}]', 39, 2),
(491, '2025-07-03 17:58:13.946583', '103', 'Reception Double Magnum Non-Veg', 2, '[{\"changed\": {\"fields\": [\"Menu item\", \"Menu image\"]}}]', 39, 2),
(492, '2025-07-03 17:59:01.636859', '102', 'Reception Double Magnum Veg', 2, '[{\"changed\": {\"fields\": [\"Menu item\", \"Menu image\"]}}]', 39, 2),
(493, '2025-07-03 18:00:11.408292', '99', 'Mehndi Double Magnum Non-Veg', 2, '[{\"changed\": {\"fields\": [\"Menu item\", \"Menu image\"]}}]', 39, 2),
(494, '2025-07-03 18:02:18.272182', '98', 'Mehndi Double Magnum Veg', 2, '[{\"changed\": {\"fields\": [\"Menu item\", \"Menu price\", \"Menu image\"]}}]', 39, 2),
(495, '2025-07-03 18:03:54.530358', '97', 'Mehndi Magnum Non-Veg', 2, '[{\"changed\": {\"fields\": [\"Menu item\", \"Menu price\", \"Menu image\"]}}]', 39, 2),
(496, '2025-07-03 18:04:47.343344', '96', 'Mehndi Magnum Veg', 2, '[{\"changed\": {\"fields\": [\"Menu item\", \"Menu image\"]}}]', 39, 2),
(497, '2025-07-03 18:06:41.446145', '95', 'Ring Ceremony - Multicuisine Non-Veg', 2, '[{\"changed\": {\"fields\": [\"Menu item\", \"Menu image\"]}}]', 39, 2),
(498, '2025-07-03 18:07:36.364981', '94', 'Ring Ceremony - Multicuisine Veg', 2, '[{\"changed\": {\"fields\": [\"Menu item\", \"Menu image\"]}}]', 39, 2),
(499, '2025-07-03 18:09:37.842916', '93', 'Ring Ceremony - Double Magnum Veg', 2, '[{\"changed\": {\"fields\": [\"Menu item\", \"Menu image\"]}}]', 39, 2),
(500, '2025-07-03 18:10:46.423847', '92', 'Ring Ceremony - Double Magnum Non-Veg', 2, '[{\"changed\": {\"fields\": [\"Menu item\", \"Menu image\"]}}]', 39, 2),
(501, '2025-07-03 18:11:55.825153', '91', 'Ring Ceremony - Magnum Non Veg', 2, '[{\"changed\": {\"fields\": [\"Menu item\", \"Menu image\"]}}]', 39, 2),
(502, '2025-07-03 18:12:40.646017', '90', 'Ring Ceremony - Magnum Veg', 2, '[{\"changed\": {\"fields\": [\"Menu item\", \"Menu image\"]}}]', 39, 2),
(503, '2025-07-03 18:13:44.523344', '89', 'Corporate - Double Magnum Non-Veg', 2, '[{\"changed\": {\"fields\": [\"Menu item\", \"Menu image\"]}}]', 39, 2),
(504, '2025-07-03 18:14:58.768267', '88', 'Corporate - Double Magnum Veg', 2, '[{\"changed\": {\"fields\": [\"Menu item\", \"Menu price\", \"Menu image\"]}}]', 39, 2),
(505, '2025-07-03 18:15:48.762853', '87', 'Corporate - Magnum Non-Veg', 2, '[{\"changed\": {\"fields\": [\"Menu item\", \"Menu image\"]}}]', 39, 2),
(506, '2025-07-03 18:16:40.423499', '86', 'Corporate - Magnum Veg', 2, '[{\"changed\": {\"fields\": [\"Menu item\", \"Menu image\"]}}]', 39, 2),
(507, '2025-07-03 18:17:52.071058', '85', 'Birthday - Double Magnum Non-Veg', 2, '[{\"changed\": {\"fields\": [\"Menu item\", \"Menu image\"]}}]', 39, 2),
(508, '2025-07-03 18:19:03.281568', '84', 'Birthday - Double Magnum Veg', 2, '[{\"changed\": {\"fields\": [\"Menu item\", \"Menu image\"]}}]', 39, 2),
(509, '2025-07-03 18:22:12.327914', '83', 'Birthday - Magnum Non-Veg', 2, '[{\"changed\": {\"fields\": [\"Menu pax\", \"Menu item\", \"Menu image\"]}}]', 39, 2),
(510, '2025-07-03 18:23:05.168642', '82', 'Birthday - Magnum Veg', 2, '[{\"changed\": {\"fields\": [\"Menu pax\", \"Menu item\", \"Menu image\"]}}]', 39, 2),
(511, '2025-07-03 18:24:12.020216', '81', 'Social - Multicuisine Non-Veg', 2, '[{\"changed\": {\"fields\": [\"Menu item\", \"Menu image\"]}}]', 39, 2),
(512, '2025-07-03 18:24:55.140640', '80', 'Social - Multicuisine Veg', 2, '[{\"changed\": {\"fields\": [\"Menu item\", \"Menu image\"]}}]', 39, 2),
(513, '2025-07-03 18:27:00.798113', '77', 'Social - Double Magnum Non-Veg', 2, '[{\"changed\": {\"fields\": [\"Menu item\", \"Menu image\"]}}]', 39, 2),
(514, '2025-07-03 18:27:56.320130', '75', 'Social - Double Magnum Veg', 2, '[{\"changed\": {\"fields\": [\"Menu item\", \"Menu image\"]}}]', 39, 2),
(515, '2025-07-03 18:30:23.395905', '74', 'Social - Magnum Non-Veg', 2, '[{\"changed\": {\"fields\": [\"Menu item\", \"Menu image\"]}}]', 39, 2),
(516, '2025-07-03 18:31:50.367481', '78', 'Wedding - Multicuisine Veg', 2, '[{\"changed\": {\"fields\": [\"Menu item\", \"Menu image\"]}}]', 39, 2),
(517, '2025-07-03 18:33:00.076558', '71', 'Wedding - Multicuisine Non-Veg', 2, '[{\"changed\": {\"fields\": [\"Menu item\", \"Menu image\"]}}]', 39, 2),
(518, '2025-07-03 18:34:05.060127', '64', 'Wedding - Luxury Menu - Non Veg', 2, '[{\"changed\": {\"fields\": [\"Menu item\", \"Menu image\"]}}]', 39, 2),
(519, '2025-07-03 18:34:58.102582', '63', 'Wedding - Luxury Menu - Veg', 2, '[{\"changed\": {\"fields\": [\"Menu item\", \"Menu image\"]}}]', 39, 2),
(520, '2025-07-03 18:35:38.903344', '79', 'Cocktail - Multicuisine Veg', 2, '[{\"changed\": {\"fields\": [\"Menu item\", \"Menu image\"]}}]', 39, 2),
(521, '2025-07-03 18:36:37.571179', '72', 'Cocktail - Multicuisine Non-Veg', 2, '[{\"changed\": {\"fields\": [\"Menu item\", \"Menu image\"]}}]', 39, 2),
(522, '2025-07-03 18:37:29.237415', '70', 'Cocktail - Luxury Non-Veg', 2, '[{\"changed\": {\"fields\": [\"Menu item\", \"Menu image\"]}}]', 39, 2),
(523, '2025-07-03 18:38:09.058896', '69', 'Cocktail - Luxury Veg', 2, '[{\"changed\": {\"fields\": [\"Menu item\", \"Menu image\"]}}]', 39, 2),
(524, '2025-07-09 16:48:45.127653', '326', 'Curry Up and Chill: Summer Wedding Menus That Beat the Heat', 1, '[{\"added\": {}}]', 9, 2),
(525, '2025-07-09 16:52:37.265985', '327', 'Too Hot to Handle? Nah! Spicy Summer Starters That\'ll Fire Up Your Guests', 1, '[{\"added\": {}}]', 9, 2),
(526, '2025-07-09 17:07:52.832423', '328', 'Garmi Mein Shaadi? Chill Karo! Serve These Cool Wedding Drinks Instead', 1, '[{\"added\": {}}]', 9, 2),
(527, '2025-07-18 16:14:28.347820', '329', 'Achaars & Chutneys: The Unsung Heroes of Your Wedding Thali', 1, '[{\"added\": {}}]', 9, 2),
(528, '2025-07-18 16:19:24.944777', '330', 'Rain, Rasam & Romance: South Indian Wedding Catering for June Vibes', 1, '[{\"added\": {}}]', 9, 2),
(529, '2025-07-18 16:24:18.792044', '331', 'Pakora Panic: Why Rainy Wedding Days Warrant a Crunchy Counter', 1, '[{\"added\": {}}]', 9, 2),
(530, '2025-07-29 16:51:01.934699', '332', 'Children, Keto, and Khaas Guests: Creating a Wedding Menu for the Win', 1, '[{\"added\": {}}]', 9, 2),
(531, '2025-07-29 16:56:02.778355', '333', 'Fusion Confusion: Wedding Dishes That Shouldn\'t Work—But Do!', 1, '[{\"added\": {}}]', 9, 2),
(532, '2025-07-30 18:09:58.062161', '333', 'Fusion Confusion: Wedding Dishes That Shouldn\'t Work—But Do!', 2, '[{\"changed\": {\"fields\": [\"Slug\"]}}]', 9, 2),
(533, '2025-08-11 15:13:40.979305', '334', 'Mini Mains, Major Impressions: Bite-Sized Shaadi Food That Slaps', 1, '[{\"added\": {}}]', 9, 2),
(534, '2025-08-11 15:19:21.736622', '335', 'Catering, Calculated: How Much Food You Actually Need for Your Shaadi', 1, '[{\"added\": {}}]', 9, 2),
(535, '2025-08-11 15:23:07.159027', '336', 'It\'s Raining Flavours: Shaadi Food Catering for Comforting Shaadis', 1, '[{\"added\": {}}]', 9, 2),
(536, '2025-08-11 15:26:14.376578', '337', 'From Nani’s Kitchen to Your Catering Menu: The Emotional Side of Food', 1, '[{\"added\": {}}]', 9, 2),
(537, '2025-08-11 15:28:58.615405', '338', 'Children\'s Table Tales: Shaadi Menus That\'ll Put Smile on Chhota Guests\' Faces', 1, '[{\"added\": {}}]', 9, 2),
(538, '2025-08-11 15:32:14.634502', '339', 'The Great Indian Buffet: Why It\'s Alright to Judge a Wedding by Its Counters', 1, '[{\"added\": {}}]', 9, 2),
(539, '2025-09-02 14:57:35.237422', '340', 'Uncle Ji Aur Unki Diet: How to Handle Guests Who Only Want Jain Food', 1, '[{\"added\": {}}]', 9, 2),
(540, '2025-09-02 14:58:24.654228', '340', 'Uncle Ji Aur Unki Diet: How to Handle Guests Who Only Want Jain Food', 2, '[{\"changed\": {\"fields\": [\"Publish\"]}}]', 9, 2),
(541, '2025-09-02 15:03:13.046462', '341', 'Cocktail Snacks That Guests Actually Remember (And Don\'t Just Hold for Photos)', 1, '[{\"added\": {}}]', 9, 2),
(542, '2025-09-02 15:07:02.518126', '342', 'Corporate Catering with a Twist: How to Keep Office People Awake After Biryani', 1, '[{\"added\": {}}]', 9, 2),
(543, '2025-09-02 15:11:35.995998', '343', 'Mini Munchies, Major Impact: Bite-Sized Delights That Stole the Wedding Spotlight', 1, '[{\"added\": {}}]', 9, 2),
(544, '2025-09-02 15:17:40.513461', '344', 'Thali Tales: Why Catered Thalis Are the Real Comfort Food September Deserves', 1, '[{\"added\": {}}]', 9, 2),
(545, '2025-09-02 15:22:17.390131', '345', 'Sanskari Shots: How to Add Paan, Thandai & Aam Panna to the Bar Menu', 1, '[{\"added\": {}}]', 9, 2),
(546, '2025-09-19 14:58:58.011700', '346', 'Chatori Delhi, Spicy Gurgaon: How Regional Food Palate Transforms the Catering Industry', 1, '[{\"added\": {}}]', 9, 2),
(547, '2025-09-19 15:04:00.287236', '347', 'Table Service vs. Self-Service: The Caterer\'s Guide to Family Fight Prevention', 1, '[{\"added\": {}}]', 9, 2),
(548, '2025-09-19 15:08:33.747428', '348', 'Chef on Call: Why Your Caterer Must Be the Real Celebrity', 1, '[{\"added\": {}}]', 9, 2),
(549, '2025-09-19 15:12:55.272489', '349', 'The Great Chaat Debate: Why No Caterer Should Ever Skip the Golgappa Counter', 1, '[{\"added\": {}}]', 9, 2),
(550, '2025-09-19 15:17:45.982893', '350', 'Meet Chef Pritam Panwar: The New Culinary Maestro at Get Your Menu', 1, '[{\"added\": {}}]', 9, 2),
(551, '2025-09-26 15:27:21.102363', '351', 'Durga Puja Delights: Bengali Catered Bliss', 1, '[{\"added\": {}}]', 9, 2),
(552, '2025-09-26 15:31:43.224645', '352', 'Navratri Naach & Naach: The Best Fasting-Friendly Menu', 1, '[{\"added\": {}}]', 9, 2),
(553, '2025-09-26 15:35:50.298959', '353', 'Corporation Octoberfest: Indian Catered Menus for Delhi NCR & Gurgaon Office Parties', 1, '[{\"added\": {}}]', 9, 2),
(554, '2025-09-26 15:44:40.995276', '354', 'Mocktail Madness: October\'s Thirst-Quenching Heroes for Delhi NCR & Gurgaon Parties', 1, '[{\"added\": {}}]', 9, 2),
(555, '2025-09-26 15:49:31.071795', '355', 'Healthy Yet Heavenly: Guilt-Free Festive Menus for Delhi NCR & Gurgaon Celebrations', 1, '[{\"added\": {}}]', 9, 2),
(556, '2025-10-25 12:30:47.821183', '2', 'CTA object (2)', 2, '[{\"changed\": {\"fields\": [\"Images\"]}}]', 21, 1),
(557, '2025-10-28 15:04:13.769116', '356', 'Seasonal Sweets & Mithai Magic: October Edition', 1, '[{\"added\": {}}]', 9, 2),
(558, '2025-10-28 15:11:21.204977', '357', 'Spooky Bites: Halloween Catering That Won\'t Spook Your Wallet', 1, '[{\"added\": {}}]', 9, 2),
(559, '2025-10-28 15:18:14.315858', '358', 'Soup Weather Specials: Cosy Winter Starters That\'ll Warm Every Guest', 1, '[{\"added\": {}}]', 9, 2),
(560, '2025-10-28 15:34:33.832148', '359', 'Seasonal Veggie Superstar: Farm-to-Fest Plate', 1, '[{\"added\": {}}]', 9, 2),
(561, '2025-10-28 15:37:31.581288', '360', 'Shaadi Season’s Calling: Why Your Caterer is the Real Baraati', 1, '[{\"added\": {}}]', 9, 2),
(562, '2025-11-11 15:41:07.523376', '361', 'Pre-Wedding Parties = Pre-Gaming for Foodies: A Delicious Warm-Up to the Big Day', 1, '[{\"added\": {}}]', 9, 2),
(563, '2025-11-11 15:45:08.720963', '362', 'Portion Control? Not at Indian Weddings!', 1, '[{\"added\": {}}]', 9, 2),
(564, '2025-11-11 15:49:50.167007', '363', 'Live Counters, Laughs & Lagna Geet: Shaadi Food Vibes\' Secret Sauce', 1, '[{\"added\": {}}]', 9, 2),
(565, '2025-11-11 15:57:24.501927', '364', 'Drink Up, Dulha Squad! Trending Beverages for the Wedding Season', 1, '[{\"added\": {}}]', 9, 2),
(566, '2025-11-11 15:58:28.583209', '365', 'The Great Chaat Debate: Delhi vs Mumbai vs Kolkata', 1, '[{\"added\": {}}]', 9, 2),
(567, '2025-11-11 16:02:33.423572', '366', 'Caterer Confidential: Things We Wish Clients Knew Before the Wedding', 1, '[{\"added\": {}}]', 9, 2),
(568, '2025-11-20 15:29:35.444924', '367', 'How to Build the Perfect Winter Wedding Buffet', 1, '[{\"added\": {}}]', 9, 2),
(569, '2025-11-20 15:32:34.894857', '368', 'How to Choose a Caterer When Every Chacha Claims ‘Mujhe Market Ka Pata Hai’', 1, '[{\"added\": {}}]', 9, 2),
(570, '2025-11-28 06:12:28.409484', '1', 'SocialMedia object (1)', 2, '[{\"changed\": {\"fields\": [\"Instagram\"]}}]', 32, 1),
(571, '2025-11-28 06:15:31.355992', '1', 'SocialMedia object (1)', 2, '[]', 32, 1),
(572, '2025-12-10 15:37:13.188258', '369', 'Mithai in December: Winter Sweet Menu Ideas That Khaanewale Approve', 1, '[{\"added\": {}}]', 9, 2),
(573, '2025-12-10 15:41:08.910095', '370', 'Mocktails for Winters – Because No One Wants a Coke with Ice When Delhi Is Freezing', 1, '[{\"added\": {}}]', 9, 2),
(574, '2025-12-10 15:44:37.142001', '371', 'The Great Chai Counter: Why It Becomes the Most Popular Spot at Every December Wedding', 1, '[{\"added\": {}}]', 9, 2),
(575, '2025-12-10 15:49:14.707271', '370', 'Mocktails for Winters – Because No One Wants a Coke with Ice When Delhi Is Freezing', 2, '[{\"changed\": {\"fields\": [\"Slug\"]}}]', 9, 2),
(576, '2025-12-10 15:51:00.183793', '372', 'Fusion Food That Works (And Doesn\'t Confuse the Guests) for December Celebrations', 1, '[{\"added\": {}}]', 9, 2),
(577, '2025-12-10 15:54:56.598459', '373', 'Wedding Food That Photographs Well – Because Insta Stories Eat First Now', 1, '[{\"added\": {}}]', 9, 2),
(578, '2025-12-10 16:22:18.568862', '374', 'Catering Trends for the Year-End – What\'s New on Plates This December?', 1, '[{\"added\": {}}]', 9, 2),
(579, '2025-12-24 15:43:32.877185', '375', 'The Unexpected Star of the Show at North Indian Wedding Functions: South Indian Counters', 1, '[{\"added\": {}}]', 9, 2),
(580, '2025-12-24 15:46:52.617764', '376', 'The Art of Staff Uniforms & Service Style: Because Polite Servers Make the Food Taste Better', 1, '[{\"added\": {}}]', 9, 2),
(581, '2025-12-24 15:49:43.730086', '377', 'January Wedding Menu Mistakes We See Every Year (And Still Can’t Believe)', 1, '[{\"added\": {}}]', 9, 2),
(582, '2025-12-24 15:52:33.716630', '378', 'Wedding Soups Worth the Sip: Because January Weddings Deserve More Than Tomato Shorba', 1, '[{\"added\": {}}]', 9, 2),
(583, '2026-01-05 11:36:31.854770', '56', 'Testimonial object (56)', 1, '[{\"added\": {}}]', 33, 1),
(584, '2026-01-05 11:46:53.599172', '56', 'Testimonial object (56)', 2, '[{\"changed\": {\"fields\": [\"Alt text\", \"Image\"]}}]', 33, 1),
(585, '2026-01-06 15:54:33.410277', '379', 'Lohri Feast 2026: Turning Your Catering Spread into a Bonfire of Flavours', 1, '[{\"added\": {}}]', 9, 2),
(586, '2026-01-06 15:58:09.656529', '380', 'January 2026 Kid\'s Menu Ideas: Feeding Tiny Customers Who Only Want Fries and Freedom', 1, '[{\"added\": {}}]', 9, 2),
(587, '2026-01-06 16:01:39.293699', '381', 'Perfecting the Chaat Counter: Because every shaadi has that one uncle who judges everything', 1, '[{\"added\": {}}]', 9, 2),
(588, '2026-01-06 16:04:40.987806', '382', '2026 Food Trends That Will Make Your Guests Say: \'Yeh Kya Hai… Aur Ek Plate Milegi?\'', 1, '[{\"added\": {}}]', 9, 2),
(589, '2026-01-16 09:18:30.560804', '57', 'Testimonial #57', 1, '[{\"added\": {}}]', 33, 1),
(590, '2026-01-16 09:18:41.585804', '58', 'Testimonial #58', 1, '[{\"added\": {}}]', 33, 1),
(591, '2026-01-16 09:20:36.876011', '58', 'Testimonial #58', 3, '', 33, 1),
(592, '2026-01-16 09:20:36.878174', '57', 'Testimonial #57', 3, '', 33, 1),
(593, '2026-01-16 09:20:36.879457', '56', 'Testimonial #56', 3, '', 33, 1),
(594, '2026-01-16 09:20:36.880504', '53', 'Testimonial #53', 3, '', 33, 1),
(595, '2026-01-16 09:20:36.881491', '52', 'Testimonial #52', 3, '', 33, 1),
(596, '2026-01-16 09:20:36.882497', '51', 'Testimonial #51', 3, '', 33, 1),
(597, '2026-01-16 09:20:36.883543', '50', 'Testimonial #50', 3, '', 33, 1),
(598, '2026-01-16 09:20:36.884707', '49', 'Testimonial #49', 3, '', 33, 1),
(599, '2026-01-16 09:20:36.885823', '48', 'Testimonial #48', 3, '', 33, 1),
(600, '2026-01-16 09:20:36.887336', '47', 'Testimonial #47', 3, '', 33, 1),
(601, '2026-01-16 09:20:36.888420', '46', 'Testimonial #46', 3, '', 33, 1),
(602, '2026-01-16 09:20:36.889452', '45', 'Testimonial #45', 3, '', 33, 1),
(603, '2026-01-16 09:20:36.890649', '44', 'Testimonial #44', 3, '', 33, 1),
(604, '2026-01-16 09:20:36.891727', '43', 'Testimonial #43', 3, '', 33, 1),
(605, '2026-01-16 09:20:36.892750', '42', 'Testimonial #42', 3, '', 33, 1),
(606, '2026-01-16 09:20:36.893806', '41', 'Testimonial #41', 3, '', 33, 1),
(607, '2026-01-16 09:20:36.894811', '40', 'Testimonial #40', 3, '', 33, 1),
(608, '2026-01-16 09:20:36.895844', '39', 'Testimonial #39', 3, '', 33, 1),
(609, '2026-01-16 09:20:36.896889', '38', 'Testimonial #38', 3, '', 33, 1),
(610, '2026-01-16 09:20:36.897913', '37', 'Testimonial #37', 3, '', 33, 1),
(611, '2026-01-16 09:20:36.899032', '36', 'Testimonial #36', 3, '', 33, 1),
(612, '2026-01-16 09:20:36.900075', '35', 'Testimonial #35', 3, '', 33, 1),
(613, '2026-01-16 09:20:36.901130', '34', 'Testimonial #34', 3, '', 33, 1),
(614, '2026-01-16 09:20:36.902266', '33', 'Testimonial #33', 3, '', 33, 1),
(615, '2026-01-16 09:20:36.903945', '32', 'Testimonial #32', 3, '', 33, 1),
(616, '2026-01-16 09:20:36.904998', '31', 'Testimonial #31', 3, '', 33, 1),
(617, '2026-01-16 09:20:36.905951', '30', 'Testimonial #30', 3, '', 33, 1),
(618, '2026-01-16 09:20:36.907059', '29', 'Testimonial #29', 3, '', 33, 1),
(619, '2026-01-16 09:20:36.908028', '28', 'Testimonial #28', 3, '', 33, 1),
(620, '2026-01-16 09:20:36.909069', '27', 'Testimonial #27', 3, '', 33, 1),
(621, '2026-01-16 09:20:36.910135', '26', 'Testimonial #26', 3, '', 33, 1),
(622, '2026-01-16 09:20:36.911176', '25', 'Testimonial #25', 3, '', 33, 1),
(623, '2026-01-16 09:20:36.912275', '24', 'Testimonial #24', 3, '', 33, 1),
(624, '2026-01-16 09:20:36.913379', '23', 'Testimonial #23', 3, '', 33, 1),
(625, '2026-01-16 09:20:36.915049', '22', 'Testimonial #22', 3, '', 33, 1),
(626, '2026-01-16 09:20:36.916139', '21', 'Testimonial #21', 3, '', 33, 1),
(627, '2026-01-16 09:20:36.917176', '20', 'Testimonial #20', 3, '', 33, 1),
(628, '2026-01-16 09:20:36.918178', '19', 'Testimonial #19', 3, '', 33, 1),
(629, '2026-01-16 09:20:36.919203', '18', 'Testimonial #18', 3, '', 33, 1),
(630, '2026-01-16 09:20:36.920245', '17', 'Testimonial #17', 3, '', 33, 1),
(631, '2026-01-16 09:20:36.921317', '16', 'Testimonial #16', 3, '', 33, 1),
(632, '2026-01-16 09:20:36.922824', '15', 'Testimonial #15', 3, '', 33, 1),
(633, '2026-01-16 09:20:36.924780', '14', 'Testimonial #14', 3, '', 33, 1),
(634, '2026-01-16 09:20:36.925935', '13', 'Testimonial #13', 3, '', 33, 1),
(635, '2026-01-16 09:20:36.927156', '12', 'Testimonial #12', 3, '', 33, 1),
(636, '2026-01-16 09:20:36.928359', '11', 'Testimonial #11', 3, '', 33, 1),
(637, '2026-01-16 09:20:36.929604', '10', 'Testimonial #10', 3, '', 33, 1),
(638, '2026-01-16 09:20:36.930703', '9', 'Testimonial #9', 3, '', 33, 1),
(639, '2026-01-16 09:20:36.931697', '8', 'Testimonial #8', 3, '', 33, 1),
(640, '2026-01-16 09:20:36.932752', '7', 'Testimonial #7', 3, '', 33, 1),
(641, '2026-01-16 09:20:36.933899', '6', 'Testimonial #6', 3, '', 33, 1),
(642, '2026-01-16 09:20:36.935119', '5', 'Testimonial #5', 3, '', 33, 1),
(643, '2026-01-16 09:20:36.936150', '4', 'Testimonial #4', 3, '', 33, 1),
(644, '2026-01-16 09:20:36.937204', '3', 'Testimonial #3', 3, '', 33, 1),
(645, '2026-01-16 09:20:36.938225', '2', 'Testimonial #2', 3, '', 33, 1),
(646, '2026-01-16 09:20:36.939302', '1', 'Testimonial #1', 3, '', 33, 1),
(647, '2026-01-16 09:21:16.760352', '59', 'Testimonial #59', 1, '[{\"added\": {}}]', 33, 1),
(648, '2026-01-17 09:59:44.532734', '1', 'team', 1, '[{\"added\": {}}]', 46, 1),
(649, '2026-01-17 10:17:34.853407', '2', 'team 2', 1, '[{\"added\": {}}]', 46, 1),
(650, '2026-01-17 10:18:51.778223', '3', 'team 3', 1, '[{\"added\": {}}]', 46, 1),
(651, '2026-01-17 10:32:21.130049', '60', 'Testimonial #60', 1, '[{\"added\": {}}]', 33, 1);
INSERT INTO `django_admin_log` (`id`, `action_time`, `object_id`, `object_repr`, `action_flag`, `change_message`, `content_type_id`, `user_id`) VALUES
(652, '2026-01-17 10:34:24.798270', '59', 'Testimonial #59', 2, '[{\"changed\": {\"fields\": [\"Is active\"]}}]', 33, 1),
(653, '2026-01-20 15:27:27.904423', '383', 'Love on the Menu: Valentine’s Day–Inspired Wedding Food Ideas Couples Adore', 1, '[{\"added\": {}}]', 9, 2),
(654, '2026-01-20 15:30:29.847166', '384', 'Republic Day Tricolor Fusion Thalis to Wow Your Wedding Guests', 1, '[{\"added\": {}}]', 9, 2),
(655, '2026-01-20 15:33:00.524221', '385', 'One Wedding, Many Functions: Perfect Menu Ideas from Haldi to Reception', 1, '[{\"added\": {}}]', 9, 2),
(656, '2026-01-20 15:35:18.185750', '386', 'Too Pretty to Eat! Instagram-Worthy Wedding Food Trends Taking Over', 1, '[{\"added\": {}}]', 9, 2),
(657, '2026-01-21 07:51:51.646963', '60', 'Testimonial #60', 3, '', 33, 2),
(658, '2026-01-21 07:51:51.649380', '59', 'Testimonial #59', 3, '', 33, 2),
(659, '2026-01-21 07:54:38.688769', '61', 'Testimonial #61', 1, '[{\"added\": {}}]', 33, 2),
(660, '2026-01-21 07:55:05.954588', '3', 'team 3', 3, '', 46, 2),
(661, '2026-01-21 07:55:05.957759', '2', 'team 2', 3, '', 46, 2),
(662, '2026-01-21 07:55:05.960147', '1', 'team', 3, '', 46, 2),
(663, '2026-01-21 07:57:15.914641', '4', 'client -1', 1, '[{\"added\": {}}]', 46, 2),
(664, '2026-01-21 08:23:29.687685', '62', 'Testimonial #62', 1, '[{\"added\": {}}]', 33, 2),
(665, '2026-01-21 08:24:05.750992', '63', 'Testimonial #63', 1, '[{\"added\": {}}]', 33, 2),
(666, '2026-01-21 08:24:56.088857', '64', 'Testimonial #64', 1, '[{\"added\": {}}]', 33, 2),
(667, '2026-01-21 08:34:51.338677', '5', 'C2', 1, '[{\"added\": {}}]', 46, 2),
(668, '2026-01-21 08:36:01.499934', '6', 'C3', 1, '[{\"added\": {}}]', 46, 2),
(669, '2026-01-21 08:55:40.363604', '6', 'C3', 2, '[{\"changed\": {\"fields\": [\"Video\"]}}]', 46, 2),
(670, '2026-01-22 10:10:50.066386', '6', 'C3', 3, '', 46, 2),
(671, '2026-01-22 10:10:50.069909', '5', 'C2', 3, '', 46, 2),
(672, '2026-01-22 10:11:15.880805', '4', 'C-1', 2, '[{\"changed\": {\"fields\": [\"Name\"]}}]', 46, 2),
(673, '2026-01-22 10:13:40.074634', '7', 'C-2', 1, '[{\"added\": {}}]', 46, 2),
(674, '2026-01-22 10:14:06.332828', '4', 'C-1', 2, '[{\"changed\": {\"fields\": [\"Designation\"]}}]', 46, 2),
(675, '2026-01-22 10:14:45.188669', '8', 'C-3', 1, '[{\"added\": {}}]', 46, 2),
(676, '2026-01-28 14:21:20.112893', '383', 'Love on the Menu: Valentine’s Day–Inspired Wedding Food Ideas Couples Adore', 2, '[{\"changed\": {\"fields\": [\"Slug\"]}}]', 9, 2),
(677, '2026-02-06 15:21:09.819293', '387', 'Basant Panchami 2026: Inspired Kesar Menus Bursting with Spring’s Golden Glow', 1, '[{\"added\": {}}]', 9, 2),
(678, '2026-02-06 15:21:54.066108', '383', 'Love on the Menu: Valentine’s Day–Inspired Wedding Food Ideas Couples Adore', 2, '[{\"changed\": {\"fields\": [\"Publish\"]}}]', 9, 2),
(679, '2026-02-06 15:26:26.298690', '388', 'What’s Cooking at Weddings This Season? Hottest Food Trends You’ll See Everywhere', 1, '[{\"added\": {}}]', 9, 2),
(680, '2026-02-06 15:29:58.848891', '389', 'When Desi Meets Global: Fusion Wedding Menus Guests Can’t Stop Talking About', 1, '[{\"added\": {}}]', 9, 2),
(681, '2026-02-06 15:32:47.318320', '390', 'Healthy Can Be Delicious: Modern Wedding Menus Guests Truly Appreciate', 1, '[{\"added\": {}}]', 9, 2),
(682, '2026-02-18 15:54:22.168353', '391', 'Zero-Waste Catering: March Events Going Green (Finally!)', 1, '[{\"added\": {}}]', 9, 2),
(683, '2026-02-18 15:59:26.627730', '392', 'Ramzan Ready: Iftar Catering That Goes Beyond Dates & Samosas', 1, '[{\"added\": {}}]', 9, 2),
(684, '2026-02-18 16:04:25.968147', '393', 'Thandai But Make It Trendy: Boozy, Vegan and Rose-Infused Versions', 1, '[{\"added\": {}}]', 9, 2),
(685, '2026-02-18 16:08:05.446861', '394', 'From Mathura to Mumbai: Regional Holi Menus India Swears By', 1, '[{\"added\": {}}]', 9, 2),
(686, '2026-02-23 05:58:32.492804', '394', 'From Mathura to Mumbai: Regional Holi Menus India Swears By', 2, '[]', 9, 1),
(687, '2026-02-23 07:40:07.376932', '2', '2025admingetyourmenu', 2, '[{\"changed\": {\"fields\": [\"password\"]}}]', 4, 2),
(688, '2026-02-23 07:45:55.504449', '1', 'newgym', 2, '[{\"changed\": {\"fields\": [\"Superuser status\", \"User permissions\"]}}]', 4, 2),
(689, '2026-03-11 15:02:10.571333', '395', 'From Ghar Ka Khana to Gourmet: House Party Catering in March', 1, '[{\"added\": {}}]', 9, 2),
(690, '2026-03-11 15:06:29.941964', '396', 'Gujarati Thali in March? Yes, Because Farsan Has No Season', 1, '[{\"added\": {}}]', 9, 2),
(691, '2026-03-11 15:11:29.804072', '397', 'Office Potlucks Are Dead. Long Live Professional Catering', 1, '[{\"added\": {}}]', 9, 2),
(692, '2026-03-11 15:15:36.732166', '398', 'Bengali March Menus: Fish Fry, Kosha Mangsho & Mishti Doi', 1, '[{\"added\": {}}]', 9, 2);

-- --------------------------------------------------------

--
-- Table structure for table `django_content_type`
--

CREATE TABLE `django_content_type` (
  `id` int(11) NOT NULL,
  `app_label` varchar(100) NOT NULL,
  `model` varchar(100) NOT NULL
) ENGINE=InnoDB DEFAULT CHARSET=utf8mb4 COLLATE=utf8mb4_general_ci;

--
-- Dumping data for table `django_content_type`
--

INSERT INTO `django_content_type` (`id`, `app_label`, `model`) VALUES
(1, 'admin', 'logentry'),
(3, 'auth', 'group'),
(2, 'auth', 'permission'),
(4, 'auth', 'user'),
(5, 'contenttypes', 'contenttype'),
(10, 'menuApp', 'aboutus'),
(14, 'menuApp', 'addfunctionmodel'),
(13, 'menuApp', 'add_elements'),
(15, 'menuApp', 'authorprofile'),
(17, 'menuApp', 'blogcategorymodel'),
(45, 'menuApp', 'blogcomment'),
(18, 'menuApp', 'bloggallery'),
(16, 'menuApp', 'blog_image'),
(19, 'menuApp', 'category'),
(11, 'menuApp', 'contactmodel'),
(20, 'menuApp', 'corporate'),
(21, 'menuApp', 'cta'),
(22, 'menuApp', 'cuisine'),
(44, 'menuApp', 'cuisinegallery'),
(23, 'menuApp', 'culture'),
(43, 'menuApp', 'culturegallery'),
(42, 'menuApp', 'elementsgallery'),
(24, 'menuApp', 'elements_of_menu'),
(25, 'menuApp', 'enquirymodel'),
(41, 'menuApp', 'faqmodel'),
(26, 'menuApp', 'functionmodel'),
(40, 'menuApp', 'gallery'),
(27, 'menuApp', 'gallery_category'),
(28, 'menuApp', 'goverment_organization'),
(29, 'menuApp', 'homecontent'),
(39, 'menuApp', 'menubyfunctionmodel'),
(38, 'menuApp', 'myfuncgallery'),
(37, 'menuApp', 'mygallery'),
(30, 'menuApp', 'myoccasion'),
(12, 'menuApp', 'portfolio'),
(9, 'menuApp', 'post'),
(31, 'menuApp', 'slider'),
(32, 'menuApp', 'socialmedia'),
(33, 'menuApp', 'testimonial'),
(34, 'menuApp', 'tstingapril'),
(35, 'menuApp', 'usp'),
(36, 'menuApp', 'venue'),
(46, 'menuApp', 'videotestimonial'),
(8, 'menuApp', 'youtube_testimonial'),
(6, 'sessions', 'session'),
(7, 'sites', 'site');

-- --------------------------------------------------------

--
-- Table structure for table `django_migrations`
--

CREATE TABLE `django_migrations` (
  `id` bigint(20) NOT NULL,
  `app` varchar(255) NOT NULL,
  `name` varchar(255) NOT NULL,
  `applied` datetime(6) NOT NULL
) ENGINE=InnoDB DEFAULT CHARSET=utf8mb4 COLLATE=utf8mb4_general_ci;

--
-- Dumping data for table `django_migrations`
--

INSERT INTO `django_migrations` (`id`, `app`, `name`, `applied`) VALUES
(1, 'contenttypes', '0001_initial', '2025-04-14 12:24:15.120827'),
(2, 'auth', '0001_initial', '2025-04-14 12:24:15.794472'),
(3, 'admin', '0001_initial', '2025-04-14 12:24:15.965573'),
(4, 'admin', '0002_logentry_remove_auto_add', '2025-04-14 12:24:15.982823'),
(5, 'admin', '0003_logentry_add_action_flag_choices', '2025-04-14 12:24:15.999256'),
(6, 'contenttypes', '0002_remove_content_type_name', '2025-04-14 12:24:16.072573'),
(7, 'auth', '0002_alter_permission_name_max_length', '2025-04-14 12:24:16.186743'),
(8, 'auth', '0003_alter_user_email_max_length', '2025-04-14 12:24:16.211016'),
(9, 'auth', '0004_alter_user_username_opts', '2025-04-14 12:24:16.227410'),
(10, 'auth', '0005_alter_user_last_login_null', '2025-04-14 12:24:16.329320'),
(11, 'auth', '0006_require_contenttypes_0002', '2025-04-14 12:24:16.335301'),
(12, 'auth', '0007_alter_validators_add_error_messages', '2025-04-14 12:24:16.351695'),
(13, 'auth', '0008_alter_user_username_max_length', '2025-04-14 12:24:16.371317'),
(14, 'auth', '0009_alter_user_last_name_max_length', '2025-04-14 12:24:16.391303'),
(15, 'auth', '0010_alter_group_name_max_length', '2025-04-14 12:24:16.412868'),
(16, 'auth', '0011_update_proxy_permissions', '2025-04-14 12:24:16.427555'),
(17, 'auth', '0012_alter_user_first_name_max_length', '2025-04-14 12:24:16.445661'),
(18, 'menuApp', '0001_initial', '2025-04-14 12:24:18.532992'),
(19, 'menuApp', '0002_auto_20230809_1550', '2025-04-14 12:24:18.569637'),
(20, 'menuApp', '0003_auto_20250414_1754', '2025-04-14 12:24:20.121468'),
(21, 'sessions', '0001_initial', '2025-04-14 12:24:20.163126'),
(22, 'sites', '0001_initial', '2025-04-14 12:24:20.184417'),
(23, 'sites', '0002_alter_domain_unique', '2025-04-14 12:24:20.225954'),
(24, 'menuApp', '0002_auto_20260103_1913', '2026-01-03 13:43:26.383025'),
(25, 'menuApp', '0003_auto_20260103_2013', '2026-01-03 14:43:22.509179'),
(26, 'menuApp', '0004_testimonial_image', '2026-01-05 11:44:19.606484'),
(27, 'menuApp', '0005_remove_testimonial_image', '2026-01-05 11:49:28.466804'),
(28, 'menuApp', '0006_auto_20260116_1444', '2026-01-16 09:14:25.358244');

-- --------------------------------------------------------

--
-- Table structure for table `django_session`
--

CREATE TABLE `django_session` (
  `session_key` varchar(40) NOT NULL,
  `session_data` longtext NOT NULL,
  `expire_date` datetime(6) NOT NULL
) ENGINE=InnoDB DEFAULT CHARSET=utf8mb4 COLLATE=utf8mb4_general_ci;

--
-- Dumping data for table `django_session`
--

INSERT INTO `django_session` (`session_key`, `session_data`, `expire_date`) VALUES
('0effqj1tbbiofdz2bxxmaurm5mc5kk6r', '.eJxVjEEOwiAQRe_C2hAKMowu3fcMZGCmUjU0Ke3KeHfbpAvd_vfef6tI61Li2mSOI6ursur0uyXKT6k74AfV-6TzVJd5THpX9EGb7ieW1-1w_w4KtbLVgEjMxNJJSujtJSGaQIP1gQAC5MEZi-LAGwcckI0x3kneAjiHTtTnC-54N6s:1uPcZ2:wmpsEx8TeMr4MS2ZXuEVcZo0y7Jq4TruYQSMWNWoYnE', '2025-06-26 07:41:32.431666'),
('15zs4idhlcimydg3o0d1a2d7ecwqlht5', '.eJxVjEEOwiAQRe_C2hAKMowu3fcMZGCmUjU0Ke3KeHfbpAvd_vfef6tI61Li2mSOI6ursur0uyXKT6k74AfV-6TzVJd5THpX9EGb7ieW1-1w_w4KtbLVgEjMxNJJSujtJSGaQIP1gQAC5MEZi-LAGwcckI0x3kneAjiHTtTnC-54N6s:1uDMI9:LhjORCT4AbTqFQ7RMFkUAv6DLR9IInKb-_yCuv40yh8', '2025-05-23 11:53:25.227958'),
('18nevjatxafoyti2yqnvgjlt1xk1xxnf', '.eJxVjEEOwiAQRe_C2hAKMowu3fcMZGCmUjU0Ke3KeHfbpAvd_vfef6tI61Li2mSOI6ursur0uyXKT6k74AfV-6TzVJd5THpX9EGb7ieW1-1w_w4KtbLVgEjMxNJJSujtJSGaQIP1gQAC5MEZi-LAGwcckI0x3kneAjiHTtTnC-54N6s:1uWdDn:CP58azMIVOAsgj1q0N2WnpeIEZVzWkPEtZ7PP0cb4tc', '2025-07-15 15:48:35.292836'),
('1cu4ygcp2h6eglhihdrevc4yn0bz7d5p', '.eJxVjEEOwiAQRe_C2hAKMowu3fcMZGCmUjU0Ke3KeHfbpAvd_vfef6tI61Li2mSOI6ursur0uyXKT6k74AfV-6TzVJd5THpX9EGb7ieW1-1w_w4KtbLVgEjMxNJJSujtJSGaQIP1gQAC5MEZi-LAGwcckI0x3kneAjiHTtTnC-54N6s:1ucnei:cpv3q2oyQzEyumk185JDGJIRDDHVE8v4yCsXCtU35dc', '2025-08-01 16:09:52.934774'),
('2cqzq4y22uy7bwmvrem9nvot55v91d7b', '.eJxVjEEOwiAQRe_C2hAKMowu3fcMZGCmUjU0Ke3KeHfbpAvd_vfef6tI61Li2mSOI6ursur0uyXKT6k74AfV-6TzVJd5THpX9EGb7ieW1-1w_w4KtbLVgEjMxNJJSujtJSGaQIP1gQAC5MEZi-LAGwcckI0x3kneAjiHTtTnC-54N6s:1uzcVs:T2gwJpzJaQU4AT35-VT4FVypxxuYa9oZTBTtJ-mImMY', '2025-10-03 14:55:04.187724'),
('2jmm74a5nrtuf4hqts3f3qoy2ialcpp9', '.eJxVjEEOwiAQRe_C2hAKMowu3fcMZGCmUjU0Ke3KeHfbpAvd_vfef6tI61Li2mSOI6ursur0uyXKT6k74AfV-6TzVJd5THpX9EGb7ieW1-1w_w4KtbLVgEjMxNJJSujtJSGaQIP1gQAC5MEZi-LAGwcckI0x3kneAjiHTtTnC-54N6s:1vircK:BmyKb3UM9PfBhBJAQwpqHnVgok7D1FoUxdQaBWweqPE', '2026-02-05 10:08:44.792476'),
('2s62eknjto3297eyhjx4lcigcjiitn0s', '.eJxVjEEOwiAQRe_C2hAKMowu3fcMZGCmUjU0Ke3KeHfbpAvd_vfef6tI61Li2mSOI6ursur0uyXKT6k74AfV-6TzVJd5THpX9EGb7ieW1-1w_w4KtbLVgEjMxNJJSujtJSGaQIP1gQAC5MEZi-LAGwcckI0x3kneAjiHTtTnC-54N6s:1uVp4b:tVsJ2e_QmJIfTEKSx6y_wwMRJTFrDw7vj9_0YWkcfYo', '2025-07-13 10:15:45.045603'),
('327espag17ok8mu835t9cj4bwetx2pcf', '.eJxVjMEOwiAQRP-FsyEsLq149N5vILssSNXQpLQn47_bJj1o5jbvzbxVoHUpYW1pDqOoqwJ1-u2Y4jPVHciD6n3ScarLPLLeFX3QpodJ0ut2uH8HhVrZ1ik7BjEskbJwJ0IS8yU7g_3ZoY_AaDl5B1usGEHroUf0YLLvwHj1-QIcpjf4:1vc1vV:wCwZ_s-hUSvtTT6C5wdcuHS65TrguNXyxjNHOMnXBEo', '2026-01-17 13:44:17.495903'),
('3eqqca2a3gfh16lrbo2s5ai36ni9nu3x', '.eJxVjEEOwiAQRe_C2hAKMowu3fcMZGCmUjU0Ke3KeHfbpAvd_vfef6tI61Li2mSOI6ursur0uyXKT6k74AfV-6TzVJd5THpX9EGb7ieW1-1w_w4KtbLVgEjMxNJJSujtJSGaQIP1gQAC5MEZi-LAGwcckI0x3kneAjiHTtTnC-54N6s:1uD2u8:CS6A9BjVJkCZRYnGF6Y-hQDvEibkmRvUR40iv-gpP1E', '2025-05-22 15:11:20.836302'),
('3r8qu51j9lto1ifb2rmnj3lzu48pf56c', '.eJxVjEEOwiAQRe_C2hAKMowu3fcMZGCmUjU0Ke3KeHfbpAvd_vfef6tI61Li2mSOI6ursur0uyXKT6k74AfV-6TzVJd5THpX9EGb7ieW1-1w_w4KtbLVgEjMxNJJSujtJSGaQIP1gQAC5MEZi-LAGwcckI0x3kneAjiHTtTnC-54N6s:1viDZ5:uEbtDmOoDiawwsd_2UMEckFzU6yy6ddOcvwf9_8JF4A', '2026-02-03 15:22:43.045071'),
('40hncbsdoo6nbzbxpcsrjoiad82b0zs6', '.eJxVjEEOwiAQRe_C2hAKMowu3fcMZGCmUjU0Ke3KeHfbpAvd_vfef6tI61Li2mSOI6ursur0uyXKT6k74AfV-6TzVJd5THpX9EGb7ieW1-1w_w4KtbLVgEjMxNJJSujtJSGaQIP1gQAC5MEZi-LAGwcckI0x3kneAjiHTtTnC-54N6s:1uI8Gs:gFKUakv_7PygZbNg51lLwPmc76W8NIpQO71vci16YzA', '2025-06-05 15:55:50.682200'),
('47b0uk8fsu98mqqrinoltn2aerq74ykt', '.eJxVjMEOwiAQRP-FsyEsLq149N5vILssSNXQpLQn47_bJj1o5jbvzbxVoHUpYW1pDqOoqwJ1-u2Y4jPVHciD6n3ScarLPLLeFX3QpodJ0ut2uH8HhVrZ1ik7BjEskbJwJ0IS8yU7g_3ZoY_AaDl5B1usGEHroUf0YLLvwHj1-QIcpjf4:1vWCtZ:Lohs3CngP0b-xzha9RhaeoMR1535CiP3PTa77Lk9XO0', '2026-01-01 12:14:13.059835'),
('5052jpcdj9l398pvpbg3t06sv0vsb8f3', '.eJxVjMEOwiAQRP-FsyEsLq149N5vILssSNXQpLQn47_bJj1o5jbvzbxVoHUpYW1pDqOoqwJ1-u2Y4jPVHciD6n3ScarLPLLeFX3QpodJ0ut2uH8HhVrZ1ik7BjEskbJwJ0IS8yU7g_3ZoY_AaDl5B1usGEHroUf0YLLvwHj1-QIcpjf4:1vI8r5:VjSww_pGVKAeQSdVP4lmoO29RWc7s-kiotJUI4hQMB0', '2025-11-23 17:05:31.991977'),
('5ux9va6n25a1ubgje1mjwe53zcsdqrbu', '.eJxVjEEOwiAQRe_C2hAKMowu3fcMZGCmUjU0Ke3KeHfbpAvd_vfef6tI61Li2mSOI6ursur0uyXKT6k74AfV-6TzVJd5THpX9EGb7ieW1-1w_w4KtbLVgEjMxNJJSujtJSGaQIP1gQAC5MEZi-LAGwcckI0x3kneAjiHTtTnC-54N6s:1vsjqu:8syMg3x5NB1MzqotsAXPHMqPqkSJQoqhDTHXrJg-I4M', '2026-03-04 15:52:36.483489'),
('78v42nnf4jx9njj319jx0kwyiay3kl7q', '.eJxVjMEOwiAQRP-FsyEsLq149N5vILssSNXQpLQn47_bJj1o5jbvzbxVoHUpYW1pDqOoqwJ1-u2Y4jPVHciD6n3ScarLPLLeFX3QpodJ0ut2uH8HhVrZ1ik7BjEskbJwJ0IS8yU7g_3ZoY_AaDl5B1usGEHroUf0YLLvwHj1-QIcpjf4:1vh30y:iWemAlfxvIGj-taKKkgbnI-LxtBVE8VjC0jSKTIK_S8', '2026-01-31 09:54:40.963792'),
('7u6vruoxhd7xvzvvwqpko3xlhaaxvzgf', '.eJxVjEEOwiAQRe_C2hAKMowu3fcMZGCmUjU0Ke3KeHfbpAvd_vfef6tI61Li2mSOI6ursur0uyXKT6k74AfV-6TzVJd5THpX9EGb7ieW1-1w_w4KtbLVgEjMxNJJSujtJSGaQIP1gQAC5MEZi-LAGwcckI0x3kneAjiHTtTnC-54N6s:1vl6OJ:WQhyGyN4Pz-vv4F88gRmL6MjX2p1bI5D97Xq66hkRMc', '2026-02-11 14:19:31.445516'),
('80n829ukq8olhl2rhfdcciejckh2e8nw', '.eJxVjEEOgjAQRe_StWloOzCDS_eegUw7U0FNSSisjHdXEha6_e-9_zIDb-s4bFWXYRJzNt6cfrfI6aFlB3Lncpttmsu6TNHuij1otddZ9Hk53L-Dkev4rZuQNUNoE6dIOQfXdtEzUqLOkSpScICIgXpBhi4D9uKCQKNELXgx7w_l0zdm:1w0Kxw:pkw-N6M3VivcLS463_CzkgL_l3luQBFx4O4qwqG9YYo', '2026-03-25 14:55:16.066461'),
('8wascq6j45jenzo4cjtib4vs246z447n', '.eJxVjEEOwiAQRe_C2hAKMowu3fcMZGCmUjU0Ke3KeHfbpAvd_vfef6tI61Li2mSOI6ursur0uyXKT6k74AfV-6TzVJd5THpX9EGb7ieW1-1w_w4KtbLVgEjMxNJJSujtJSGaQIP1gQAC5MEZi-LAGwcckI0x3kneAjiHTtTnC-54N6s:1vsZUb:s6p2hYzQRWWy4TY-nCyzKUtxmieOIlIjXk1P42HaT8o', '2026-03-04 04:48:53.470703'),
('97weqnkbqn2elca8fww35e3dgx3472ah', '.eJxVjEEOwiAQRe_C2hAKMowu3fcMZGCmUjU0Ke3KeHfbpAvd_vfef6tI61Li2mSOI6ursur0uyXKT6k74AfV-6TzVJd5THpX9EGb7ieW1-1w_w4KtbLVgEjMxNJJSujtJSGaQIP1gQAC5MEZi-LAGwcckI0x3kneAjiHTtTnC-54N6s:1uXFit:Zw4DUW9wnWnr1eSPAxy5ZbOWqoBD1ay7mQkjc-LaWGk', '2025-07-17 08:55:15.627361'),
('9fnl7opc9ki2f9xbuqzai6ujpzmuohy6', '.eJxVjEEOwiAQRe_C2hAKMowu3fcMZGCmUjU0Ke3KeHfbpAvd_vfef6tI61Li2mSOI6ursur0uyXKT6k74AfV-6TzVJd5THpX9EGb7ieW1-1w_w4KtbLVgEjMxNJJSujtJSGaQIP1gQAC5MEZi-LAGwcckI0x3kneAjiHTtTnC-54N6s:1uBU6n:Kb891Ca2C5lAHFVeJQ2Wly-E6sFpPyBip5st--tJ0uc', '2025-05-18 07:49:57.596663'),
('9nogpbexqmpifq0bunhmjvaxp01jhc64', '.eJxVjMEOwiAQRP-FsyEsLq149N5vILssSNXQpLQn47_bJj1o5jbvzbxVoHUpYW1pDqOoqwJ1-u2Y4jPVHciD6n3ScarLPLLeFX3QpodJ0ut2uH8HhVrZ1ik7BjEskbJwJ0IS8yU7g_3ZoY_AaDl5B1usGEHroUf0YLLvwHj1-QIcpjf4:1vbvn9:oRP4aieiDGjB649165J3sQ16hSmSX2tTFAG_YzRUgjg', '2026-01-17 07:11:15.306370'),
('dckf9urfra450l3jlhn3sbgxelluofx1', '.eJxVjEEOwiAQRe_C2hAKMowu3fcMZGCmUjU0Ke3KeHfbpAvd_vfef6tI61Li2mSOI6ursur0uyXKT6k74AfV-6TzVJd5THpX9EGb7ieW1-1w_w4KtbLVgEjMxNJJSujtJSGaQIP1gQAC5MEZi-LAGwcckI0x3kneAjiHTtTnC-54N6s:1vIqNv:wZYf1HqBS8u7Ymc9pFljWKdDq7ug-LZKdXEElqvikMA', '2025-11-25 15:34:19.031949'),
('di5nsenmf5yqzfvsej3u3lyu0f8zgi0g', '.eJxVjEEOwiAQRe_C2hAKMowu3fcMZGCmUjU0Ke3KeHfbpAvd_vfef6tI61Li2mSOI6ursur0uyXKT6k74AfV-6TzVJd5THpX9EGb7ieW1-1w_w4KtbLVgEjMxNJJSujtJSGaQIP1gQAC5MEZi-LAGwcckI0x3kneAjiHTtTnC-54N6s:1uCxfT:FuKrVb6pkkQ1yIMED-jBLE3toKLnElh_9rV9M9K06ms', '2025-05-22 09:35:51.775705'),
('dwcn63irbulj3l8nxp9qjnagok4jaofa', '.eJxVjEEOwiAQRe_C2hAKMowu3fcMZGCmUjU0Ke3KeHfbpAvd_vfef6tI61Li2mSOI6ursur0uyXKT6k74AfV-6TzVJd5THpX9EGb7ieW1-1w_w4KtbLVgEjMxNJJSujtJSGaQIP1gQAC5MEZi-LAGwcckI0x3kneAjiHTtTnC-54N6s:1uQ6Ct:ifn6uUlDE10MJ76MWlC5C12KJoozdWtiRY1U90guZIM', '2025-06-27 15:20:39.390813'),
('fbhc01bpoj2iowmp9qpzymfjuuvxsju6', '.eJxVjEEOwiAQRe_C2hAKMowu3fcMZGCmUjU0Ke3KeHfbpAvd_vfef6tI61Li2mSOI6ursur0uyXKT6k74AfV-6TzVJd5THpX9EGb7ieW1-1w_w4KtbLVgEjMxNJJSujtJSGaQIP1gQAC5MEZi-LAGwcckI0x3kneAjiHTtTnC-54N6s:1vYQw0:-5-ID9B8OPUZ6kQEJcjH5v9YM0JJw6hyGxO0vfmlAgQ', '2026-01-07 15:37:56.927893'),
('fjskkqtr85j10npcgj5ebmk0vkq043vn', '.eJxVjEEOwiAQRe_C2hAKMowu3fcMZGCmUjU0Ke3KeHfbpAvd_vfef6tI61Li2mSOI6ursur0uyXKT6k74AfV-6TzVJd5THpX9EGb7ieW1-1w_w4KtbLVgEjMxNJJSujtJSGaQIP1gQAC5MEZi-LAGwcckI0x3kneAjiHTtTnC-54N6s:1uEMnQ:fuMdEgScLMVdDtq8KeJvXBJeZzjzyEm--YfEOtz39SQ', '2025-05-26 06:37:52.181208'),
('hrlyjt485p707q6yyf9qt2b2t562xjsy', '.eJxVjEEOwiAQRe_C2hAKMowu3fcMZGCmUjU0Ke3KeHfbpAvd_vfef6tI61Li2mSOI6ursur0uyXKT6k74AfV-6TzVJd5THpX9EGb7ieW1-1w_w4KtbLVgEjMxNJJSujtJSGaQIP1gQAC5MEZi-LAGwcckI0x3kneAjiHTtTnC-54N6s:1uPdBA:miCA3HSOXwhfaKlRFNXA9BMB7GGx2kq0ai9O_o1bhVk', '2025-06-26 08:20:56.798441'),
('i6f5k85n26rmfp71uhl8d8n40lrgn9s1', '.eJxVjMEOwiAQRP-FsyEsLq149N5vILssSNXQpLQn47_bJj1o5jbvzbxVoHUpYW1pDqOoqwJ1-u2Y4jPVHciD6n3ScarLPLLeFX3QpodJ0ut2uH8HhVrZ1ik7BjEskbJwJ0IS8yU7g_3ZoY_AaDl5B1usGEHroUf0YLLvwHj1-QIcpjf4:1vCd24:_GyIJTqpBPpVxVkZl2DQJR71ucQ7AGtKIb-jQnnwGdg', '2025-11-08 12:06:04.835905'),
('idz6zubogtcxy8y5al2sj9fquya26rvl', '.eJxVjEEOwiAQRe_C2hAKMowu3fcMZGCmUjU0Ke3KeHfbpAvd_vfef6tI61Li2mSOI6ursur0uyXKT6k74AfV-6TzVJd5THpX9EGb7ieW1-1w_w4KtbLVgEjMxNJJSujtJSGaQIP1gQAC5MEZi-LAGwcckI0x3kneAjiHTtTnC-54N6s:1vTMCQ:WcJHXRKCszuVmQApPDMTKa8iB5kx-F_sJj3E8axuuoE', '2025-12-24 15:33:54.627427'),
('kuiuoho29zmi3qaek062r76df5n0ubfe', '.eJxVjEEOwiAQRe_C2hAKMowu3fcMZGCmUjU0Ke3KeHfbpAvd_vfef6tI61Li2mSOI6ursur0uyXKT6k74AfV-6TzVJd5THpX9EGb7ieW1-1w_w4KtbLVgEjMxNJJSujtJSGaQIP1gQAC5MEZi-LAGwcckI0x3kneAjiHTtTnC-54N6s:1uWdkh:_GMQ0VHwrrlmzOOqd7DAKgv3HC8UdjDfJfvFJE7tNkI', '2025-07-15 16:22:35.231329'),
('lyy2c9e94r2uwqot93rywgmoy5wp8glq', '.eJxVjMEOwiAQRP-FsyEsLq149N5vILssSNXQpLQn47_bJj1o5jbvzbxVoHUpYW1pDqOoqwJ1-u2Y4jPVHciD6n3ScarLPLLeFX3QpodJ0ut2uH8HhVrZ1ik7BjEskbJwJ0IS8yU7g_3ZoY_AaDl5B1usGEHroUf0YLLvwHj1-QIcpjf4:1vtVHa:4usvAzQfupSx5mHJOr0pgOp0IqS2M2OIrvbDc7a09fw', '2026-03-06 18:31:18.395300'),
('mjawmu93yyyu2qysm0st7jsqidt3a95g', '.eJxVjMEOwiAQRP-FsyEsLq149N5vILssSNXQpLQn47_bJj1o5jbvzbxVoHUpYW1pDqOoqwJ1-u2Y4jPVHciD6n3ScarLPLLeFX3QpodJ0ut2uH8HhVrZ1ik7BjEskbJwJ0IS8yU7g_3ZoY_AaDl5B1usGEHroUf0YLLvwHj1-QIcpjf4:1vOri4:YguhbI-d-IzTo89MBdC3_V886IBKeXBYyRX5nNt2Bnk', '2025-12-12 06:12:00.021241'),
('mz8dqjkmyvq1p5o0fcegx5igtr4r3oej', '.eJxVjEEOwiAQRe_C2hAKMowu3fcMZGCmUjU0Ke3KeHfbpAvd_vfef6tI61Li2mSOI6ursur0uyXKT6k74AfV-6TzVJd5THpX9EGb7ieW1-1w_w4KtbLVgEjMxNJJSujtJSGaQIP1gQAC5MEZi-LAGwcckI0x3kneAjiHTtTnC-54N6s:1viSjL:J24ta0gn3IvLBzPvHeyvd2IFcdpuNCzhPfIcZ3G6oEE', '2026-02-04 07:34:19.394167'),
('p50vw3ykx62hojm3xbzhhmz3gnnj4t9l', '.eJxVjEEOwiAQRe_C2hAKMowu3fcMZGCmUjU0Ke3KeHfbpAvd_vfef6tI61Li2mSOI6ursur0uyXKT6k74AfV-6TzVJd5THpX9EGb7ieW1-1w_w4KtbLVgEjMxNJJSujtJSGaQIP1gQAC5MEZi-LAGwcckI0x3kneAjiHTtTnC-54N6s:1uKKry:Wzwj3QsZyPpMssa8ABbT4R8oqVyi_9lO8hULdP8mMxA', '2025-06-11 17:47:14.843043'),
('pnmc3mjekbs7zm75580dr6wi31s8m5ws', '.eJxVjEEOwiAQRe_C2hAKMowu3fcMZGCmUjU0Ke3KeHfbpAvd_vfef6tI61Li2mSOI6ursur0uyXKT6k74AfV-6TzVJd5THpX9EGb7ieW1-1w_w4KtbLVgEjMxNJJSujtJSGaQIP1gQAC5MEZi-LAGwcckI0x3kneAjiHTtTnC-54N6s:1ulU7P:H3zFx0rwYuyD5cXqxllktGPQtk8JOPv2BD1SXb5XuOg', '2025-08-25 15:07:23.653834'),
('progumsk6e794y6qtds5pzpbp2i3gic1', '.eJxVjEEOwiAQRe_C2hAKMowu3fcMZGCmUjU0Ke3KeHfbpAvd_vfef6tI61Li2mSOI6ursur0uyXKT6k74AfV-6TzVJd5THpX9EGb7ieW1-1w_w4KtbLVgEjMxNJJSujtJSGaQIP1gQAC5MEZi-LAGwcckI0x3kneAjiHTtTnC-54N6s:1voNXy:eWI0O2zR4cKKfuHC-bSp_sWurTYttqRm0BITSx8i_ec', '2026-02-20 15:15:02.698888'),
('qxutk8ieosph588aoq2ml1ps721r3fnq', '.eJxVjEEOwiAQRe_C2hAKMowu3fcMZGCmUjU0Ke3KeHfbpAvd_vfef6tI61Li2mSOI6ursur0uyXKT6k74AfV-6TzVJd5THpX9EGb7ieW1-1w_w4KtbLVgEjMxNJJSujtJSGaQIP1gQAC5MEZi-LAGwcckI0x3kneAjiHTtTnC-54N6s:1vDl92:__eOMZ1MaIBJ2BSa67B9e7hlvLqoLxnUt33iigfNV9E', '2025-11-11 14:57:56.444305'),
('sddii5wmapf21arqvzrgil39rc040dtg', '.eJxVjEEOgjAQRe_StWloOzCDS_eegUw7U0FNSSisjHdXEha6_e-9_zIDb-s4bFWXYRJzNt6cfrfI6aFlB3Lncpttmsu6TNHuij1otddZ9Hk53L-Dkev4rZuQNUNoE6dIOQfXdtEzUqLOkSpScICIgXpBhi4D9uKCQKNELXgx7w_l0zdm:1vuQY3:ZOeITxX558xq_cLdiYexYbNBTEiju5l2sOgN_3R6lZA', '2026-03-09 07:40:07.406393'),
('shj2n68y3fl56pgbmsbptvc1d2dx5b0b', '.eJxVjEEOwiAQRe_C2hAKMowu3fcMZGCmUjU0Ke3KeHfbpAvd_vfef6tI61Li2mSOI6ursur0uyXKT6k74AfV-6TzVJd5THpX9EGb7ieW1-1w_w4KtbLVgEjMxNJJSujtJSGaQIP1gQAC5MEZi-LAGwcckI0x3kneAjiHTtTnC-54N6s:1utSJb:HJeTkBYbEU-NdzhotKpqj3Hhoe_fLxwAbvefT2XEItk', '2025-09-16 14:48:55.431653'),
('tdddmszjrs4lg09u35byj7g81p19efkk', '.eJxVjEEOwiAQRe_C2hAKMowu3fcMZGCmUjU0Ke3KeHfbpAvd_vfef6tI61Li2mSOI6ursur0uyXKT6k74AfV-6TzVJd5THpX9EGb7ieW1-1w_w4KtbLVgEjMxNJJSujtJSGaQIP1gQAC5MEZi-LAGwcckI0x3kneAjiHTtTnC-54N6s:1uEMrD:xPHfRGhYDUjnj-xdPftnwbKsV7m9sLSr38Cu1TYSYpI', '2025-05-26 06:41:47.260537'),
('tfe9euw72n27nmg4wghri027l6hxtsx4', '.eJxVjEEOwiAQRe_C2hAKMowu3fcMZGCmUjU0Ke3KeHfbpAvd_vfef6tI61Li2mSOI6ursur0uyXKT6k74AfV-6TzVJd5THpX9EGb7ieW1-1w_w4KtbLVgEjMxNJJSujtJSGaQIP1gQAC5MEZi-LAGwcckI0x3kneAjiHTtTnC-54N6s:1uXNPh:dTn7TSjkrTALi8SDM6ZqyTZrGqm46-4UYHQCtyhh_qA', '2025-07-17 17:07:57.537163'),
('uxd5i0ge25h3a1zc6b3ngqjmpmhpri8n', '.eJxVjEEOwiAQRe_C2hAKMowu3fcMZGCmUjU0Ke3KeHfbpAvd_vfef6tI61Li2mSOI6ursur0uyXKT6k74AfV-6TzVJd5THpX9EGb7ieW1-1w_w4KtbLVgEjMxNJJSujtJSGaQIP1gQAC5MEZi-LAGwcckI0x3kneAjiHTtTnC-54N6s:1uBRMv:GiTlnRWqP3lTjbiFFldJiMYVwYNHUkwRG_XU03N3idc', '2025-05-18 04:54:25.750673'),
('w2igacfqckmnzenzwy32grzlgw7rpshh', '.eJxVjMEOwiAQRP-FsyEsLq149N5vILssSNXQpLQn47_bJj1o5jbvzbxVoHUpYW1pDqOoqwJ1-u2Y4jPVHciD6n3ScarLPLLeFX3QpodJ0ut2uH8HhVrZ1ik7BjEskbJwJ0IS8yU7g_3ZoY_AaDl5B1usGEHroUf0YLLvwHj1-QIcpjf4:1vsL9n:WGpGnpZgErRmrHcW_KEjjFL03bofdvFi28zISGuQP08', '2026-03-03 13:30:27.596412'),
('xr8g5y0b42ci1x7sw5vkx4ii3001xi9o', '.eJxVjMEOwiAQRP-FsyEsLq149N5vILssSNXQpLQn47_bJj1o5jbvzbxVoHUpYW1pDqOoqwJ1-u2Y4jPVHciD6n3ScarLPLLeFX3QpodJ0ut2uH8HhVrZ1ik7BjEskbJwJ0IS8yU7g_3ZoY_AaDl5B1usGEHroUf0YLLvwHj1-QIcpjf4:1u4Ith:5C0IvyeE-1c3JA8EH2Q9INwWt_L62KfHlyJMs3He3pM', '2025-04-28 12:26:45.518230'),
('yde4pndogsggdatl2sf8kfg5o13i8js8', '.eJxVjEEOwiAQRe_C2hAKMowu3fcMZGCmUjU0Ke3KeHfbpAvd_vfef6tI61Li2mSOI6ursur0uyXKT6k74AfV-6TzVJd5THpX9EGb7ieW1-1w_w4KtbLVgEjMxNJJSujtJSGaQIP1gQAC5MEZi-LAGwcckI0x3kneAjiHTtTnC-54N6s:1vsKVm:Ty5YHOSYRgVr4tIsINp4KGCVYLqd3ef2NfJmvKmtsWs', '2026-03-03 12:49:06.370152'),
('ykw981dnwe6btjxlf036hxu8k6r1lulx', '.eJxVjEEOwiAQRe_C2hAKMowu3fcMZGCmUjU0Ke3KeHfbpAvd_vfef6tI61Li2mSOI6ursur0uyXKT6k74AfV-6TzVJd5THpX9EGb7ieW1-1w_w4KtbLVgEjMxNJJSujtJSGaQIP1gQAC5MEZi-LAGwcckI0x3kneAjiHTtTnC-54N6s:1uI7wa:J7VJKIrT3s3GTxK9aPb0wVg3V8MJu5NQ3l9jtCamr0g', '2025-06-05 15:34:52.389028'),
('zcx96y8dpjfsrjgljaytyn5stvwcrqt9', '.eJxVjEEOwiAQRe_C2hAKMowu3fcMZGCmUjU0Ke3KeHfbpAvd_vfef6tI61Li2mSOI6ursur0uyXKT6k74AfV-6TzVJd5THpX9EGb7ieW1-1w_w4KtbLVgEjMxNJJSujtJSGaQIP1gQAC5MEZi-LAGwcckI0x3kneAjiHTtTnC-54N6s:1vpMCZ:x4XeB_helnFt3vraAbWqEA7G7IIK2txNKZ-0wE4wlqE', '2026-02-23 08:00:59.179584'),
('zicq6egqm8ebm7bcw0sfndhqh2wtiedt', '.eJxVjEEOwiAQRe_C2hAKMowu3fcMZGCmUjU0Ke3KeHfbpAvd_vfef6tI61Li2mSOI6ursur0uyXKT6k74AfV-6TzVJd5THpX9EGb7ieW1-1w_w4KtbLVgEjMxNJJSujtJSGaQIP1gQAC5MEZi-LAGwcckI0x3kneAjiHTtTnC-54N6s:1uF6Oa:EBU5VYp36QiupQj_NYzMi9D1-fyo8byFbQWubXt5oLQ', '2025-05-28 07:19:16.799512');

-- --------------------------------------------------------

--
-- Table structure for table `django_site`
--

CREATE TABLE `django_site` (
  `id` int(11) NOT NULL,
  `domain` varchar(100) NOT NULL,
  `name` varchar(50) NOT NULL
) ENGINE=InnoDB DEFAULT CHARSET=utf8mb4 COLLATE=utf8mb4_general_ci;

--
-- Dumping data for table `django_site`
--

INSERT INTO `django_site` (`id`, `domain`, `name`) VALUES
(1, 'example.com', 'example.com');

-- --------------------------------------------------------

--
-- Table structure for table `menuApp_aboutus`
--

CREATE TABLE `menuApp_aboutus` (
  `id` bigint(20) NOT NULL,
  `first_content` longtext NOT NULL,
  `image` varchar(100) NOT NULL,
  `alt_text` varchar(100) DEFAULT NULL,
  `second_heading` varchar(500) NOT NULL,
  `second_content` longtext DEFAULT NULL,
  `third_heading` varchar(500) NOT NULL,
  `third_content` longtext DEFAULT NULL
) ENGINE=InnoDB DEFAULT CHARSET=latin1 COLLATE=latin1_swedish_ci;

--
-- Dumping data for table `menuApp_aboutus`
--

INSERT INTO `menuApp_aboutus` (`id`, `first_content`, `image`, `alt_text`, `second_heading`, `second_content`, `third_heading`, `third_content`) VALUES
(1, '<p style=\"text-align:center\"><span style=\"font-size:14px\">Get Your Menu creates sustainable, stylish and delectable catering for all occasions and reasons. We help create beautiful memories for our clients with our culinary extravaganzas. We are a subsidiary of Get Your Venue, Your Venue Partner for Diverse Events and Occasions.<br />\r\nGet Your Menu, leading caterer in Delhi has been consistently and continually creating scrumptious and stylish delicacies and catering solutions since its inception. We started with Get Your Menu venture after accumulating years of catering experience with some of the best catering brands in the business. In a very short time, we have successfully built a base for designing and catering delicious foods for a variety of events, completing 205 outdoor caterings besides catering solutions provided at our 3 major venues and still counting. Average experience of every staff member is 12.5 years forming a highly dedicated and professional service and operations team. When it comes to quality and sustainability, we take a very serious view and ensure that the best in the business quality standards are adhered to. It is what has helped us gained robust credibility and reputation in the niche.</span></p>', 'aboutus/about.jpg', 'About Get Your Menu catering company', 'WHAT SETS US APART', '<p>We aim at combining our love for providing our esteemed clients with delicious and stylish food with professional event management services. We look forward to design and present the ultimate bespoke catering services for diverse events.</p>', 'OUR VISION', '<p style=\"text-align:center\">We aim at combining our love for providing our esteemed clients with delicious and stylish food with professional event management services. We look forward to design and present the ultimate bespoke catering services for diverse events.</p>');

-- --------------------------------------------------------

--
-- Table structure for table `menuApp_addfunctionmodel`
--

CREATE TABLE `menuApp_addfunctionmodel` (
  `id` bigint(20) NOT NULL,
  `function_name` varchar(100) NOT NULL,
  `meta_title` varchar(100) NOT NULL,
  `meta_keywords` varchar(500) NOT NULL,
  `meta_description` varchar(500) NOT NULL,
  `slug` varchar(50) DEFAULT NULL,
  `title` varchar(100) DEFAULT NULL
) ENGINE=InnoDB DEFAULT CHARSET=latin1 COLLATE=latin1_swedish_ci;

--
-- Dumping data for table `menuApp_addfunctionmodel`
--

INSERT INTO `menuApp_addfunctionmodel` (`id`, `function_name`, `meta_title`, `meta_keywords`, `meta_description`, `slug`, `title`) VALUES
(2, 'Wedding', 'Wedding Ceremony', 'Wedding Ceremony', 'Wedding Ceremony', 'wedding', 'Wedding'),
(3, 'Cocktail-Ceremony', 'Cocktail Ceremony', 'Cocktail Ceremony', 'Cocktail Ceremony', 'cocktail-ceremony', 'Cocktail'),
(4, 'Birthday', 'Birthday', 'Birthday', 'Birthday', 'birthday-caterers', 'Birthday'),
(5, 'Social-Event', 'Social Event', 'Social Event', 'Social Event', 'Social-Event', 'Social Event'),
(6, 'Corporate', 'Corporate', 'Corporate', 'Corporate', 'Corporate-menu', 'Corporate'),
(7, 'Ring-Ceremony', 'Ring Ceremony', 'Ring Ceremony', 'Ring Ceremony', 'Ring-Ceremony', 'Ring Ceremony'),
(9, 'Mehndi-Ceremony', 'Mehndi Ceremony', 'Mehndi Ceremony', 'Mehndi Ceremony', 'Mehndi-Ceremony', 'Mehndi Ceremony'),
(11, 'Sangeet-Ceremony', 'Sangeet Ceremony', 'Sangeet Ceremony', 'Sangeet Ceremony', 'Sangeet-Ceremony', 'Sangeet Ceremony'),
(13, 'Reception', 'Reception ceremony', 'Reception ceremony', 'Reception ceremony', 'Reception', 'Reception');

-- --------------------------------------------------------

--
-- Table structure for table `menuApp_add_elements`
--

CREATE TABLE `menuApp_add_elements` (
  `id` bigint(20) NOT NULL,
  `name` varchar(100) NOT NULL,
  `description` longtext DEFAULT NULL,
  `image` varchar(100) NOT NULL,
  `alt_text` varchar(100) DEFAULT NULL,
  `slug` varchar(50) DEFAULT NULL,
  `date` datetime(6) NOT NULL,
  `category_name_id` bigint(20) DEFAULT NULL
) ENGINE=InnoDB DEFAULT CHARSET=latin1 COLLATE=latin1_swedish_ci;

--
-- Dumping data for table `menuApp_add_elements`
--

INSERT INTO `menuApp_add_elements` (`id`, `name`, `description`, `image`, `alt_text`, `slug`, `date`, `category_name_id`) VALUES
(48, 'Juice', '<p>Juices at weddings are a delightful addition to the beverage menu, providing refreshing and flavorful options for guests of all ages. While weddings are often associated with champagne toasts and alcoholic beverages, offering a variety of juices is a thoughtful gesture that caters to different tastes and preferences. Whether it&#39;s during the cocktail hour, alongside the main meal, or as part of a designated juice bar, these non-alcoholic beverages add a touch of elegance and creativity to the celebration.</p>\r\n\r\n<p>A freshly squeezed juice station can be an interactive and refreshing addition to warm-weather weddings.From light and refreshing blends to more complex and flavorful options, the juice pairings add a delightful dimension to the wedding feast.Providing a variety of juices will cater to the diverse tastes of guests, ensuring everyone has something delightful to sip on during this joyous occasion. Juices add vibrancy and a sense of healthful indulgence to the wedding experience, making them a wonderful addition to any celebration.</p>', 'category_of_menu/main.jpg', 'glass of cranberry juice', 'juices', '2023-05-05 16:15:41.430298', 1),
(49, 'Mocktail', '<p>Mocktails are like the non-alcoholic rockstars of the beverage world, bringing a blast of flavors and fun to the party without any booze. They&#39;ve become a must-have at weddings because they&#39;re super inclusive. You know, not everyone wants to sip on alcohol, and mocktails make sure everyone gets to enjoy a tasty drink that fits the vibe of the celebration.<br />\r\n<br />\r\nSo, why are they so important? Well, besides being all-inclusive, they bring a touch of class to the party. No kidding! Mocktails can be jazzed up to match the wedding theme or colors, making them look fancy and Instagram-worthy. Plus, let&#39;s not forget that they keep things safe and sound. Nobody wants a wild wedding turning into a booze-fueled bonanza! With mocktails, everyone can have a blast without worrying about going overboard.<br />\r\n&nbsp;</p>\r\n\r\n<p>And guess what? These virgin cocktails come with some extra health perks. Fresh fruits, herbs, and all-natural goodies make the magic happen. They&#39;re like the superhero version of drinks, packed with vitamins, antioxidants, and hydration powers. Say goodbye to nasty hangovers, folks! It&#39;s all about feeling refreshed and ready to rock the dance floor!But that&#39;s not all. Mocktails can be tailored to suit any dietary needs. Vegans, gluten-free peeps, or those on a sugar-free kick &ndash; there&#39;s a mocktail for everyone! So, the next time you&#39;re at a wedding and see those colorful, booze-free concoctions on the menu, give &#39;em a shot! They&#39;re the perfect toast to love, happiness, and having a good ol&#39; time, no matter what your drink of choice is!</p>', 'category_of_menu/mocktail_main.jpg', 'glass of cranberry mocktail', 'mocktails', '2023-05-05 16:16:21.886268', 1),
(50, 'Shakes', '<p>Alright, let&#39;s shake things up and talk about shakes at weddings! Shakes are like the cool, creamy cousins of mocktails, adding a delicious twist to the beverage game. These bad boys have been stealing hearts at weddings because, well, who doesn&#39;t love a good ol&#39; milkshake, right? They&#39;re all about bringing joy and a touch of nostalgia to the party.<br />\r\n<br />\r\nShakes might sound indulgent, but they can actually be pretty wholesome. Picture this: fresh fruits, nuts, and all that calcium-rich goodness from the milk or plant-based alternatives. It&#39;s like a sneaky way to get some nutrients while enjoying a yummy treat. Plus, shakes can be customized to fit different dietary needs. Vegan? No problem! Lactose intolerant? We got you covered! So, guests can sip on shakes guilt-free, knowing they&#39;re getting some real nourishment.<br />\r\n<br />\r\nShakes are the ultimate crowd-pleasers! Imagine a dessert table with a variety of shake flavors &ndash; chocolate, strawberry, vanilla, banana, the list goes on. Everyone gets to pick their favorite flavor and top it with goodies like whipped cream, sprinkles, or even a cherry on top.They&#39;re a surefire way to spread smiles and add some wholesome sweetness to the celebration. Sip, savor, and enjoy the happiness in every shake-filled moment!</p>', 'category_of_menu/shakes_main.jpg', 'a glass of chocolate shake', 'Shakes', '2023-05-05 16:16:49.558804', 1),
(51, 'Punches', '<p>Punches have been a favorite at weddings for ages because they&#39;re the ultimate crowd-pleasers.These flavorful and fruity concoctions are like the life of the party, adding a big splash of deliciousness to the mix.Punches create a sense of camaraderie and celebration. They&#39;re the center of attention, and they set the mood for a fun and memorable time.<br />\r\n<br />\r\nPunches can be surprisingly healthy.&nbsp;Many punch recipes are loaded with fresh fruits and juices, packing a punch of vitamins and antioxidants. Plus, some punches even include herbal infusions or ginger, which can be great for digestion and overall well-being. It&#39;s like sipping on something tasty and nourishing at the same time!<br />\r\n<br />\r\nPunch bowls filled with colorful fruits and ice cubes look oh-so-pretty on the drink station. They add that extra touch of elegance to the wedding setup and make for some insta-worthy photos!</p>', 'category_of_menu/punch_main.jpg', 'a small glass of watermelon juice', 'punches', '2023-05-13 02:32:01.848739', 1),
(52, 'Refreshments', '<p>Let&#39;s talk about those refreshing desi delights at weddings &ndash; chaach, aam panna, coconut water, and jaljeera! These traditional drinks bring a burst of flavors and a taste of home to the celebration. They&#39;re like the cool breeze on a hot summer day, instantly lifting everyone&#39;s spirits.</p>\r\n\r\n<p>So, why are these desi refreshments so important at weddings? Well, they&#39;re all about celebrating our roots and embracing our culture. These drinks have been part of our traditions for generations, and having them at weddings adds a touch of nostalgia and authenticity to the event. It&#39;s like sipping on a bit of our heritage while making beautiful memories with loved ones.</p>\r\n\r\n<p>But it&#39;s not just about the sentimental value &ndash; these drinks come with some awesome health benefits too! Take chaach, for instance &ndash; it&#39;s like the desi version of a probiotic drink. Packed with gut-friendly bacteria, it aids digestion and keeps our tummy happy. And aam panna? It&#39;s a powerhouse of vitamins and electrolytes, perfect for keeping us hydrated in the scorching heat.</p>\r\n\r\n<p>Coconut water is like nature&#39;s sports drink, loaded with potassium and electrolytes, great for rehydrating after all those dance moves on the dance floor. And let&#39;s not forget about jaljeera &ndash; that tangy, spicy goodness is not only refreshing but also helps with digestion and metabolism. So, these drinks aren&#39;t just tasty, they&#39;re also doing our bodies good!<br />\r\n<br />\r\nWhen you spot those earthen pots or cute little glasses filled with these desi refreshments at a wedding, don&#39;t hesitate to indulge! They&#39;re not just beverages; they&#39;re a celebration of our culture, our health, and our love for all things delicious. So, sip, savor, and relish the taste of tradition and well-being at every wedding you attend.</p>', 'category_of_menu/refres_main.jpg', 'a pitcher of lemonade', 'refreshments', '2023-05-13 02:32:37.355123', 1),
(53, 'Tea', '<p>Incorporating a tea station into wedding menus adds a calming and sophisticated element, offering guests a refreshing way to unwind between celebrations. Known for its versatility and cultural significance, tea provides a comforting experience that complements both sweet and savory dishes. Whether served during the reception or as part of a dedicated tea lounge, this elegant addition enhances the wedding feast with warmth and charm. &nbsp;</p>\r\n\r\n<p>Featuring a variety of options, couples can offer classics like masala chai, Earl Grey, and jasmine tea, along with soothing herbal blends such as chamomile, mint, and hibiscus. For a unique touch, iced teas and signature tea-infused mocktails can also be included, ensuring there&rsquo;s something for every guest to enjoy. &nbsp;</p>\r\n\r\n<p>A tea station encourages guests to customize their experience with choices of milk, sugar, honey, lemon, and aromatic spices. Accompanying the tea with biscuits, macarons, or traditional Indian sweets elevates the experience, creating a perfect moment of relaxation amidst the festivities. &nbsp;</p>\r\n\r\n<p>Including tea at weddings reflects the couple&rsquo;s desire to offer a thoughtful and intimate experience. This cozy addition ensures a delightful pause in the celebration, leaving guests with fond memories of shared moments over every soothing cup.</p>', 'category_of_menu/tea-main.jpg', 'cups pf tea being poured', 'tea-coffee', '2023-05-13 02:33:23.293832', 1),
(54, 'Indian', '<p>Fruits are a refreshing and meaningful addition to Indian wedding feasts, offering a perfect balance of health, flavor, and tradition. While rich dishes and sweets often take center stage, fruits provide a light and colorful option for guests of all ages. Whether displayed in fruit platters, welcome baskets, or as part of a fruit bar, they add elegance and variety to the celebration. &nbsp;</p>\r\n\r\n<p>Interactive fruit stations, where guests can customize their bowls or try exotic options, are becoming a popular trend. Fruit-infused drinks or desserts made with fresh produce also add a creative, natural touch to the menu. &nbsp;</p>\r\n\r\n<p>Including fruits reflects the couple&rsquo;s gesture of hospitality, blending health with tradition and ensuring that everyone has a delightful experience. This thoughtful addition enhances the wedding feast, making the celebration as refreshing and joyous as it is memorable.</p>', 'category_of_menu/indian_p8F1o5S.jpg', 'a bowl of cut indian fruit', 'indian-fruit', '2023-05-13 02:36:47.794428', 2),
(55, 'Imported', '<p>&nbsp;Incorporating imported fruits into Indian weddings adds a touch of luxury, offering unique flavors and sophistication to the festivities. While traditional fruits remain popular, exotic varieties elevate the menu and provide guests with a refreshing change. Whether featured in lavish displays, welcome hampers, or dessert bars, these fruits add elegance and indulgence to the celebration. &nbsp;</p>\r\n\r\n<p>Imported fruits fit seamlessly into every wedding event, from cocktails to dessert counters. Fruit-infused drinks and exotic desserts offer guests a delightful culinary journey, while interactive fruit stations allow personalized selections. &nbsp;</p>\r\n\r\n<p>By incorporating imported fruits, couples create a blend of global flavors and Indian hospitality, ensuring a memorable experience. These fruits symbolize a commitment to offering the best, making the celebration both refreshing and luxurious for all who attend.</p>', 'category_of_menu/imported.jpg', 'a bowl of berries', 'imported-fruit', '2023-05-13 02:37:47.896652', 2),
(56, 'Regional', '<p>Regional chaats bring a lively, flavorful twist to Indian weddings, blending tradition with street-food charm. Known for their tangy, spicy, and sweet flavors, chaats are perfect for delighting guests of all ages. Whether served as appetizers, at interactive food stalls, or as late-night snacks, these delicacies add variety and excitement to the celebration. &nbsp;</p>\r\n\r\n<p>North Indian favorites like Aloo Tikki Chaat and Papdi Chaat, topped with yogurt and tamarind chutney, offer richness and indulgence. Pani Puri or Golgappa counters are always popular, letting guests customize their puris with flavorful waters. From Mumbai&rsquo;s streets, Bhel Puri and Ragda Pattice add crunch and spice to the menu. &nbsp;</p>\r\n\r\n<p>South Indian options like Masala Puri and Dahi Puri bring unique textures, while Rajasthani Kachori Chaat offers a crispy, savory delight. Interactive chaat stations allow guests to experiment with toppings and spice levels, adding a personalized touch. &nbsp;</p>\r\n\r\n<p>Chaats do more than satisfy cravings&mdash;they evoke nostalgia and reflect the diversity of Indian cuisine. Including regional chaats ensures the wedding menu is both vibrant and memorable, creating an authentic, fun-filled culinary experience that guests will savor.</p>', 'category_of_menu/reg_chaat_main.jpg', 'a plate of regional chaat dish', 'regional', '2023-05-13 02:39:16.016008', 3),
(58, 'Lebanese', '<p>Incorporating Lebanese cuisine into Indian weddings adds a delightful Mediterranean flair, enriching the culinary experience with bold flavors and fresh ingredients. Known for its vibrant dishes and emphasis on health, Lebanese food offers a unique twist that appeals to diverse palates. Whether served at buffet stations, as appetizers, or during late-night food breaks, these dishes enhance the wedding celebration with a touch of elegance. &nbsp;</p>\r\n\r\n<p>Classic mezze platters, featuring hummus, baba ghanoush, and tabbouleh, invite guests to explore a variety of tastes and textures. Stuffed grape leaves (dolmas) and savory pastries like sambousek are perfect finger foods that add sophistication to the spread. &nbsp;</p>\r\n\r\n<p>Main dishes such as grilled kebabs, spiced rice pilaf, and shawarma bring heartiness and warmth to the meal, while vegetarian options like mujadara (lentils and rice) cater to diverse dietary preferences. A live station serving freshly made pita bread and za&#39;atar enhances the interactive dining experience, allowing guests to customize their meals. &nbsp;</p>\r\n\r\n<p>Incorporating Lebanese cuisine at Indian weddings offers a vibrant culinary journey that blends tradition with innovation, creating an unforgettable dining experience. This fusion not only enriches the menu but also reflects the couple&rsquo;s desire to share the joys of diverse flavors with their guests.</p>', 'category_of_menu/lebanese-main.jpg', 'a plate full of salad and falafel', 'lebanese', '2023-05-13 02:44:39.637760', 4),
(59, 'Pizzas', '<p>Incorporating pizzas into Indian weddings adds a fun and interactive element to the culinary experience, appealing to guests of all ages. Known for their versatility and universal appeal, pizzas offer a delightful twist that complements traditional wedding fare. Whether served at live cooking stations, as appetizers, or during late-night snack sessions, pizzas bring a casual yet indulgent touch to the celebration. &nbsp;</p>\r\n\r\n<p>A variety of toppings can cater to diverse tastes, from classic margherita and pepperoni to gourmet options like tandoori chicken, paneer tikka, and roasted vegetables. Guests can enjoy personalizing their pizzas with an array of fresh ingredients, sauces, and cheeses, creating a custom dining experience that adds excitement to the menu. &nbsp;</p>\r\n\r\n<p>Live pizza stations, where chefs craft pizzas in real-time, create a lively atmosphere, inviting guests to watch their food being made. Serving mini pizzas or pizza slices allows for easy sharing and sampling, encouraging guests to try different flavors. &nbsp;</p>\r\n\r\n<p>Including pizzas at Indian weddings not only enhances the festive spirit but also adds a modern twist to the culinary offerings. This fusion of flavors ensures a memorable dining experience, making the celebration enjoyable and delicious for everyone.</p>', 'category_of_menu/pizza-main.jpg', 'two veggie supreme pizzas', 'Pizzas', '2023-05-13 02:45:15.212786', 4),
(60, 'Dimsum', '<p>Incorporating dim sum into Indian weddings brings a delightful fusion of flavors and textures, adding an exciting twist to the culinary experience. Renowned for their bite-sized portions and variety, dim sum is a versatile option that appeals to guests of all ages. Whether served at interactive food stations, as appetizers, or during late-night snack sessions, these delectable treats elevate the wedding menu with an element of fun. &nbsp;</p>\r\n\r\n<p>Classic favorites like steamed dumplings, bao buns, and spring rolls offer a range of fillings&mdash;from savory chicken and shrimp to vegetarian options packed with fresh vegetables. Unique Indian-inspired flavors, such as paneer tikka and spiced potato, can add a local touch to the dim sum selection. &nbsp;</p>\r\n\r\n<p>A live dim sum station, where chefs skillfully prepare and serve these delights in real-time, creates an engaging atmosphere, inviting guests to experience the artistry of this beloved cuisine. Miniature portions allow for easy sampling, encouraging guests to explore various flavors and combinations. &nbsp;</p>\r\n\r\n<p>Including dim sum at Indian weddings not only enhances the culinary offerings but also symbolizes the couple&rsquo;s desire to blend traditions and create a memorable dining experience. This innovative addition ensures that the celebration is both flavorful and unforgettable for all attendees.</p>', 'category_of_menu/dimsum-main.jpg', 'a basket with assorted dimsum', 'Dimsum', '2023-05-13 02:45:46.122595', 4),
(61, 'Galouti', '<p>Incorporating Lucknowi galouti kebabs into Indian weddings adds a touch of regal flavor and rich culinary heritage to the festivities. Renowned for their melt-in-your-mouth texture and exquisite spices, galouti kebabs are a luxurious treat that captivates guests and elevates the dining experience. Whether served as appetizers, part of a live kebab station, or featured in a lavish buffet, these kebabs bring a taste of Lucknow&rsquo;s royal cuisine to the celebration. &nbsp;</p>\r\n\r\n<p>Traditionally made with finely minced meat, galouti kebabs are delicately spiced with a blend of aromatic herbs and spices, ensuring each bite is bursting with flavor. Vegetarian versions, such as those made with paneer or lentils, offer delicious alternatives that cater to diverse dietary preferences. &nbsp;</p>\r\n\r\n<p>A live cooking station, where chefs prepare and serve galouti kebabs fresh from the grill, creates an engaging atmosphere, allowing guests to witness the craftsmanship behind this beloved dish. Served with mint chutney and freshly baked naan or rumali roti, these kebabs become an unforgettable highlight of the wedding feast. &nbsp;</p>\r\n\r\n<p>Including Lucknowi galouti kebabs not only enhances the menu but also reflects the couple&#39;s commitment to sharing the richness of Indian culinary traditions. This luxurious addition ensures a memorable and flavorful experience for all guests, celebrating the joy of togetherness.</p>', 'category_of_menu/galouti-main.jpg', 'a tray of galouti kababs on bread', 'Galouti', '2023-05-13 02:46:37.957830', 4),
(62, 'Tak-a-Tak', '<p>Incorporating a tak-a-tak station into Indian weddings adds a vibrant and interactive element to the culinary experience, captivating guests with its sizzling sounds and aromatic delights. This street-food-style cooking station offers a fun twist, allowing guests to enjoy a variety of dishes prepared right before their eyes. Whether featured as a centerpiece in the buffet or set up as a live cooking experience, the tak-a-tak station brings excitement and flavor to the celebration. &nbsp;</p>\r\n\r\n<p>The essence of a tak-a-tak station lies in its array of dishes, including popular favorites like pav bhaji, mixed vegetable stir-fries, and masala dosa fillings, all prepared on a hot griddle. The rhythmic clattering of utensils and the enticing aroma of spices create an engaging atmosphere, drawing guests in to witness the culinary artistry. &nbsp;</p>\r\n\r\n<p>Guests can personalize their meals with an assortment of toppings, chutneys, and spices, allowing them to customize flavors to their liking. This interactive dining experience fosters a sense of community, as guests gather around to enjoy the lively cooking process together. &nbsp;</p>\r\n\r\n<p>Including a tak-a-tak station not only enhances the menu but also reflects the couple&#39;s desire to share the vibrant essence of Indian street food culture. This flavorful addition ensures a memorable experience that celebrates the joy and togetherness of the occasion.</p>', 'category_of_menu/tak-main.jpg', 'a plate of keema with pav bread', 'Tak-a-Tak', '2023-05-13 02:48:15.234764', 4),
(63, 'Kabab', '<p>Incorporating a kabab station into Indian weddings adds a tantalizing and interactive element to the culinary experience, delighting guests with an array of mouthwatering flavors. Renowned for their rich spices and succulent textures, kababs are a crowd favorite that elevate the dining experience. Whether set up as a buffet centerpiece or as a live cooking station, the kabab station creates an inviting atmosphere that draws guests in. &nbsp;</p>\r\n\r\n<p>Featuring a variety of options, including classic favorites like seekh kebabs, shami kebabs, and paneer tikka, the kabab station caters to diverse tastes and dietary preferences. Each kebab is marinated to perfection, grilled or cooked to juicy tenderness, and served with an assortment of chutneys, onions, and freshly baked naan or parathas. &nbsp;</p>\r\n\r\n<p>The interactive nature of the kabab station allows guests to customize their plates, choosing their favorite kebabs and toppings. Watching chefs skillfully prepare and serve the kababs adds an engaging spectacle to the celebration, encouraging guests to savor the delightful aroma and flavors. &nbsp;</p>\r\n\r\n<p>Including a kabab station not only enhances the menu but also symbolizes the couple&#39;s commitment to offering a rich culinary experience. This sizzling addition ensures a memorable feast that brings friends and family together, celebrating the joy and warmth of the occasion.</p>', 'category_of_menu/kabab-main.jpg', 'a plate of kabab tikkas', 'Kabab', '2023-05-13 02:49:02.648295', 4),
(64, 'Sushi', '<p>Incorporating a sushi station into Indian weddings adds an exciting and sophisticated twist to the culinary offerings, introducing guests to the art of Japanese cuisine. Known for its delicate flavors and vibrant presentation, sushi is a refreshing addition that caters to diverse palates. Whether featured as a standalone station or as part of a larger buffet, the sushi station creates a memorable and interactive dining experience. &nbsp;</p>\r\n\r\n<p>With a variety of options, including classic rolls like California rolls, spicy tuna, and vegetable maki, the sushi station ensures there&rsquo;s something for everyone. Guests can also enjoy customizable options, allowing them to choose from an array of fresh ingredients, including fish, vegetables, and sauces. The skilled sushi chefs prepare each roll in real-time, captivating guests with their culinary craftsmanship. &nbsp;</p>\r\n\r\n<p>An interactive sushi bar encourages guests to watch as their dishes are created, adding an engaging element to the celebration. Pairing sushi with soy sauce, wasabi, and pickled ginger enhances the experience, while unique fusion rolls, featuring Indian spices or flavors, provide a delightful twist. &nbsp;</p>\r\n\r\n<p>Including a sushi station not only enhances the wedding menu but also symbolizes the couple&rsquo;s desire to celebrate culinary diversity. This fresh and unique addition ensures a memorable dining experience, fostering connections among guests as they savor the flavors of different cultures.</p>', 'category_of_menu/sushi-main.jpg', 'a platter of nigiri sushi', 'Sushi', '2023-05-13 02:50:31.216592', 4),
(65, 'Vegetarian', '<p>Incorporating veg salads into Indian weddings adds a vibrant and refreshing element to the culinary offerings, providing guests with a light and healthy option that balances the rich flavors of traditional dishes. Known for their colorful presentation and crisp textures, these salads enhance the dining experience, making it both nutritious and enjoyable. Whether served as a starter or as part of a buffet, veg salads create a delightful addition to the wedding menu. &nbsp;</p>\r\n\r\n<p>Featuring a variety of fresh ingredients, options may include classic favorites like garden salad with mixed greens, cherry tomatoes, and cucumbers, or more creative blends like quinoa salad with roasted vegetables and a zesty lemon dressing. Each salad is beautifully arranged, often garnished with herbs, nuts, or seeds to elevate both flavor and presentation. &nbsp;</p>\r\n\r\n<p>Veg salads not only provide a refreshing contrast to heavier dishes but also offer a healthy option that appeals to health-conscious guests. Pairing these salads with flavorful dressings allows guests to customize their experience, encouraging them to enjoy each vibrant bite. &nbsp;</p>\r\n\r\n<p>Including veg salads at Indian weddings not only diversifies the menu but also reflects the couple&#39;s commitment to offering a wholesome and inclusive dining experience. This colorful addition ensures a memorable feast, celebrating the joy of health and togetherness on this special occasion.</p>', 'category_of_menu/soup-veg-main.jpg', 'a bowl of tomato salad', 'Veg-Salad', '2024-05-10 13:15:05.252712', 7),
(66, 'Non Vegetarian', '<p>Incorporating non-veg salads into Indian weddings adds a savory and sophisticated element to the culinary offerings, providing guests with a hearty option that complements traditional flavors. Known for their rich tastes and variety, these salads enhance the dining experience, making it both satisfying and enjoyable. Whether served as a stylish appetizer or as part of a buffet, non-veg salads create a delightful addition to the wedding menu. &nbsp;</p>\r\n\r\n<p>Featuring a variety of enticing ingredients, options may include classic favorites like chicken Caesar salad with crisp romaine, grilled chicken, and creamy dressing, or Mediterranean-inspired salads with tender grilled shrimp, olives, and feta cheese tossed in a tangy lemon vinaigrette. Each salad is artfully presented, often garnished with fresh herbs, nuts, or crunchy croutons, adding flair to both flavor and appearance. &nbsp;</p>\r\n\r\n<p>Non-veg salads not only provide a satisfying contrast to lighter dishes but also offer a delicious option that appeals to meat-loving guests. Pairing these salads with flavorful dressings enhances their taste, inviting guests to indulge in every savory bite. &nbsp;</p>\r\n\r\n<p>Including non-veg salads at Indian weddings not only diversifies the menu but also reflects the couple&#39;s desire to provide an inclusive and memorable dining experience. This elegant addition ensures a delightful feast, celebrating the richness of flavors and the joy of togetherness on this special occasion.</p>', 'category_of_menu/chick-corn.jpg', 'a bowl of chicken salad', 'Non-Veg-Salad', '2024-05-10 13:16:20.184368', 7),
(68, 'Achar', '<p>Incorporating Indian achar (pickles) into wedding menus adds a burst of flavor and a touch of tradition, offering guests a delightful condiment that enhances their dining experience. Known for their vibrant colors and robust flavors, achars play a vital role in Indian cuisine, complementing main dishes with their tangy and spicy notes. Whether served alongside a buffet or as part of a traditional thali, Indian achar creates an authentic and memorable addition to the wedding feast. &nbsp;</p>\r\n\r\n<p>Featuring a variety of regional specialties, options may include classics like mango achar, made from ripe, sun-dried mangoes infused with spices, or garlic and green chili achar, which delivers a spicy kick. Each jar of achar is crafted with care, often showcasing the unique flavors of different regions, making it a perfect accompaniment to rice, breads, and savory dishes. &nbsp;</p>\r\n\r\n<p>Indian achars not only add zest to meals but also evoke nostalgia and fond memories of family gatherings and festive occasions. Offering guests a selection of achars allows them to explore various flavors, elevating their culinary experience with each tangy bite. &nbsp;</p>\r\n\r\n<p>Including Indian achar at weddings not only diversifies the menu but also reflects the couple&#39;s love for traditional flavors. This delightful addition ensures a festive dining experience, celebrating the rich tapestry of Indian culture and cuisine on this joyous occasion.</p>', 'category_of_menu/achar-main.jpg', 'jars of mango pickle', 'Achar', '2024-05-10 13:18:07.471602', 8),
(69, 'Papad', '<p>Incorporating Indian papad into wedding menus adds a delightful crunch and an authentic touch, providing guests with a fun and flavorful accompaniment that enhances their dining experience. Known for their crispy texture and variety of flavors, papads play a significant role in Indian cuisine, offering a satisfying contrast to main dishes. Whether served as an appetizer, alongside a buffet, or as part of a traditional thali, Indian papad creates a memorable addition to the wedding feast. &nbsp;</p>\r\n\r\n<p>Featuring a range of varieties, options may include classic plain papad, spicy masala papad, or even lentil-based papads flavored with herbs and spices. Each serving is often accompanied by a selection of tangy chutneys, pickles, and fresh salads, allowing guests to customize their experience and enjoy the delightful combination of flavors and textures. &nbsp;</p>\r\n\r\n<p>Indian papads not only add crunch but also bring an element of nostalgia, reminding guests of family gatherings and festive occasions. Their versatility makes them a beloved snack that complements both vegetarian and non-vegetarian dishes, ensuring there&rsquo;s something for everyone to enjoy. &nbsp;</p>\r\n\r\n<p>Including Indian papad at weddings not only diversifies the menu but also reflects the couple&#39;s appreciation for traditional flavors. This tasty addition ensures a lively dining experience, celebrating the joy of togetherness and the richness of Indian culinary heritage on this special day.</p>', 'category_of_menu/papad-main.jpg', 'a plate of papads', 'Papad', '2024-05-10 13:19:08.937775', 8),
(70, 'Chutney', '<p>Incorporating Indian chutneys into wedding menus adds a burst of flavor and a refreshing twist, providing guests with a vibrant accompaniment that enhances their dining experience. Known for their diverse flavors and textures, chutneys play an essential role in Indian cuisine, elevating everything from appetizers to main dishes. Whether served alongside a buffet, as part of a traditional thali, or at a snack station, Indian chutneys create a memorable addition to the wedding feast. &nbsp;</p>\r\n\r\n<p>Featuring a variety of regional specialties, options may include classic mint chutney, tangy tamarind chutney, and spicy coriander chutney, each bringing its unique profile to the table. These condiments are often made fresh, showcasing a blend of herbs, spices, and fruits that tantalize the taste buds. Guests can experiment by pairing chutneys with papads, samosas, and other appetizers, allowing them to enjoy an explosion of flavors in every bite. &nbsp;</p>\r\n\r\n<p>Indian chutneys not only add zest to meals but also evoke nostalgia, reminding guests of traditional family recipes and cherished gatherings. Including a selection of chutneys ensures that guests can explore a range of tastes, enhancing their culinary experience. &nbsp;</p>\r\n\r\n<p>Adding Indian chutneys at weddings not only diversifies the menu but also reflects the couple&rsquo;s commitment to showcasing the richness of Indian flavors. This vibrant addition ensures a delightful dining experience, celebrating the joy of togetherness and the culinary heritage of the occasion.</p>', 'category_of_menu/chut-main.jpg', 'small bowls full of different chutneys', 'Chutney', '2024-05-10 13:20:11.612140', 8),
(72, 'Hot Soup', '<p>Incorporating hot soups into Indian weddings adds a comforting and heartwarming touch to the culinary offerings, providing guests with a delightful option that warms the soul. Known for their rich flavors and aromatic ingredients, these soups enhance the dining experience, making it a cozy and inviting affair. Whether served as an elegant starter or featured in a buffet, hot soups create a memorable addition to the wedding menu. &nbsp;</p>\r\n\r\n<p>Featuring a variety of enticing flavors, the selection may include classic options like creamy tomato basil soup, hearty minestrone filled with seasonal vegetables, or a fragrant spicy lentil soup that showcases Indian spices. Each bowl is crafted with care, often garnished with fresh herbs or a drizzle of cream, elevating the overall presentation and taste. &nbsp;</p>\r\n\r\n<p>Hot soups not only provide comfort but also offer a nourishing option that prepares guests for the culinary journey ahead. Pairing these soups with artisan bread or crunchy crackers enhances their appeal, inviting guests to savor every spoonful. &nbsp;</p>\r\n\r\n<p>Including hot soups at Indian weddings not only diversifies the menu but also reflects the couple&#39;s commitment to providing a heartfelt dining experience. This delightful addition ensures a memorable feast, celebrating the warmth and togetherness of the occasion while creating cherished memories for all.</p>', 'category_of_menu/soup-main.jpg', 'a bowl of carrot soup', 'Hot-Soup', '2024-05-10 13:21:37.117691', 6),
(93, 'Indian', '<p>Incorporating a tandoori snacks station into Indian weddings adds a burst of flavor and a vibrant culinary experience that captivates guests. Renowned for their smoky aroma and rich spices, tandoori snacks are a favorite that brings warmth and excitement to the celebration. Whether featured as part of a buffet or set up as a live cooking station, the tandoori snacks station invites guests to indulge in a variety of mouthwatering options. &nbsp;</p>\r\n\r\n<p>This station typically includes popular favorites like tandoori chicken, paneer tikka, seekh kebabs, and assorted vegetables marinated in flavorful spices and cooked to perfection in a traditional tandoor oven. The result is a deliciously charred and juicy treat that tantalizes the taste buds. Guests can also enjoy freshly baked naan or roti, served hot alongside an array of chutneys and dips. &nbsp;</p>\r\n\r\n<p>The interactive nature of the tandoori snacks station creates a lively atmosphere, as chefs grill and serve these delectable treats right in front of guests. This not only enhances the dining experience but also adds a fun and engaging element to the celebration. &nbsp;</p>\r\n\r\n<p>Including a tandoori snacks station not only elevates the wedding menu but also reflects the couple&#39;s love for rich Indian flavors. This fiery addition ensures a memorable feast that brings family and friends together, celebrating the joy and vibrancy of the occasion.</p>', 'category_of_menu/tandoor-main.jpg', 'a plate of tandoori snacks', 'Indian-Tandoor', '2024-10-21 07:55:58.505988', 5),
(94, 'Pan Asian', '<p>Incorporating Pan-Asian snacks into Indian weddings brings a delightful fusion of flavors, offering guests the chance to explore the diverse culinary traditions of Asia. Known for their variety and bold tastes, these snacks add an exciting twist to the wedding menu, enticing guests with an array of mouthwatering options. Whether served as appetizers or featured in a lively snack station, Pan-Asian snacks create a vibrant atmosphere that encourages culinary exploration. &nbsp;</p>\r\n\r\n<p>Guests can indulge in popular bites like crispy spring rolls, savory dumplings, spicy bao buns, and vibrant rice paper rolls, each bursting with flavor. These snacks can be customized with a variety of fillings and dipping sauces, allowing guests to tailor their culinary experience to their liking. &nbsp;</p>\r\n\r\n<p>The aromatic spices and fresh ingredients used in the snacks create a feast for the senses, with flavors ranging from sweet and savory to spicy and tangy. Pairing these delicious bites with authentic sauces enhances the overall experience, allowing guests to savor every taste. &nbsp;</p>\r\n\r\n<p>Including Pan-Asian snacks at Indian weddings not only diversifies the culinary offerings but also reflects the couple&#39;s love for global flavors. This engaging addition ensures a memorable dining experience, fostering connections among guests as they embark on a delightful culinary journey through Asia.</p>', 'category_of_menu/asian-main.webp', 'a plate of chilli chicken', 'Pan-Asian', '2024-10-21 08:00:51.828004', 5),
(95, 'Continental', '<p>Incorporating continental snacks into Indian weddings adds a touch of elegance and variety to the culinary offerings, providing guests with a delightful twist on traditional flavors. Known for their sophisticated presentation and diverse options, these snacks bring a refreshing change to the wedding menu. Whether served as elegant hors d&#39;oeuvres during cocktail hour or featured in a chic snack station, continental snacks create an inviting atmosphere that appeals to guests of all tastes. &nbsp;</p>\r\n\r\n<p>Featuring a range of delectable bites, the selection may include items like bruschetta topped with fresh tomatoes and basil, mini quiches bursting with flavor, gourmet sliders, and flavorful stuffed mushrooms. Each snack is crafted with high-quality ingredients and artistic flair, elevating the overall dining experience. &nbsp;</p>\r\n\r\n<p>The variety allows guests to sample different flavors and textures, from creamy and savory to crispy and light. Pairing these snacks with exquisite dips and sauces enhances their appeal, inviting guests to indulge in every bite. &nbsp;</p>\r\n\r\n<p>Including continental snacks at Indian weddings not only diversifies the menu but also reflects the couple&rsquo;s desire to offer a sophisticated culinary experience. This delightful addition ensures a memorable feast, fostering connections among guests as they savor the elegance of international flavors in a festive setting.</p>', 'category_of_menu/conti-main.jpg', 'a board of mushroom crostinis', 'Continental', '2024-10-21 08:02:04.837570', 5),
(96, 'Yogurt Station', '<p>Incorporating a yogurt station into wedding menus adds a refreshing and interactive element, providing guests with a creamy accompaniment that enhances their dining experience. Known for its cooling properties and versatility, yogurt is a staple in Indian cuisine, especially in the form of raita. Whether served as a side dish or a dip at a snack station, a yogurt station creates a delightful addition to the wedding feast. &nbsp;</p>\r\n\r\n<p>Featuring a variety of raita options, guests can enjoy classic choices like cucumber raita, which offers a crisp and refreshing taste, or boondi raita, with its delightful crunch and flavor. Other enticing varieties may include spicy onion and tomato raita, sweet and tangy pineapple raita, and cooling mint raita, each bringing a unique profile that complements the rich flavors of the main dishes. &nbsp;</p>\r\n\r\n<p>The yogurt station allows guests to mix and match their favorite raitas, encouraging them to customize their experience. Adding a selection of toppings like chopped cilantro, roasted cumin powder, and pomegranate seeds enhances the presentation and flavor, inviting guests to savor every creamy spoonful. &nbsp;</p>\r\n\r\n<p>Including a yogurt station at weddings not only diversifies the menu but also reflects the couple&#39;s desire to provide a fun and interactive dining experience. This delightful addition ensures a memorable feast, celebrating the joy of togetherness and the richness of Indian culinary traditions on this special occasion.</p>', 'category_of_menu/yogurt-main.jpg', 'a large bowl of boondi raita', 'Yogurt-Station', '2024-10-21 09:36:55.318732', 8),
(97, 'Dressings', '<p>Incorporating a dressing station into wedding menus adds a vibrant and interactive element, allowing guests to personalize their dishes with a variety of flavorful options. Dressings play a crucial role in enhancing the taste of salads, appetizers, and even main courses, transforming each bite into a delightful experience. Whether part of a salad bar or offered alongside various dishes, a dressing station creates a memorable addition to the wedding feast. &nbsp;</p>\r\n\r\n<p>Featuring an array of dressings, options may include classic favorites like zesty vinaigrette, creamy ranch, and tangy balsamic glaze. Guests can also enjoy unique creations, such as cilantro-lime dressing, yogurt-based tzatziki, and spicy sriracha aioli, each offering a distinct flavor profile that complements the meal beautifully. &nbsp;</p>\r\n\r\n<p>The dressing station allows guests to customize their culinary experience by mixing and matching their favorite dressings with fresh salads, grilled vegetables, or even drizzling them over savory mains. Providing a selection of toppings like croutons, nuts, and fresh herbs enhances the presentation and taste, inviting guests to experiment and enjoy every bite. &nbsp;</p>\r\n\r\n<p>Including a dressing station at weddings not only diversifies the menu but also reflects the couple&#39;s commitment to offering a fun and engaging dining experience. This delightful addition ensures a memorable feast, celebrating the joy of togetherness and the richness of flavors on this special occasion.</p>', 'category_of_menu/dressing-main.jpg', 'a jar of salad dressing', 'Dressing', '2024-10-21 10:42:24.917786', 8),
(101, 'Coffee', '<p>Incorporating a coffee station into wedding menus adds a vibrant and sophisticated touch, offering guests a chance to recharge and indulge in aromatic brews. Known for its bold flavors and energizing qualities, coffee creates a perfect balance to complement rich meals and desserts. Whether served during the reception or at a dedicated coffee bar, this indulgent addition enhances the wedding feast with warmth and elegance. &nbsp;</p>\r\n\r\n<p>Featuring a variety of options, couples can offer classics like espresso, cappuccino, and Americano, along with unique choices like cold brews, flavored lattes, or specialty blends such as hazelnut or vanilla mocha. Iced coffees and affogatos can add refreshing variety, ensuring every guest finds a beverage to suit their taste. &nbsp;</p>\r\n\r\n<p>A coffee station invites guests to personalize their drinks with options like whipped cream, syrups, milk alternatives, and chocolate shavings. Pairing coffee with gourmet treats like biscotti, donuts, or mini pastries elevates the experience, making it a delightful moment of relaxation amidst the celebrations. &nbsp;</p>\r\n\r\n<p>Including coffee at weddings reflects the couple&rsquo;s desire to offer an energizing and thoughtful experience. This aromatic addition ensures guests enjoy every moment, leaving them with lasting memories of joyful conversations and comforting sips.</p>', 'category_of_menu/coffee-main.jpg', 'a mug of coffee', 'Coffee', '2024-10-23 11:08:09.722497', 1),
(102, 'Awadhi', '<p>Incorporating Awadhi cuisine into wedding menus adds a regal touch, offering guests a taste of the rich culinary heritage from the kitchens of Lucknow. Known for its slow-cooked techniques, fragrant spices, and indulgent flavors, Awadhi cuisine elevates the dining experience with a sense of luxury and tradition. Whether served as part of a grand buffet or at dedicated live stations, these dishes bring a royal flair to the wedding feast. &nbsp;</p>\r\n\r\n<p>Featuring iconic delicacies, the menu can include melt-in-the-mouth galouti kebabs, aromatic biryanis, and slow-cooked curries like nihari and korma. Vegetarian delights such as paneer pasanda, dal Sultani, and kofta in velvety gravies ensure every guest finds something to enjoy. Accompanied by sheermal, kulchas, and rumali rotis, these dishes create an unforgettable dining experience. &nbsp;</p>\r\n\r\n<p>An Awadhi food station allows guests to savor dishes prepared with precision and care, reflecting the finesse of traditional dum cooking. Rich desserts like shahi tukda, kesar phirni, and malai kulfi add a sweet finale to the royal spread. &nbsp;</p>\r\n\r\n<p>Incorporating Awadhi cuisine at weddings reflects the couple&rsquo;s desire to offer a timeless and elegant dining experience. This flavorful addition ensures guests enjoy a feast steeped in tradition, creating cherished memories of warmth, grandeur, and celebration. &nbsp;</p>', 'category_of_menu/awadh-main.jpg', 'a plate of veg kofta curry', 'Awadhi', '2024-10-24 05:51:41.746317', 9),
(103, 'Amritsari', '<p>Incorporating Amritsari cuisine into wedding menus brings bold flavors and hearty dishes to the celebration, offering guests an authentic taste of Punjab. Known for its rich spices, smokey tandoor delicacies, and street-food charm, Amritsari fare adds a vibrant and festive touch to the wedding feast. Whether served at live stations or as part of a lavish buffet, these dishes guarantee a memorable culinary experience. &nbsp;</p>\r\n\r\n<p>Featuring iconic favorites, the menu can include crispy Amritsari fish, paneer tikka, and tandoori chicken, alongside vegetarian delights like chole kulche and aloo tikki. Slow-cooked dals, butter-laden gravies, and seasonal saag paired with makki di roti add a comforting element to the spread. These dishes capture the essence of Punjab&rsquo;s culinary traditions with every bite. &nbsp;</p>\r\n\r\n<p>A live Amritsari station engages guests with freshly grilled kebabs, hot parathas, and kulchas straight from the tandoor. Desserts like phirni, jalebi, and gajar ka halwa round off the feast with a sweet flourish. &nbsp;</p>\r\n\r\n<p>Incorporating Amritsari cuisine at weddings reflects the couple&rsquo;s desire to celebrate with robust flavors and traditional charm. This flavorful addition ensures guests enjoy a hearty, festive meal, leaving them with cherished memories of joy, warmth, and hospitality. &nbsp;</p>', 'category_of_menu/amritsari-main.jpg', 'a plate of chole kulche', 'Amritsari', '2024-10-24 05:53:58.332209', 9),
(104, 'Hyderabadi', '<p>Incorporating Hyderabadi cuisine into wedding menus brings a rich blend of Mughlai and Deccani flavors, offering guests a taste of heritage and opulence. Known for its aromatic spices, slow-cooked delicacies, and royal charm, Hyderabadi food adds grandeur to the wedding feast. Whether served at live counters or as part of a lavish buffet, these dishes ensure an unforgettable culinary experience. &nbsp;</p>\r\n\r\n<p>The menu features iconic specialties like fragrant Hyderabadi biryani, haleem, and kebabs, complemented by rich curries such as mirchi ka salan, bagara baingan, and mutton dalcha. For vegetarians, delicacies like khatti dal and paneer shahi korma offer flavorful options. These dishes, prepared using traditional dum-pukht techniques, evoke the essence of centuries-old cooking traditions. &nbsp;</p>\r\n\r\n<p>A live Hyderabadi food station engages guests with fresh naans, sheermal, and kebabs cooked to perfection. The feast concludes with decadent desserts like double ka meetha, qubani ka meetha, and sheer khurma, leaving guests with a lasting impression of royal indulgence. &nbsp;</p>\r\n\r\n<p>Incorporating Hyderabadi cuisine at weddings reflects the couple&rsquo;s desire to share the elegance and depth of flavors from the City of Pearls. This luxurious addition ensures guests experience a feast of tradition, warmth, and celebration.</p>', 'category_of_menu/hyd-main.jpg', 'a platter of hyderabdi food classics', 'Hyderabadi', '2024-10-24 05:55:45.743275', 9),
(105, 'Kashmiri', '<p>Incorporating Kashmiri cuisine into wedding menus adds a touch of culinary heritage, offering guests a refined and aromatic dining experience. Known for its delicate use of spices, slow-cooked dishes, and artistic presentation, Kashmiri food brings warmth and elegance to the celebration. Whether served as part of a traditional Wazwan feast or at live counters, these dishes ensure a memorable culinary journey. &nbsp;</p>\r\n\r\n<p>The menu features signature dishes like Rogan Josh, Yakhni, and Gushtaba, alongside flavorful vegetarian options such as Dum Aloo, Nadru Yakhni, and Haak. The subtle infusion of saffron and dry fruits elevates the flavors, creating a unique and regal spread. Served with fragrant basmati rice and breads like Girda and Lavasa, each dish reflects the traditions of the Kashmir Valley. &nbsp;</p>\r\n\r\n<p>A live Kashmiri station adds charm, with freshly prepared kebabs and kahwa, the aromatic saffron tea. Desserts like Shufta, Phirni, and Modur Pulao bring a sweet, festive note to the feast. &nbsp;</p>\r\n\r\n<p>Including Kashmiri cuisine at weddings reflects the couple&rsquo;s desire to offer a luxurious and soulful dining experience. This flavorful addition ensures guests savor the essence of Kashmiri hospitality, leaving them with cherished memories of tradition, elegance, and joy.</p>', 'category_of_menu/kashmiri-main.jpg', 'a veg kashmiri pandit thali', 'Kashmiri', '2024-10-24 05:57:20.087693', 9);
INSERT INTO `menuApp_add_elements` (`id`, `name`, `description`, `image`, `alt_text`, `slug`, `date`, `category_name_id`) VALUES
(106, 'Kachi Rasoi', '<p>Incorporating Kachi Rasoi into wedding menus offers guests an authentic taste of India&rsquo;s rustic culinary traditions, bringing farm-fresh ingredients and simple yet bold flavors to the table. Known for its use of minimal spices and cooking over open flames, Kachi Rasoi celebrates the essence of slow-cooked, hearty food. Whether featured at a live station or as part of the buffet, these dishes add an earthy and nostalgic touch to the wedding feast. &nbsp;</p>\r\n\r\n<p>The menu can include traditional preparations like slow-cooked handi mutton, dal cooked over a wood fire, and country-style chicken curry, accompanied by piping hot bajra or jowar rotis. Vegetarian options such as sarson ka saag, baingan bharta, and khichdi with ghee offer soulful flavors. These dishes, cooked in clay pots and iron pans, capture the essence of rural kitchens. &nbsp;</p>\r\n\r\n<p>A live Kachi Rasoi station offers a sensory experience with sizzling tawa parathas, hot pakoras, and fresh chutneys served on the spot. Desserts like jaggery-sweetened kheer and gur halwa add a sweet, rustic touch to the feast. &nbsp;</p>\r\n\r\n<p>Including Kachi Rasoi at weddings reflects the couple&rsquo;s desire to honor simple yet flavorful traditions. This rustic addition ensures guests enjoy an authentic, heartwarming meal, leaving them with cherished memories of comfort and nostalgia.</p>', 'category_of_menu/kachi-main.jpg', 'multiple bowl of dry veg curries', 'Kachi-Rasoi', '2024-10-24 06:00:21.463882', 9),
(107, 'Assorted Indian', '<p>Incorporating an assortment of Indian breads into wedding menus adds variety, flavor, and a touch of tradition to the dining experience. From soft and buttery to crisp and flaky, Indian breads complement every dish, enhancing the feast with their unique textures and regional influences. Whether served fresh from the tandoor or at live bread counters, these breads offer guests a delicious way to enjoy the wedding spread. &nbsp;</p>\r\n\r\n<p>The selection can include favorites like naan, tandoori roti, and butter kulcha, along with stuffed parathas, missi rotis, and phulkas. Regional specialties such as sheermal from Lucknow, rumali roti, and Makki di roti add diversity, while flaky puris and bhaturas bring festive indulgence. Served with rich curries, kebabs, and dals, each bread offers a flavorful pairing. &nbsp;</p>\r\n\r\n<p>A live bread station brings excitement, with chefs preparing hot rotis and naans on the spot, allowing guests to savor the freshness. Breads brushed with ghee, topped with herbs, or stuffed with spiced fillings create a delightful experience. &nbsp;</p>\r\n\r\n<p>Incorporating assorted Indian breads at weddings ensures that every dish is accompanied by the perfect partner, offering guests a memorable culinary journey filled with comfort, tradition, and variety.</p>', 'category_of_menu/bread-main.jpg', 'a basket of indian tandoori breads', 'Indian-bread', '2024-10-24 06:04:31.930322', 15),
(108, 'Meerut Tandoori', '<p>Introducing Meerut&rsquo;s famous tandoori breads into wedding menus adds a rustic and flavorful touch, offering guests an authentic North Indian experience. Known for their smoky aroma, crispy edges, and soft centers, these breads are a perfect accompaniment to rich curries, kebabs, and dals. Whether served as part of a buffet or at a live tandoor station, they bring the charm of traditional flavors straight from the heart of Uttar Pradesh. &nbsp;</p>\r\n\r\n<p>The selection can feature signature breads like tandoori rotis, butter-laden naans, and stuffed kulchas. Favorites such as laccha parathas with crisp, flaky layers and paneer-stuffed parathas offer variety, while roomali rotis add finesse to the spread. These breads, baked in high-heat clay ovens, carry the distinct smokiness that sets Meerut&rsquo;s tandoori delicacies apart. &nbsp;</p>\r\n\r\n<p>A live tandoor station adds excitement to the feast, with chefs preparing fresh, piping-hot breads in front of guests. Brushed with ghee or sprinkled with herbs, these breads perfectly complement flavorful curries and tandoori grills. &nbsp;</p>\r\n\r\n<p>Including Meerut&rsquo;s tandoori breads in the wedding menu ensures a comforting, aromatic experience, leaving guests with fond memories of savoring authentic, smoky delights rooted in tradition and craftsmanship.</p>', 'category_of_menu/sheermal.jpg', 'meerut famous sheermal', 'Meerut-Tandoor', '2024-10-24 06:06:16.107916', 15),
(109, 'Ram Babu ke Parathe', '<p>Introducing the iconic Ram Babu parathas from Agra into wedding menus adds a touch of street-food nostalgia and culinary indulgence. Known for their rich fillings, crisp layers, and buttery finish, these parathas are beloved for their hearty flavors and satisfying textures. Whether served at a live station or as part of the buffet, they bring the vibrant charm of Agra&rsquo;s food culture to the celebration. &nbsp;</p>\r\n\r\n<p>The selection can feature a variety of stuffed parathas, such as aloo, paneer, gobhi, and dal, each packed with spices and cooked to golden perfection. These parathas pair beautifully with tangy achars, chilled yogurt, or spiced gravies, creating a comforting and flavorful experience. Their signature crispness on the outside and soft, flavorful fillings make them a favorite for all ages. &nbsp;</p>\r\n\r\n<p>A live Ram Babu paratha station adds excitement, with chefs flipping parathas on sizzling tavas, filling the air with tempting aromas. Guests can enjoy them hot off the griddle, with dollops of butter or fresh chutneys enhancing every bite. &nbsp;</p>\r\n\r\n<p>Bringing Ram Babu parathas to the wedding menu offers guests an authentic taste of Agra, creating a memorable feast filled with warmth, nostalgia, and irresistible street-food charm.</p>', 'category_of_menu/ram-main.jpg', 'ram babu ke parathe from agra', 'Agra-parathe', '2024-10-24 06:09:25.437556', 15),
(110, 'Teppanyaki', '<p>Incorporating a teppanyaki counter into the wedding menu adds a dynamic and interactive culinary experience, offering guests the perfect blend of entertainment and exquisite flavors. Originating from Japan, teppanyaki involves grilling meats, seafood, and vegetables on an iron griddle, where chefs display their artistry with live cooking and dazzling knife skills. This station brings flair and fun to the celebration, creating a memorable dining experience. &nbsp;</p>\r\n\r\n<p>Guests can savor an array of delicacies, such as grilled prawns, chicken teriyaki, seared salmon, and tender beef steaks, along with vegetarian delights like grilled tofu, shiitake mushrooms, and crunchy vegetables. Sauces like miso, ginger-soy, and garlic butter elevate every dish, offering bold flavors with each bite. &nbsp;</p>\r\n\r\n<p>A teppanyaki station immerses guests in a sensory journey, with the aroma of sizzling food and the clatter of utensils setting the stage. Chefs prepare dishes on-demand, adding a touch of showmanship through flames and flamb&eacute; techniques, ensuring every plate is fresh and personalized. &nbsp;</p>\r\n\r\n<p>Including a teppanyaki counter in the wedding menu reflects the couple&rsquo;s desire to blend global flavors with a unique dining experience, leaving guests delighted by the combination of theater, taste, and unforgettable culinary artistry.</p>', 'category_of_menu/tepp-main.jpg', 'a bowl of teppanyaki noodles and veggies', 'Teppanyaki', '2024-10-24 06:12:33.270080', 10),
(111, 'Thai', '<p>Introducing Thai cuisine into wedding menus adds a vibrant blend of sweet, sour, salty, and spicy flavors, offering guests an unforgettable culinary experience. Known for its bold aromas, fresh herbs, and delicate balance of spices, Thai food brings a sense of exotic indulgence to any celebration. Whether served as part of a buffet or at live cooking stations, these dishes infuse the event with global flair and culinary artistry. &nbsp;</p>\r\n\r\n<p>The menu can feature favorites like Pad Thai, Green Curry, Red Curry, and Tom Yum Soup, along with refreshing papaya salads and aromatic jasmine rice. Appetizers such as spring rolls, satay skewers, and crispy prawn cakes offer delightful bites, while vegetarian options like tofu stir-fry and green mango salad provide diversity. &nbsp;</p>\r\n\r\n<p>A live Thai station adds excitement, with chefs preparing stir-fries, curries, and noodles on the spot. The addition of signature Thai condiments&mdash;chili paste, crushed peanuts, and fish sauce&mdash;allows guests to customize their dishes for a personalized experience. &nbsp;</p>\r\n\r\n<p>Incorporating Thai cuisine in the wedding menu reflects a desire to offer bold and unique flavors, ensuring guests enjoy a feast that is both familiar and exotic, leaving them with lasting memories of exceptional taste and hospitality.</p>', 'category_of_menu/thai-main.jpg', 'a plate of thai green curry', 'Thai-Cuisine', '2024-10-24 06:16:18.980086', 10),
(112, 'Chinese', '<p>Integrating Chinese cuisine into wedding menus offers guests a delightful journey through rich flavors, textures, and culinary traditions. Renowned for its diverse ingredients, vibrant colors, and intricate cooking techniques, Chinese food adds an exotic flair to any celebration. Whether presented as part of a lavish buffet or through interactive cooking stations, these dishes create a memorable dining experience that delights the senses. &nbsp;</p>\r\n\r\n<p>The menu can feature beloved classics like Kung Pao Chicken, Sweet and Sour Pork, and Mapo Tofu, alongside fragrant fried rice and flavorful noodles. Appetizers such as spring rolls, dumplings, and bao buns provide perfect starters, while a variety of vegetarian options cater to diverse palates. Signature sauces like soy, hoisin, and oyster sauce enhance the dishes, offering layers of flavor that define Chinese cuisine. &nbsp;</p>\r\n\r\n<p>A live Chinese cooking station brings excitement to the feast, with chefs expertly tossing stir-fries and steaming dumplings right before guests&rsquo; eyes. This interactive experience allows guests to customize their meals, creating a fun and engaging atmosphere. &nbsp;</p>\r\n\r\n<p>Incorporating Chinese cuisine into the wedding menu ensures a celebration filled with rich traditions and vibrant tastes, leaving guests with cherished memories of a culinary adventure that transcends borders.</p>', 'category_of_menu/cmain.jpg', 'a plate of chinese noodles', 'Chinese', '2024-10-24 06:20:05.185555', 10),
(113, 'Italian', '<p>Incorporating Italian cuisine into wedding menus transforms the dining experience into a heartfelt celebration of flavors, tradition, and warmth. Known for its rich ingredients, comforting dishes, and emphasis on fresh produce, Italian food brings a sense of nostalgia and indulgence to any occasion. Whether served at a buffet or through live cooking stations, these dishes create a memorable feast that resonates with guests. &nbsp;</p>\r\n\r\n<p>The menu can feature iconic favorites like creamy risottos, savory pasta dishes such as fettuccine Alfredo and spaghetti carbonara, and hearty pizzas topped with fresh ingredients. Antipasti platters filled with cured meats, cheeses, olives, and marinated vegetables provide a delightful start to the meal, while fresh salads with vibrant dressings add a refreshing touch. &nbsp;</p>\r\n\r\n<p>A live pasta station adds excitement, with chefs crafting fresh pasta and tossing it in rich sauces like marinara, pesto, or arrabbiata right before the guests&rsquo; eyes. This interactive element allows for customization, letting guests choose their preferred ingredients and sauces for a personalized touch. &nbsp;</p>\r\n\r\n<p>By incorporating Italian cuisine into the wedding menu, couples offer their guests a flavorful journey through Italy&rsquo;s culinary heritage, ensuring a joyful and memorable celebration filled with love, laughter, and delightful tastes.</p>', 'category_of_menu/pasta-main.jpg', 'a plate of bolognese spaghetti', 'Italian', '2024-10-24 06:25:34.664027', 10),
(114, 'Hot Dessert', '<p>Including hot Indian desserts in wedding menus adds a delightful touch to the celebration, offering guests a warm and indulgent way to conclude the meal. Rich in flavors, textures, and cultural significance, these desserts evoke feelings of nostalgia and sweetness, making them the perfect finale to a joyous occasion. From traditional favorites to contemporary twists, hot Indian desserts create a memorable experience that tantalizes the taste buds. &nbsp;</p>\r\n\r\n<p>Classic options can include decadent gulab jamun, with its soft, syrup-soaked balls, and warm jalebi, with its crisp, sugary spirals, both sure to satisfy any sweet tooth. Other favorites like warm kheer (rice pudding), rich halwa (semolina dessert), and indulgent gajar ka halwa (carrot pudding) offer a comforting and aromatic experience. &nbsp;</p>\r\n\r\n<p>A live dessert station can add excitement, with chefs preparing these treats fresh, allowing guests to indulge in the rich aromas and flavors. Toppings like chopped nuts, fresh cream, and saffron can enhance the experience, letting guests customize their desserts to their liking. &nbsp;</p>\r\n\r\n<p>Incorporating hot Indian desserts into the wedding menu ensures a sweet ending to the festivities, leaving guests with cherished memories of warmth, sweetness, and the rich traditions of Indian cuisine.</p>', 'category_of_menu/hot-main.jpg', 'gulab jamun shot glasses', 'Hot-Desserts', '2024-10-24 06:31:23.969395', 16),
(115, 'Halwa Factory', '<p>Incorporating traditional Indian halwa into wedding menus adds a luxurious and comforting touch, offering guests a taste of cultural heritage and indulgence. Known for its rich flavors, diverse ingredients, and delightful textures, halwa holds a special place in Indian culinary traditions. Whether served as part of a buffet or from a live cooking station, this beloved dessert creates a warm and inviting atmosphere that resonates with guests of all ages. &nbsp;</p>\r\n\r\n<p>Various types of halwa can grace the menu, each showcasing unique flavors and textures. From the classic gajar ka halwa made with grated carrots and flavored with cardamom, to the decadent suji halwa made with semolina, ghee, and nuts, each variation offers a delightful experience. Other favorites include badam halwa, rich with ground almonds, and moong dal halwa, known for its unique taste and creamy consistency. &nbsp;</p>\r\n\r\n<p>A live halwa station adds an interactive element, where chefs prepare these delightful treats in front of guests, infusing the air with warm, sweet aromas. Toppings like slivers of almonds, pistachios, and a drizzle of sweet syrup enhance the indulgence, allowing guests to customize their servings. &nbsp;</p>\r\n\r\n<p>Including traditional Indian halwa in the wedding menu ensures a sweet and nostalgic ending to the celebration, leaving guests with cherished memories of warmth, flavor, and the richness of Indian culinary traditions.</p>', 'category_of_menu/halwa-main.jpg', 'a bowl of suji halwa', 'Halwa', '2024-10-24 06:33:03.632376', 16),
(116, 'Cold Dessert', '<p>Incorporating Indian cold desserts into wedding menus brings a refreshing and delightful twist to the celebration, offering guests a light and sweet way to end the meal. Known for their vibrant flavors, unique textures, and cultural significance, these desserts are perfect for balancing the richness of the main courses while providing a satisfying conclusion to the dining experience. &nbsp;</p>\r\n\r\n<p>A variety of cold desserts can be featured, showcasing traditional favorites like ras malai, which consists of soft cheese balls soaked in creamy, cardamom-infused milk, and chilled kheer, a rice pudding often garnished with nuts and saffron. Other popular options include falooda, a refreshing dessert made with vermicelli, basil seeds, and rose syrup, served with a scoop of ice cream, and kulfi, the traditional Indian ice cream available in flavors like mango, pistachio, and cardamom. &nbsp;</p>\r\n\r\n<p>A live cold dessert station can elevate the experience, allowing chefs to prepare these delights fresh and serve them in beautiful presentations. Guests can enjoy customizing their desserts with toppings like crushed nuts, fresh fruit, and flavored syrups, adding a personal touch to their sweet indulgences. &nbsp;</p>\r\n\r\n<p>Including Indian cold desserts in the wedding menu ensures a light and delightful ending to the festivities, leaving guests with lasting memories of refreshing flavors, cultural richness, and the joy of sweet celebrations.</p>', 'category_of_menu/cold-main.jpg', 'small bowls of rose kheer', 'Cold-Dessert', '2024-10-24 06:35:20.761721', 16),
(117, 'Non Veg Soup', '<p>Non-vegetarian soups hold a special place at Indian weddings, adding a rich and flavorful start to the culinary experience. These hearty soups, like spicy chicken shorba, mutton paya soup, and prawn bisque, serve as a warm, inviting prelude to the multi-course feast that follows. Their significance goes beyond taste&mdash;non-veg soups often symbolize warmth and abundance, setting a tone of celebration and hospitality. They cater to the diverse palates of guests, offering comforting and aromatic flavors that evoke home-cooked tradition. These soups, crafted with aromatic spices and slow-cooked meats, not only satisfy but also showcase the couple&#39;s thoughtfulness in honoring traditional flavors while providing guests with a touch of indulgence. In a cultural sense, serving non-veg soups reflects an openness to diverse culinary traditions, enhancing the festive experience and creating lasting memories.</p>', 'category_of_menu/non-veg-soup-main.jpg', 'a bowl of chicken noodle soup', 'Non-Veg-Soup', '2024-11-04 04:09:29.465950', 6),
(118, 'Bihari', '<p>Bihari cuisine brings a unique and soulful charm to Indian weddings, adding an earthy richness and traditional authenticity to the celebration. Known for its bold flavors and hearty dishes, Bihari food reflects the warmth and simplicity of the region&rsquo;s culinary heritage. Iconic dishes like litti chokha, mutton kebabs, and fish curry are prepared with rustic spices, mustard oil, and indigenous ingredients that are integral to Bihar&rsquo;s culinary identity. Including Bihari dishes at a wedding not only honors cultural roots but also provides a sense of nostalgia and comfort for guests, as these foods are often associated with family gatherings and festivities. The presence of Bihari cuisine at a wedding banquet embodies hospitality and tradition, allowing the couple to share a taste of their heritage with loved ones. This fusion of flavors not only enhances the celebratory atmosphere but also brings people together over dishes that carry generations of history, symbolizing unity and shared joy.</p>', 'category_of_menu/bihari-main.jpg', 'a plate of litti chokha with chutneys', 'Bihari', '2024-11-04 04:23:34.235617', 9),
(119, 'Soft Drink', '<p>When it comes to planning a wedding, it&#39;s essential to cater to the preferences of all your guests, including those who prefer non-alcoholic beverages. Soft drinks are a fantastic addition to any wedding celebration, offering a refreshing and diverse range of options. From classic favorites to unique concoctions, incorporating soft drinks into your wedding can elevate the experience for everyone.<br />\r\n<br />\r\nOne of the first things to consider is the variety of soft drinks you want to offer. Soft drinks are a versatile and important component of any wedding celebration. Remember to cater to different tastes and preferences by including a wide selection. You could have an assortment of carbonated drinks, such as cola, lemon-lime soda, and ginger ale.Including a thoughtful selection of soft drinks in your wedding plans can ensure that all your guests feel welcome and have enjoyable beverage options throughout the celebration.<br />\r\n<br />\r\nRemember to pay attention to presentation and visual appeal, as these small details can enhance the overall experience for your guests. Cheers to a delightful and memorable wedding celebration filled with refreshing soft drinks!</p>', 'category_of_menu/soft-main.jpg', 'A crate of coca cola', 'Soft-drink', '2024-11-04 10:27:49.187574', 1),
(121, 'Cakes', '<p>A European cake is a refined and elegant dessert that reflects the rich culinary traditions of the continent. Known for its delicate layers, high-quality ingredients, and artistic presentation, European cakes often feature elements like sponge or genoise bases, silky creams, fresh fruits, rich ganaches, and light mousses. Popular variations include the French Opera cake, Austrian Sachertorte, Italian Tiramisu, and German Black Forest cake. These cakes typically strike a perfect balance between flavor and texture, often less sweet than their American counterparts, allowing the natural taste of ingredients like chocolate, nuts, berries, or liqueurs to shine through. A European cake is ideal for sophisticated celebrations and high-tea occasions, offering both visual appeal and gourmet delight.</p>', 'category_of_menu/cake-main.jpg', 'a european cake', 'True', '2025-05-15 09:23:12.711758', 17),
(122, 'Shot Glass', '<p>Shot glass desserts are elegant, bite-sized treats that deliver a burst of flavor and visual charm in every spoonful. Often served in petite glasses, these desserts layer textures and tastes with precision&mdash;creamy mousses, silky puddings, rich ganaches, fruit compotes, crumbles, or sponge cake. Perfect for parties, weddings, or upscale gatherings, shot glass desserts offer a modern and convenient way to enjoy classic favorites like chocolate mousse, tiramisu, berry cheesecake, or panna cotta. Their small size makes them ideal for sampling a variety of flavors, while their stylish presentation adds a touch of sophistication to any dessert table.</p>', 'category_of_menu/shot-main.jpg', 'shot glasses filled with cheesecake dessert', 'True', '2025-05-15 09:34:59.808005', 17),
(123, 'Tart', '<p>Tarts are beautifully crafted desserts known for their crisp, buttery crusts and rich, flavorful fillings. These elegant pastries combine texture and taste in perfect harmony&mdash;featuring bases made from shortcrust or p&acirc;te sucr&eacute;e and filled with delights like silky custards, tangy lemon curd, fresh seasonal fruits, rich chocolate ganache, or almond frangipane. Whether served as individual tartlets or as a classic large tart, they offer a visually stunning and deliciously refined treat. Ideal for weddings, high teas, or sophisticated celebrations, tarts bring a touch of European charm and artisanal flair to any dessert spread.</p>', 'category_of_menu/tart-main.jpg', 'a fruit tart on a display table', 'True', '2025-05-15 09:39:23.440535', 17);

-- --------------------------------------------------------

--
-- Table structure for table `menuApp_authorprofile`
--

CREATE TABLE `menuApp_authorprofile` (
  `id` bigint(20) NOT NULL,
  `name` varchar(200) NOT NULL,
  `email` varchar(254) NOT NULL,
  `about` longtext NOT NULL,
  `photo` varchar(100) NOT NULL,
  `gender` varchar(6) NOT NULL,
  `website` varchar(50) DEFAULT NULL,
  `facebook` varchar(50) DEFAULT NULL,
  `twitter` varchar(50) DEFAULT NULL,
  `linkedin` varchar(50) DEFAULT NULL,
  `date` datetime(6) NOT NULL,
  `user_id` int(11) NOT NULL
) ENGINE=InnoDB DEFAULT CHARSET=latin1 COLLATE=latin1_swedish_ci;

--
-- Dumping data for table `menuApp_authorprofile`
--

INSERT INTO `menuApp_authorprofile` (`id`, `name`, `email`, `about`, `photo`, `gender`, `website`, `facebook`, `twitter`, `linkedin`, `date`, `user_id`) VALUES
(1, 'Pratiksha Aggarwal', 'gym@gmail.com', 'gym', 'author/logo.png', 'female', NULL, NULL, NULL, NULL, '2022-11-26 04:57:58.641757', 1);

-- --------------------------------------------------------

--
-- Table structure for table `menuApp_blogcategorymodel`
--

CREATE TABLE `menuApp_blogcategorymodel` (
  `id` bigint(20) NOT NULL,
  `name` varchar(100) NOT NULL,
  `date` datetime(6) DEFAULT NULL
) ENGINE=InnoDB DEFAULT CHARSET=latin1 COLLATE=latin1_swedish_ci;

--
-- Dumping data for table `menuApp_blogcategorymodel`
--

INSERT INTO `menuApp_blogcategorymodel` (`id`, `name`, `date`) VALUES
(1, 'Drinks', '2022-11-26 04:54:35.677744'),
(2, 'Wedding', '2022-11-26 04:54:42.519878'),
(3, 'Cocktail', '2022-11-26 04:54:49.927139'),
(4, 'Birthday', '2022-11-26 04:54:55.768540'),
(5, 'Mehndi', '2022-11-26 04:55:01.891969'),
(6, 'Food-Layout', '2022-11-26 04:55:09.990286'),
(7, 'Appetizers', '2022-11-26 04:55:23.915695'),
(8, 'Corporate', '2022-11-26 04:55:35.172357'),
(9, 'Food-Ideas-Trends', '2022-11-26 04:55:44.720574'),
(10, 'International-Cuisines', '2022-11-26 04:55:56.204674'),
(11, 'Chefs-Bloggers', '2022-11-26 04:56:07.277687'),
(12, 'Social-Events', '2022-11-26 04:56:14.498367'),
(13, 'Ring-Ceremony', '2022-11-29 11:23:48.767538'),
(14, 'Mehndi-Ceremony', '2022-11-29 11:30:35.209730'),
(15, 'Wedding-Reception', '2022-11-29 11:47:04.179805'),
(16, 'sangeet-ceremony-caterers-delhi', '2022-11-29 11:53:35.940457'),
(17, 'Sangeet-Ceremony', '2022-11-29 11:54:24.554500');

-- --------------------------------------------------------

--
-- Table structure for table `menuApp_blogcomment`
--

CREATE TABLE `menuApp_blogcomment` (
  `id` bigint(20) NOT NULL,
  `email` varchar(100) DEFAULT NULL,
  `website` varchar(100) DEFAULT NULL,
  `comment` longtext NOT NULL,
  `full_name` varchar(100) DEFAULT NULL,
  `timestamp` datetime(6) NOT NULL,
  `verify` tinyint(1) NOT NULL,
  `post_id` bigint(20) NOT NULL
) ENGINE=InnoDB DEFAULT CHARSET=latin1 COLLATE=latin1_swedish_ci;

-- --------------------------------------------------------

--
-- Table structure for table `menuApp_bloggallery`
--

CREATE TABLE `menuApp_bloggallery` (
  `id` bigint(20) NOT NULL,
  `images` varchar(100) NOT NULL,
  `alt_text` varchar(100) DEFAULT NULL
) ENGINE=InnoDB DEFAULT CHARSET=latin1 COLLATE=latin1_swedish_ci;

--
-- Dumping data for table `menuApp_bloggallery`
--

INSERT INTO `menuApp_bloggallery` (`id`, `images`, `alt_text`) VALUES
(1, 'blog_Gallery/pexels-ivan-57980_1_1.jpg', 'rftghbjk'),
(2, 'blog_Gallery/tiramisu.jpg', NULL),
(3, 'blog_Gallery/kesar.jpg', NULL),
(4, 'blog_Gallery/jalebi.jpg', NULL),
(5, 'blog_Gallery/hot_chocolate.jpg', NULL),
(6, 'blog_Gallery/halwa.jpg', NULL),
(7, 'blog_Gallery/gulab.jpg', NULL),
(8, 'blog_Gallery/fondue.jpg', NULL),
(9, 'blog_Gallery/thali.jpg', NULL),
(10, 'blog_Gallery/street.jpg', NULL),
(11, 'blog_Gallery/halwa_1.jpg', NULL),
(12, 'blog_Gallery/golgappa.jpg', NULL),
(13, 'blog_Gallery/fusion.jpg', NULL),
(14, 'blog_Gallery/fruit.jpg', NULL),
(15, 'blog_Gallery/drinks.jpg', NULL),
(16, 'blog_Gallery/diet.jpg', NULL),
(17, 'blog_Gallery/dessert.jpg', NULL),
(18, 'blog_Gallery/chaats.jpg', NULL),
(19, 'blog_Gallery/awadh.jpg', NULL);

-- --------------------------------------------------------

--
-- Table structure for table `menuApp_blog_image`
--

CREATE TABLE `menuApp_blog_image` (
  `id` int(11) NOT NULL,
  `images` varchar(100) NOT NULL,
  `alt_text` varchar(100) NOT NULL
) ENGINE=InnoDB DEFAULT CHARSET=latin1 COLLATE=latin1_swedish_ci;

-- --------------------------------------------------------

--
-- Table structure for table `menuApp_category`
--

CREATE TABLE `menuApp_category` (
  `id` bigint(20) NOT NULL,
  `name` varchar(50) NOT NULL,
  `date` datetime(6) NOT NULL
) ENGINE=InnoDB DEFAULT CHARSET=latin1 COLLATE=latin1_swedish_ci;

-- --------------------------------------------------------

--
-- Table structure for table `menuApp_contactmodel`
--

CREATE TABLE `menuApp_contactmodel` (
  `id` bigint(20) NOT NULL,
  `name` varchar(100) NOT NULL,
  `email` varchar(254) DEFAULT NULL,
  `function` varchar(80) NOT NULL,
  `date` date NOT NULL,
  `budget` varchar(100) NOT NULL,
  `venue` varchar(100) NOT NULL,
  `phone` varchar(10) NOT NULL,
  `message` varchar(100) NOT NULL,
  `capacity` varchar(100) NOT NULL
) ENGINE=InnoDB DEFAULT CHARSET=latin1 COLLATE=latin1_swedish_ci;

--
-- Dumping data for table `menuApp_contactmodel`
--

INSERT INTO `menuApp_contactmodel` (`id`, `name`, `email`, `function`, `date`, `budget`, `venue`, `phone`, `message`, `capacity`) VALUES
(1, 'Rishika Gupta', 'r@gmail.com', 'function', '2023-03-23', '1200', 'ghaziabad', '9716222222', 'testing', 'ghaziabad'),
(2, 'Shubh Bagchi', 'shubhbagchi84@gmail.com', 'function', '2023-03-31', 'jkkkkkmkjjj', 'jmmmhhjm', '+919810355', 'jkkmk', 'Noida'),
(3, 'testie', 'testie@gmail.com', 'function', '2023-02-28', '500000', 'jammu', '0000000000', 'hi ', '12000'),
(4, 'testie', 'testie@gmail.com', 'function', '2023-03-28', '500000', 'jammu', '0000000000', 'hereye6rh', '12000'),
(5, 'testie', 'testie@gmail.com', 'function', '2023-03-28', '500000', 'jammu', '0000000000', 'hereye6rh', '12000'),
(6, 'testie', 'testie@gmail.com', 'function', '2023-03-28', '500000', 'jammu', '0000000000', 'hereye6rh', '12000'),
(7, 'testieindex pge', 'testie@gmail.com', 'function', '2023-03-28', '500000', 'jammu', '0000000000', 'dc', '12000'),
(8, 'testie about', 'testie@gmail.com', 'function', '2023-03-22', '500000', 'jammu', '0000000000', 'scdsc', '12000'),
(9, 'testie contact', 'testie@gmail.com', 'function', '2023-04-04', '500000', 'jammu', '0000000000', 'dcdc', '12000'),
(10, 'testie ocassion', 'testie@gmail.com', 'function', '2023-03-30', '500000', 'jammu', '0000000000', 't4gt4g', '12000'),
(11, 'testie culture', 'testie@gmail.com', 'function', '2023-03-20', '500000', 'jammu', '0000000000', 'rtgrt', '12000'),
(12, 'testie cuisine', 'testie@gmail.com', 'function', '2023-04-03', '500000', 'jammu', '0000000000', 'sdcdscd', '12000'),
(13, 'testie blog', 'testie@gmail.com', 'function', '2023-03-15', '500000', 'jammu', '0000000000', 'd', '12000'),
(14, 'testie portflio', 'testie@gmail.com', 'function', '2023-04-04', '500000', 'jammu', '0000000000', 'g4r', '12000'),
(15, 'testie clientele', 'testie@gmail.com', 'function', '2023-03-27', '500000', 'jammu', '0000000000', 'SDC', '12000'),
(16, 'kashmiri', 'test@gmail.com', 'function', '2023-03-27', '51000', 'hapur', '0000000000', 'frefrerev', '002555'),
(17, 'pop upnew dd', 'test@gmail.com', 'function', '2023-03-27', '51000', 'hapur', '0000000000', '', '002555'),
(18, 'Preeti ', 'ghh@gmail.com', 'function', '2023-03-10', '20000', 'Jammu ', '1234567890', '', '1000000'),
(19, 'pop upnew dd', 'test@gmail.com', 'function', '2023-03-27', '51000', 'hapur', '0000000000', '', '002555'),
(20, 'Preeti ', 'ghh@gmail.com', 'function', '2023-03-10', '20000', 'Jammu ', '1234567890', '', '1000000'),
(21, 'Preeti ', 'ghh@gmail.com', 'function', '2023-03-10', '20000', 'Jammu ', '1234567890', '', '1000000'),
(22, 'pop upnew dd', 'test@gmail.com', 'function', '2023-03-27', '51000', 'hapur', '0000000000', '', '002555'),
(23, 'pop upnew dd', 'test@gmail.com', 'function', '2023-03-27', '51000', 'hapur', '0000000000', '', '002555'),
(24, 'pop upnew dd', 'test@gmail.com', 'function', '2023-03-27', '51000', 'hapur', '0000000000', '', '002555'),
(25, 'pop upnew dd', 'test@gmail.com', 'function', '2023-03-27', '51000', 'hapur', '0000000000', '', '002555'),
(26, 'Preeti ', 'ghh@gmail.com', 'function', '2023-03-10', '20000', 'Jammu ', '1234567890', '', '1000000'),
(27, 'Preeti ', 'ghh@gmail.com', 'function', '2023-03-10', '20000', 'Jammu ', '1234567890', '', '1000000'),
(28, 'Preeti ', 'ghh@gmail.com', 'function', '2023-03-10', '20000', 'Jammu ', '1234567890', '', '1000000'),
(29, 'Preeti ', 'ghh@gmail.com', 'function', '2023-03-10', '20000', 'Jammu ', '1234567890', '', '1000000'),
(30, 'pop upnew dd', 'test@gmail.com', 'function', '2023-03-27', '51000', 'hapur', '0000000000', '', '002555'),
(35, 'Ghh', 'preeta192821@gmail.com', 'function', '2023-03-24', '', '', '1234567890', '', ''),
(37, 'CONJURING', 'gym@gmail.com', 'function', '2023-03-30', '20000', 'Manaktala Farm', '7854123654', ' JK J54NJ ', '800'),
(38, 'Preeti Verma gyyuyb hjbh', 'admin@admin.com', 'function', '2023-04-06', '20000', 'lawn', '7845124586', 'nnn', '522'),
(39, 'MIAA', 'meena@gmail.com', 'function', '2023-04-06', '20000', 'Tivoli Pushpanjali', '7458447759', 'HHVGVGVFGCDFXDFXD', '100-300'),
(40, 'MIAA', 'meena@gmail.com', 'function', '2023-04-06', '20000', 'Tivoli Pushpanjali', '7458447759', 'HHVGVGVFGCDFXDFXD', '100-300'),
(42, 'dsfsd ', 'dsfsdf@df.hj', 'function', '2027-10-30', 'hgjhggj', 'sdf sdf sd fsd fsdf', '2444444', '', '4154454'),
(43, 'Shubh Kailash', 'asdadas@sds.fhg', 'function', '2023-12-30', '456445', 'dfgd fdf gdg df', '2444444', 'gdf dfg dfg df dfg', '456454545'),
(44, 'Shweta Bhatia', 'vmcodertechnology@gmail.com', 'function', '2023-03-30', '20000', 'delhi', '7854123654', 'mn', '300'),
(45, 'Shweta Bhatia', 'vmcodertechnology@gmail.com', 'function', '2023-03-30', '20000', 'delhi', '7854123654', 'mn', '300'),
(46, 'Preeti Verma', 'admin@admin.com', 'function', '2023-03-23', '500', 'Manaktala Farm', '7412589654', 'sddcdf', '300'),
(47, 'Preeti Verma', 'admin@admin.com', 'function', '2023-03-23', '500', 'Manaktala Farm', '7412589654', 'sddcdf', '300'),
(48, 'Shweta Bhatia', 'vmcodertechnology@gmail.com', 'function', '2023-03-30', '20000', 'delhi', '7854123654', 'mn', '300'),
(49, 'Preeti Verma', 'admin@admin.com', 'function', '2023-03-23', '500', 'Manaktala Farm', '7458447759', '', '300'),
(50, 'shabbo', 'vmcodertechnology@gmail.com', 'function', '2023-03-09', '800', 'lawn', '7412589654', 'vghbjnkm,l', '300'),
(51, 'finaltestpopup', 'gym@gmail.com', 'function', '2023-03-21', '500', 'Tivoli Pushpanjali', '7412589654', '', '522'),
(52, 'finaltestindexpage', 'gym@gmail.com', 'function', '2023-03-29', '800', 'lawn', '7845124586', 'wq', '300'),
(53, 'Hjkkkklll', 'Hs@vmcodr.cm', 'function', '2023-03-04', '', '', '1234567890', 'Bb', ''),
(54, 'Pratiksha', 'pratiksha@getyourvenue.com', 'function', '2023-04-12', '', 'kk', '', 'hi', '300'),
(55, 'pancheel', 'gym@gmail.com', 'function', '2023-04-19', '500', 'Manaktala Farm', '7412589654', 'ddddddddddddddddddddddddddddddd', '522'),
(56, 'Shweta Bhatia', 'admin@admin.com', 'function', '2023-04-26', '500', 'Manaktala Farm', '11111', 'dd', '100-300'),
(57, 'Preeti Verma', 'gym@gmail.com', 'function', '2023-04-20', '800', 'Tivoli Pushpanjali', '785', 'z', '100-300'),
(58, 'Cocktailcdca', 'admin@admin.com', 'function', '2023-04-06', '800', 'Afganistan', '78541', 'd', '800'),
(59, 'Shweta Bhatia', 'gym@gmail.com', 'function', '2023-04-19', '500', 'Afganistan', '52', 'jhjh', '300'),
(60, 'Leah Seaton', 'seaton.leah78@outlook.com', 'function', '2023-03-04', '', '', '04.04.81.8', 'Hey,\r\n\r\nEveryone is using ChatGPT nowadays… \r\nIt’s taking over the internet… \r\n\r\nBut what if there i', ''),
(61, 'preeti', 'dspreetiverma@gmail.com', 'function', '2023-04-20', '300', 'agatala', '7852147896', 'dd', '2020'),
(62, 'Paro', 'dspreetiverma@gmail.com', 'function', '2023-04-13', '500', 'dbhdhc', '7852147896', 'dsuydwdyu', '200'),
(63, 'preeti', 'dspreetiverma@gmail.com', 'function', '2023-05-03', '300', 'agatala', '7854123695', 'wswq', 'rerfrewfcrefref'),
(64, 'preeti', 'dspreetiverma@gmail.com', 'function', '2023-05-03', '300', 'agatala', '7854123695', 'wswq', 'rerfrewfcrefref'),
(65, 'Rishika Gupta', 'grishika11@gmail.com', 'function', '2023-04-12', '120000', 'kasjghdjka', '9716226676', 'bjkjkbjk', 'ghaziabad'),
(66, 'Rishika Gupta', 'grishika11@gmail.com', 'function', '2023-04-12', '1200000', 'dgd', '9716226676', 'jghghjghj', 'ghaziabad'),
(67, 'preeti', 'dspreetiverma@gmail.com', 'function', '2023-04-19', '500', 'dd', '7854785478', 'dc', ' dc'),
(68, 'Rishika Gupta', 'grishika11@gmail.com', 'function', '2023-04-11', '1200000', 'Tivoli Pushpanjali', '9716226676', 'jhgkjhghjgjh', 'ghaziabad'),
(69, 'tanvi', 'dspreetiverma@gmail.com', 'function', '2023-04-26', '500', 'dcd', '7458759687', 'jdxhudhuhdj', 'dccd'),
(70, 'jojo', 'preeta192821@gmail.com', 'function', '2023-04-12', '800', 'koko', '7458795478', 'ggh', '500'),
(71, 'jojo', 'preeta192821@gmail.com', 'function', '2023-04-12', '800', 'koko', '7458795478', 'ggh', '500'),
(72, 'jojo', 'preeta192821@gmail.com', 'function', '2023-04-12', '800', 'koko', '7458795478', 'ggh', '500'),
(73, 'ggvg', 'preeta192821@gmail.com', 'function', '2023-04-27', '500', 'kij', '7458795874', 'hghv', '500'),
(74, 'BIRTHDAY', 'vmcodertechnology02@gmail.com', 'function', '2023-04-19', '500', 'dbhdhc', '7852147896', 'erdtfygh', '500'),
(75, 'dcadc', 'vmcodertechnology02@gmail.com', 'function', '2023-04-13', '500', 'dbhdhc', '7852147896', 'dd', '500'),
(76, 'gsrtgr', 'dspreetiverma@gmail.com', 'function', '2023-05-04', '300', 'loni', '7852147896', 'yguh', '2020'),
(77, 'kanika', 'vmcodertechnology02@gmail.com', 'function', '2023-04-07', '300', 'agatala', '9988477689', ' mj', '500'),
(78, 'kanika', 'dspreetiverma@gmail.com', 'function', '2023-04-20', '500', 'dbhdhc', '9988477689', 'v', '2020'),
(79, 'Rishika Gupta', 'grishika11@gmail.com', 'function', '2023-04-12', '1200000', 'gurugram', '9716226676', 'testing', 'ghaziabad'),
(80, 'Rishika Gupta', 'grishika11@gmail.com', 'function', '2023-04-12', '1200000', 'gurugram', '9716226676', 'testing', 'ghaziabad'),
(81, 'Guadalupe Pawlowski', 'guadalupe.pawlowski@hotmail.com', 'function', '2023-03-04', '', '', '079 0806 0', 'Hey there,\r\n\r\nWhat if instead of wasting your time on ChatGPT...\r\n\r\nYou could launch your Own app li', ''),
(82, 'satendra pal', 'satendrapal@gmail.com', 'function', '2023-04-17', '2000', 'noida', '9876543210', 'testing', '3000'),
(83, 'satendra pal', 'satendrapal@gmail.com', 'function', '2023-04-17', '2000', 'noida', '9876543210', 'testing', '3000'),
(84, 'satendra pal', 'satendrapal@gmail.com', 'function', '2023-04-17', '2000', 'noida', '9876543210', 'testing', '3000'),
(85, 'anurag pal', 'anuragpal6640@gmail.com', 'function', '2023-04-02', '1000', 'noida', '9876543210', 'testing', '2000'),
(86, 'satendra pal', 'satendrapal@gmail.com', 'function', '2023-04-01', '3000', 'noida', '9876543210', 'testing', '4000'),
(87, 'satendra pal', 'satendrapal4321@gmail.com', 'function', '2023-04-02', '4000', 'noida', '9876543210', 'testing', '5000'),
(88, 'satendra pal', 'satendrapal@gmail.com', 'function', '2023-04-01', '6000', 'noida', '9876543210', 'testing', '7000'),
(89, 'satendra pal', 'satendrapal@gmail.com', 'function', '2023-04-01', '6000', 'noida', '9876543210', 'testing', '30000'),
(90, 'satendra pal', 'satendrapal@gmail.com', 'function', '2023-04-01', '8000', 'noida', '9876543210', 'testing', '10000'),
(91, 'satendra pal', 'satendrapal@gmail.com', 'function', '2023-04-01', '5000', 'noida', '9867543210', 'testing', '6000'),
(92, 'satendra pal', 'satendrapal@gmail.com', 'function', '2023-04-01', '9000', 'noida', '9876543210', 'testig', '12345'),
(93, 'satendra pal', 'satendrapal@gmail.com', 'function', '2023-04-01', '23456', 'noida', '9876543210', 'testing', '34567'),
(94, 'satendra pal', 'satendrapal@gmail.com', 'function', '2023-04-14', '9000', 'noida', '9867543202', 'testing', '10000'),
(95, 'satendra pal', 'satendrapal@gmail.com', 'function', '2023-04-13', '23456', 'noida', '9867654321', 'testing', '213441'),
(96, 'satendra pal', 'satendrapal@gmail.com', 'function', '2023-04-07', '765432', 'noida', '9876543210', 'testing', '5343211'),
(97, 'satendra pal', 'satendrapal@gmail.com', 'function', '2023-03-28', '8000', 'noida', '9876543210', 'testing', '9000'),
(98, 'satendra pal', 'satendrapal@gmail.com', 'function', '2023-03-27', '45678', 'noida', '9876543210', 'testing', '123456'),
(99, 'satendra pal', 'satendrapal@gmail.com', 'function', '2023-07-18', '6000', 'noida', '9876543210', 'testing', '7000'),
(100, 'satendra pal', 'satendrapal@gmail.com', 'function', '2023-04-17', '9000', 'noida', '9876543210', 'testing', '9900'),
(101, 'Satendra pal ', 'satendrapal9977@gmail.com', 'function', '2023-03-04', '', '', '9977613827', 'Testing ', ''),
(102, 'Satendra pal ', 'satendrapal9977@gmail.com', 'function', '2023-03-04', '', '', '9977613827', 'Testing ', ''),
(103, 'Satendra pal ', 'satendrapal9977@gmail.com', 'function', '2023-03-04', '', '', '9977613827', 'Testing ', ''),
(104, 'Satendra pal ', 'satendrapal9977@gmail.com', 'function', '2023-03-04', '', '', '9977613827', 'Testing ', ''),
(105, 'Satendra pal ', 'satendrapal9977@gmail.com', 'function', '2023-03-04', '', '', '9977613827', '', ''),
(106, 'Satendra pal ', 'satendrapal9977@gmail.com', 'function', '2023-03-04', '', '', '9977613827', 'Testing ', ''),
(107, 'Satendra pal ', 'satendrapal9977@gmail.com', 'function', '2023-03-04', '', '', '9977613827', 'Testing ', ''),
(108, 'Satendra pal ', 'satendrapal9977@gmail.com', 'function', '2023-03-04', '', '', '9977613827', 'Testing ', ''),
(109, 'Satendra pal ', 'satendrapal9977@gmail.com', 'function', '2023-03-04', '', '', '9977613827', 'Testing ', ''),
(110, 'Satendra pal ', 'satendrapal9977@gmail.com', 'function', '2023-03-04', '', '', '9977613827', 'Testing ', ''),
(111, 'Satendra pal ', 'satendrapal9977@gmail.com', 'function', '2023-03-04', '', '', '9977613827', 'Testing ', ''),
(112, 'Jdkwmdn', 'preeta192821@gmail.com', 'function', '2023-03-04', '', '', '1234567890', 'Hi', ''),
(113, 'anurag pal', 'satendrapal@gmail.com', 'function', '2023-04-17', '4000', 'noida', '9876543210', 'testing', '5000-7000'),
(114, 'Diwkjdnxn', 'preeta192821@gmail.com', 'function', '2023-03-04', '', '', '1234567890', 'Cjwjq', ''),
(115, 'Diwkjdnxn', 'preeta192821@gmail.com', 'function', '2023-03-04', '', '', '1234567890', 'Cjwjq', ''),
(116, 'satendra pal', 'satendrapal@gmail.com', 'function', '2023-04-21', '79000', 'noida', '9876543209', 'testing', '900000'),
(117, 'rishika', 'grishika11@gmail.com', 'function', '2023-04-19', '6767', 'kjnjkn', '1122334455', 'jkmnjknkj', '7878'),
(118, 'uigyug7', 'dsc@gmail.com', 'function', '2023-04-13', '1200000', 'df', '8888888888', '', ''),
(119, 'uigyug7', 'dsc@gmail.com', 'function', '2023-04-13', '1200000', 'df', '8888888888', '', ''),
(120, 'Jarrod Bolden', 'bolden.jarrod@googlemail.com', 'function', '2023-03-04', '', '', '0377 58490', 'Hey\r\n\r\nDo you remember the \"Humatars\"!?  \r\n\r\nYou know, the real-human spokespersons that say what yo', ''),
(121, 'Liza Coombes', 'liza.coombes@yahoo.com', 'function', '2023-03-04', '', '', '937-650-74', 'Hey,\r\n\r\nI just had to share something amazing with you that I recently discovered.\r\n\r\nYou know how s', ''),
(122, 'Charlene Laborde', 'charlene.laborde@gmail.com', 'function', '2023-03-04', '', '', '0680 816 8', 'Hi,\r\n\r\nEveryone is using ChatGPT nowadays… \r\nIt’s taking over the internet… \r\n\r\nBut what if there is', ''),
(123, 'Sonu Sonu', 'saitwalsamir@gmail.com', 'function', '2023-06-15', '', 'Pune', '3331212322', 'Ok. ', 'Buldana'),
(124, 'Rudolph Kifer', 'rudolph.kifer56@gmail.com', 'function', '2023-03-04', '', '', '01.98.46.7', 'Hey there,\r\n\r\nDid you hear about Ai Pro?\r\n\r\nThe First Ever All-In-One ChatGPT Killer App Suite That ', ''),
(125, 'Trudi Eve', 'trudi.eve95@gmail.com', 'function', '2023-03-04', '', '', '69 598 68 ', 'Quick? ?question,\r\n\r\nDo? ?You? ?want? ?FREE? ?TARGETED? ?? ?Traffic? What’s the most powerful market', ''),
(126, 'Adhya Kumar', 'adhyacapri@gmail.com', 'function', '2023-05-02', '', 'Home in West Mukherjee Nagar ', '8130319333', '', ''),
(127, 'Della Dethridge', 'della.dethridge@gmail.com', 'function', '2023-03-04', '', '', '08-5675285', 'Hey there,\r\n\r\nIntroducing .. Ai Pro , World\'s First  25-In One - ChatGPT (OpenAi) Powered App Suite ', ''),
(128, 'Glen Golden', 'glen.golden40@outlook.com', 'function', '2023-03-04', '', '', '06-2627370', 'Hi,\r\n\r\nHave you been trying to make money online, but nothing seems to be working for you? Are you t', ''),
(129, 'Shane K', 'pat@aneesho.com', 'function', '2023-04-29', '000', '---', '8102440753', 'Just wanted to ask if you would be interested in getting external help with graphic design? We do al', 'New York'),
(130, 'Rahul Negi', 'rn0101054@gmail.com', 'function', '2023-03-04', '', '', '+918279994', '', ''),
(131, 'Columbus Skuthorp', 'skuthorp.columbus@gmail.com', 'function', '2023-03-04', '', '', '429 3692', 'Hey,\r\n\r\nTikTok has exploded in popularity generating 1BILLION users in just six years.\r\n\r\nThe main r', ''),
(132, 'Pratiksha', 'pratiksha@getyourvenue.com', 'function', '2023-05-19', '', 'NA', '8800276444', 'Hi', '300'),
(133, 'Eric Jones', 'ericjonesmyemail@gmail.com', 'function', '2023-03-04', '', '', '555-555-12', 'Dear getyourmenu.in Admin!\r\n\r\nCool website!\r\n\r\nMy name’s Eric, and I just found your site - getyourm', ''),
(134, 'Jayanta kr bandyopadhyay', 'bandyopadhyaykumarjayanta@gmail.com', 'function', '2023-03-04', '', '', '+919231998', 'Please give menu list for Bengali bride and Maithali groom marriage with some surprise item ', ''),
(135, 'Jacki Doucette', 'doucette.jacki@msn.com', 'function', '2023-03-04', '', '', '079 5823 6', 'Hey there,\r\n\r\nWhatever Business you do, you can\'t Multiply Your ROI & Profits without Building Prove', ''),
(136, 'Dhoni', 'loonbisal@gmail.com', 'function', '2023-05-09', '1,30000', 'Kolkata ', '8697727198', '', '350'),
(137, 'Roosevelt Romero', 'romero.roosevelt@yahoo.com', 'function', '2023-03-04', '', '', '078 3230 3', 'Hey There,\r\n\r\nFinally, something completely new & incredibly profitable for digital marketers.\r\n\r\nTh', ''),
(138, 'Miriam Mcdermott', 'mcdermott.miriam@gmail.com', 'function', '2023-03-04', '', '', '845-693-44', 'How would you like to have an Auto-Updating AI based Blog Creator that creates 100,000+ DFY SEO opti', ''),
(139, 'Shalini', 'sharmashalini39@gmail.com', 'function', '2023-05-22', '', 'Baner', '9654223403', '', '30'),
(140, 'Cecila Winkler', 'cecila.winkler@gmail.com', 'function', '2023-03-04', '', '', '519-432-13', 'Just a Quick Question!\r\n\r\nDo you run affiliate websites or stuck behind due to lack of resources ?\r\n', ''),
(141, 'Jayanta Bandyopadhyay', 'bandyopadhyaykumarjayanta@gmail.com', 'function', '2024-01-21', '', 'near Kolkata airport', '9231998344', '', '150'),
(142, 'Dale Cornett', 'dale.cornett@outlook.com', 'function', '2023-03-04', '', '', '902-566-84', 'How would you like to have an Auto-Updating AI based Blog Creator that creates 100,000+ DFY SEO opti', ''),
(143, 'Amit Ghosh ', 'amitkghosh15@gmail.com', 'function', '2023-03-04', '', '', '6394763675', '', ''),
(144, 'Bobbye Septimus', 'bobbye.septimus@gmail.com', 'function', '2023-03-04', '', '', '027 400 90', 'Hey, \r\n\r\nCreating set & forget websites loaded with genuine, SEO Optimized Content is the best way t', ''),
(145, 'Jessica Sparkes', 'jess@studio-white.co.uk', 'function', '2023-09-06', 'TBC', 'Bikaner House ', '', 'Hi there, \r\n\r\nI am working on behalf of Studio White, a London based events studio who are producing', '200 PEOPLE'),
(146, 'Karla Forde', 'forde.karla@gmail.com', 'function', '2023-03-04', '', '', '949-338-11', 'Hello there!\r\n\r\nThis is your final reminder!\r\n\r\nThe game-changing session with Neil Napier and his t', ''),
(147, 'Eric Jones', 'ericjonesmyemail@gmail.com', 'function', '2023-03-04', '', '', '555-555-12', 'Hello getyourmenu.in Administrator!\r\n\r\nMy name’s Eric and I just came across your website - getyourm', ''),
(148, 'Lilian Warburton', 'lilian.warburton@outlook.com', 'function', '2023-03-04', '', '', '(21) 4235-', 'Hey,\r\n\r\nDo you know that platforms like Jasper, HeyGen, Synthesia, Audacity, Rytr, Audible, Scribe, ', ''),
(149, 'rishika', 'grishika111@gmail.com', 'function', '2023-06-24', '200000', 'noida', '9988998899', 'testing', '1200'),
(150, 'Rishika Gupta', 'grishika111@gmail.com', 'function', '2023-06-24', '1200000', 'noida', '0710226676', 'testing', 'ghaziabad'),
(151, 'Manoj Kumar ', 'manouv001@gmail.com', 'function', '2023-11-15', '4l', 'Villupuram ', '8838818620', '', '500'),
(152, 'Eric Jones', 'ericjonesmyemail@gmail.com', 'function', '2023-03-04', '', '', '555-555-12', 'To the getyourmenu.in Webmaster!\r\n\r\nMy name’s Eric and I just found your site getyourmenu.in.\r\n\r\nIt’', ''),
(153, 'Robyn Schneider', 'alfredgennick@outlook.com', 'function', '2023-03-04', '', '', '05.76.43.1', '\r\n12 000 000 messages to the whole world - new marketing tool for your company.\r\n\r\nSteps to get it:\r', ''),
(154, 'Shubh', 'asjdas@dssd.dsd', 'function', '2023-12-12', '10000', 'adjbda sd kj', '9818591213', 'bkjba kjbdkjabdkjasbdkjasbkj d', '545645454654654'),
(155, 'shubh', 'sad@sds.sd', 'function', '2023-12-12', '10000', 'asdasasdakjsb dk', '9818591213', 'bnkjkjna sjkdnakjsnd kajsn dj', '5454545'),
(156, 'Shubh Bagchi', 'gym@gmail.com', 'function', '2023-03-04', '', '', '+919810355', 'jdkss smsz znsnzn', ''),
(157, 'sdsd', 'sdsds@sdds.ds', 'function', '2023-12-12', '', 'sadasdsa', '4545454545', 'asdasasd asd asd', 'asdasd'),
(158, 'Hassie Chow', 'chow.hassie@gmail.com', 'function', '2023-03-04', '', '', '07344 62 7', 'Hi, \r\n\r\nI wanted to share some exciting news with you about a powerful tool that\r\ncan revolutionize ', ''),
(159, 'Eric Jones', 'ericjonesmyemail@gmail.com', 'function', '2023-03-04', '', '', '555-555-12', 'Hello getyourmenu.in Webmaster. \r\n\r\nMy name is Eric and unlike a lot of emails you might get, I want', ''),
(160, 'Ladu Gawade', 'Lmgawade@gmail.com', 'function', '2023-07-14', '10000', 'Home', '9881139254', '', '20'),
(161, 'Eric Jones', 'ericjonesmyemail@gmail.com', 'function', '2023-03-04', '', '', '555-555-12', 'To the getyourmenu.in Webmaster.\r\n\r\nMy name’s Eric and I just came across your website - getyourmenu', ''),
(162, 'Eric Jones', 'ericjonesmyemail@gmail.com', 'function', '2023-03-04', '', '', '555-555-12', 'To the getyourmenu.in Admin! \r\n\r\nEric here with a quick thought about your website getyourmenu.in...', ''),
(163, 'Eric Jones', 'ericjonesmyemail@gmail.com', 'function', '2023-03-04', '', '', '555-555-12', 'Hello getyourmenu.in Admin! I just found your site, quick question…\r\n\r\nMy name’s Eric, I found getyo', ''),
(164, 'Candace', 'candace.qi@consensys.net', 'function', '2023-08-05', '165000rs', 'IITDelhi', '+447470517', 'Hi team! \r\n\r\nWe are organising a meetup at IITDelhi on August 5 and would like some packed light lun', '250'),
(165, 'Dorine Downing', 'dorine.downing60@msn.com', 'function', '2023-03-04', '', '', '070 6163 7', 'Hi,\r\n\r\nYou read it right.\r\n\r\nAt first i too was thinking WHAT? As  Ialways  pay high cost per views ', ''),
(166, 'Eric Jones', 'ericjonesmyemail@gmail.com', 'function', '2023-03-04', '', '', '555-555-12', 'Hi getyourmenu.in Admin! \r\n\r\nMy name is Eric and unlike a lot of emails you might get, I wanted to i', ''),
(167, 'Eric Jones', 'ericjonesmyemail@gmail.com', 'function', '2023-03-04', '', '', '555-555-12', 'Hello getyourmenu.in Webmaster!\r\n\r\nCool website!\r\n\r\nMy name’s Eric, and I just found your site - get', ''),
(168, 'rima', 'ea.abishek@kairali.com', 'function', '2023-08-19', 'na', 'panchsheel park ', '8800223739', 'I need to organize a b\'day party for the 7yrs old.at Panchsheel Park. Kindly send me the Menu along ', 'New Delhi'),
(169, 'Suresh Kumar ', 'badesra1991@gmail.com', 'function', '2023-03-04', '', '', '0708256347', 'Catering Menu', ''),
(170, 'Ilana Casas', 'casas.ilana@gmail.com', 'function', '2023-03-04', '', '', '091 805 62', 'Hi,\r\n\r\nI want you to remember this day.. \r\n\r\nA HUGE breakthrough has just occurred. \r\n\r\nA NEW A.I We', ''),
(171, 'Nick Harris', 'contact@pathsocial.cc', 'function', '2023-03-04', '', '', '830-274-76', 'Hey! Nick here.\r\n\r\nI wanted to reach out to share a service dedicated to helping Instagram users (li', ''),
(172, 'Shubh Bagchi', 'shubhkailashhc@gmail.com', 'function', '2023-03-04', '', '', '9810355712', 'dhssn', ''),
(173, 'Sharad', 'mahimasharad.mj67@gmail.com', 'function', '2023-08-15', '8000', 'Laxminagar , east delhi', '9818833925', '', '15'),
(174, 'Eric Jones', 'ericjonesmyemail@gmail.com', 'function', '2023-03-04', '', '', '555-555-12', 'Dear getyourmenu.in Administrator.\r\n\r\nCool website!\r\n\r\nMy name’s Eric, and I just found your site - ', ''),
(175, 'Rimmi', 'rimminirvaan6@gmail.com', 'function', '2023-09-21', '15000', 'Home', '9599141402', '', '45'),
(176, 'WilliamSancy', 'faynem4@hotmail.com', 'function', '1983-03-07', '113524', '', '8669697597', 'Hello dear friend, I would like to offer placement of your link (or links) on different platforms of', 'Charlotte Amalie'),
(177, 'WilliamSancy', 'faynem4@hotmail.com', 'function', '1983-03-07', '113524', '', '8669697597', 'Hello dear friend, I would like to offer placement of your link (or links) on different platforms of', 'Charlotte Amalie'),
(178, 'WilliamSancy', 'faynem4@hotmail.com', 'function', '1983-03-07', '113524', '', '8669697597', 'Hello dear friend, I would like to offer placement of your link (or links) on different platforms of', 'Charlotte Amalie'),
(179, 'WilliamSancy', 'faynem4@hotmail.com', 'function', '1983-03-07', '113524', '', '8669697597', 'Hello dear friend, I would like to offer placement of your link (or links) on different platforms of', 'Charlotte Amalie'),
(180, 'WilliamSancy', 'faynem4@hotmail.com', 'function', '1983-03-07', '113524', '', '8669697597', 'Hello dear friend, I would like to offer placement of your link (or links) on different platforms of', 'Charlotte Amalie'),
(181, 'WilliamSancy', 'faynem4@hotmail.com', 'function', '1983-03-07', '113524', '', '8669697597', 'Hello dear friend, I would like to offer placement of your link (or links) on different platforms of', 'Charlotte Amalie'),
(182, 'WilliamSancy', 'faynem4@hotmail.com', 'function', '1983-03-07', '113524', '', '8669697597', 'Hello dear friend, I would like to offer placement of your link (or links) on different platforms of', 'Charlotte Amalie'),
(183, 'WilliamSancy', 'faynem4@hotmail.com', 'function', '1983-03-07', '113524', '', '8669697597', 'Hello dear friend, I would like to offer placement of your link (or links) on different platforms of', 'Charlotte Amalie'),
(184, 'WilliamSancy', 'faynem4@hotmail.com', 'function', '1983-03-07', '113524', '', '8669697597', 'Hello dear friend, I would like to offer placement of your link (or links) on different platforms of', 'Charlotte Amalie'),
(185, 'WilliamSancy', 'faynem4@hotmail.com', 'function', '1983-03-07', '113524', '', '8669697597', 'Hello dear friend, I would like to offer placement of your link (or links) on different platforms of', 'Charlotte Amalie'),
(186, 'WilliamSancy', 'faynem4@hotmail.com', 'function', '1983-03-07', '113524', '', '8669697597', 'Hello dear friend, I would like to offer placement of your link (or links) on different platforms of', 'Charlotte Amalie'),
(187, 'WilliamSancy', 'faynem4@hotmail.com', 'function', '1983-03-07', '113524', '', '8669697597', 'Hello dear friend, I would like to offer placement of your link (or links) on different platforms of', 'Charlotte Amalie'),
(188, 'WilliamSancy', 'faynem4@hotmail.com', 'function', '1983-03-07', '113524', '', '8669697597', 'Hello dear friend, I would like to offer placement of your link (or links) on different platforms of', 'Charlotte Amalie'),
(189, 'WilliamSancy', 'faynem4@hotmail.com', 'function', '1983-03-07', '113524', '', '8669697597', 'Hello dear friend, I would like to offer placement of your link (or links) on different platforms of', 'Charlotte Amalie'),
(345, 'Dena Lions', 'lions.dena@googlemail.com', 'function', '2023-03-04', '', '', '635268051', 'Hello Everyone\r\n\r\ngetyourmenu.in is very easy to navigate!\r\n\r\nJoin the green revolution with Mission', ''),
(346, 'Maybell Gisborne', 'gisborne.maybell@gmail.com', 'function', '2023-03-04', '', '', '3183024520', 'Hello Team,\r\n\r\nI\'m not your typical Business Development Manager here at Estura Software Company, an', ''),
(347, 'LeoEdisa', 'yjdisantoyjdissemin@gmail.com', 'function', '1982-02-05', '112132', '', '8666432759', 'Xin chào, tôi mu?n bi?t giá c?a b?n.', 'City'),
(348, 'Arisero', 'ecohasp@mailport.lat', 'function', '1981-04-03', '152431', 'Arisero', '2277054263', '<a href=http://cialis.lat/discover-the-best-prices-for-cialis>best price cialis</a> The highly sensi', 'Riohacha'),
(349, 'MichaelTheks', 'suki.na.nata.su@gmail.com', 'function', '1984-07-02', '143124', '', '8442241837', '????????? ??? ?? ??? ??? ???? ?????? ???????? ?? ?????? ?? ???? ??? ???? ???? ??????? ????          ', 'Willemstad'),
(350, 'CharlieJer', 'eva.nbo.ri.s.4.8.7@gmail.com', 'function', '1983-07-02', '144251', '', '8463712153', '?? ????? ????????????????? ?????? ???? ????? ???-?? ???? ??? ?? ??????? ?? ????? ???? ???? ???? ??, ', 'Charlotte Amalie'),
(351, 'MichaelTheks', 'sukin.a.na.ta.s.u@gmail.com', 'function', '1985-06-05', '125531', '', '8934593269', '????????? ??? ?? ??? ??? ???? ?????? ???????? ?? ?????? ?? ???? ??? ???? ???? ??????? ????          ', 'Willemstad'),
(352, 'CharlieJer', 'eva.nboris.487@gmail.com', 'function', '1986-08-04', '121445', '', '8438188786', '?? ????? ????????????????? ?????? ???? ????? ???-?? ???? ??? ?? ??????? ?? ????? ???? ???? ???? ??, ', 'Charlotte Amalie'),
(353, 'JamesfeK', 'enos30red@gmail.com', 'function', '1980-01-04', '135313', '', '8241574321', 'Hello. \r\n \r\nThis post was created with XRumer 23 StrongAI. \r\n \r\nGood luck :)', 'Banjul'),
(354, 'JohnEdisa', 'kayleighbpsteamship@gmail.com', 'function', '1982-01-08', '134414', '', '8839468264', 'Dia duit, theastaigh uaim do phraghas a fháil.', 'Mtskheta'),
(355, 'Thurman Beauregard', 'thurman.beauregard@outlook.com', 'function', '2023-03-04', '', '', '424836481', 'Dear Team at getyourmenu.in\r\n\r\nMy name is Thurman and I am a volunteer with United 27 Ukrainian Char', ''),
(356, 'DavidEdisa', 'kayleighbpsteamship@gmail.com', 'function', '1984-01-06', '142252', '', '8729322662', 'Hai, saya ingin tahu harga Anda.', 'Mtskheta'),
(357, 'Thank you for registering. Con', 'stefeask@inbox.ru\r\n', 'function', '1982-05-05', '', '', '7882848315', '', '1576728224'),
(358, 'Thank you for registering. Con', 'vottmync@inbox.ru\r\n', 'function', '1984-01-03', '', '', '4560214873', '', '0382416474'),
(359, 'Thank you for registering. Con', 'slavamub@inbox.ru\r\n', 'function', '1980-05-04', '', '', '4545514012', '', '5371466288'),
(360, 'Preeti ', 'preeta192821@gmail.com', 'function', '2024-07-19', '523330', 'wfwe', '7412589654', 'have pa', '454545'),
(361, 'Preeti ', 'preeta192821@gmail.com', 'function', '2024-07-19', '523330', 'wfwe', '7412589654', 'have pa', '454545'),
(362, 'Aditi Tyagi', 'dspreetiverma@gmail.com', 'function', '2024-07-30', '523330', 'jaipur', '9310623900', 'test', '454545'),
(363, 'LeoEdisa', 'yjdisantoyjdissemin@gmail.com', 'function', '1986-08-05', '121542', '', '8446556639', 'Szia, meg akartam tudni az árát.', 'City'),
(364, 'DavidEdisa', 'kayleighbpsteamship@gmail.com', 'function', '1982-08-08', '135425', '', '8712541261', 'Hi, ego volo scire vestri pretium.', 'Mtskheta'),
(365, 'MasonEdisa', 'yjdisantoyjdissemin@gmail.com', 'function', '1986-04-08', '153241', '', '8448982156', 'Sveiki, es grib?ju zin?t savu cenu.', 'City'),
(366, 'MasonEdisa', 'yjdisantoyjdissemin@gmail.com', 'function', '1983-01-01', '135312', '', '8593333825', 'Hi, roeddwn i eisiau gwybod eich pris.', 'City'),
(367, 'Ngcpsync', 'ngc8444746@gmail.com', 'function', '1988-08-02', '145441', '', '8777297215', 'Top ?as?n?s \r\n200% deposite bonus and 150 freespin \r\nG?t ??ur s?gn-up b?nus \r\nhttps://tinyurl.com/3w', 'Minsk'),
(368, 'Gabrielmam', 'no_replyclen67@gmail.com', 'function', '1984-08-06', '134145', '', '8868387482', 'Hello, \r\n \r\nPrivate music server FLAC/Mp3/Clips 1990-2024. \r\nMusic Pop/Rock/Rap/RnB/Metal/Jazz/Folk/', 'Bereeda'),
(369, 'RodneySlicy', 'recdetil1984@rknantispam.org', 'function', '1982-04-05', '141541', '', '8925486554', 'A beloved National Park Service ranger died when he tripped, fell and struck his head on a rock duri', 'Ho Chi Minh City'),
(370, 'Eric Jones', 'ericjonesmyemail@gmail.com', 'function', '2023-03-04', '', '', '555-555-12', 'Hi getyourmenu.in Administrator! I just found your site, quick question…\r\n\r\nMy name’s Eric, I found ', ''),
(371, 'August testing', 'preeta192821@gmail.com', 'function', '2024-08-15', '523330', 'jaipur', '7412589654', 'hi testing process of august month', '454545'),
(372, 'QuintonTor', 'fati59tharp@gmail.com', 'function', '1980-02-03', '133553', '', '8253984285', 'Hello. \r\n \r\nThis post was created with XRumer 23 StrongAI. \r\n \r\nGood luck :)', 'Estepona'),
(373, 'DavidEdisa', 'kayleighbpsteamship@gmail.com', 'function', '1988-06-05', '115333', '', '8371563836', 'Hi, roeddwn i eisiau gwybod eich pris.', 'Mtskheta'),
(374, 'Dorothygob', 'adultgamesfree4you@gmail.com', 'function', '1983-02-07', '155452', '+13867065381', '8319781861', '<a href=https://psee.io/6b5kal><b><u>Serious adult games for great pleasure for free!</u></b></a>', 'Tafraout'),
(375, 'MasonEdisa', 'yjdisantoyjdissemin@gmail.com', 'function', '1988-02-02', '125454', '', '8377281776', 'Hola, volia saber el seu preu.', 'City'),
(376, 'Hikemelia', 'seergiege@posthome.space', 'function', '1984-08-03', '152513', 'Hikemelia', '5443582642', 'Risk of angina pectoris and plasma concentrations of vitamins A, C, and E and carotene <a href=https', 'Yanahuara'),
(377, 'Eric Jones', 'ericjonesmyemail@gmail.com', 'function', '2023-03-04', '', '', '555-555-12', 'Hello getyourmenu.in Owner. I just found your site, quick question…\r\n\r\nMy name’s Eric, I found getyo', ''),
(378, 'LeoEdisa', 'yjdisantoyjdissemin@gmail.com', 'function', '1982-06-03', '142322', '', '8616726161', 'Hi, I wanted to know your price.', 'City'),
(379, 'BillyWrefs', 'webb80graig@gmail.com', 'function', '1987-06-03', '142322', '', '8811986316', 'Hello! \r\n \r\nThis post was created with XRumer 23 StrongAI. \r\n \r\nGood luck :)', 'Banepa'),
(380, 'Arisero', 'ecohasp@mailport.lat', 'function', '1980-06-04', '155122', 'Arisero', '7077716256', '<a href=https://enhanceyourlife.mom/>priligy dapoxetine amazon</a> J Psychiatr Res 2003; 37 357 73', 'Riohacha'),
(381, 'JohnEdisa', 'kayleighbpsteamship@gmail.com', 'function', '1984-05-08', '152332', '', '8459758979', 'Sveiki, es grib?ju zin?t savu cenu.', 'Mtskheta'),
(382, 'TedEdisa', 'kayleighbpsteamship@gmail.com', 'function', '1982-01-05', '142111', '', '8127381739', '???????, ?? ?????? ?? ?????? ??? ????.', 'City'),
(383, 'Eric Jones', 'ericjonesmyemail@gmail.com', 'function', '2023-03-04', '', '', '555-555-12', 'To the getyourmenu.in Owner. I just found your site, quick question…\r\n\r\nMy name’s Eric, I found gety', ''),
(384, 'DavidEdisa', 'kayleighbpsteamship@gmail.com', 'function', '1980-03-05', '132531', '', '8476422923', 'Ciao, volevo sapere il tuo prezzo.', 'Mtskheta'),
(385, 'RobertEdisa', 'kayleighbpsteamship@gmail.com', 'function', '1981-08-02', '154122', '', '8912118722', 'Hi, kam dashur të di çmimin tuaj', 'Mtskheta'),
(386, 'test ', 'preeta192821@gmail.com', 'function', '2024-09-19', '523330', 'jaipur', '7412589654', 'test', '454545'),
(387, 'Preeti ', 'dspreetiverma@gmail.com', 'function', '2024-08-31', '523330', 'wfwe', '7412589654', 'vgvh', '454545'),
(388, 'anjaloi', 'dspreetiverma@gmail.com', 'function', '2024-09-27', '523330', 'wfwe', '7412589654', 'cwecwe', '454545'),
(389, 'TedEdisa', 'kayleighbpsteamship@gmail.com', 'function', '1986-04-04', '124325', '', '8138272591', 'Sveiki, aš nor?jau sužinoti j?s? kain?.', 'City'),
(390, 'MasonEdisa', 'yjdisantoyjdissemin@gmail.com', 'function', '1987-05-06', '135232', '', '8657247512', 'Hi, kam dashur të di çmimin tuaj', 'City'),
(391, 'MasonEdisa', 'yjdisantoyjdissemin@gmail.com', 'function', '1987-08-06', '135251', '', '8672167442', 'Hola, quería saber tu precio..', 'City'),
(392, 'Viktoriia', 'info@rue.ee', 'function', '1982-06-06', '114243', '', '8336522798', 'Interested to opening an online casino WITHOUT a license? Want to know what countries allow for this', 'Tallin'),
(393, 'TedEdisa', 'kayleighbpsteamship@gmail.com', 'function', '1986-05-01', '143244', '', '8978775849', 'Hi, ego volo scire vestri pretium.', 'City'),
(394, 'DavidEdisa', 'kayleighbpsteamship@gmail.com', 'function', '1985-01-01', '134322', '', '8154163853', 'Hola, quería saber tu precio..', 'Mtskheta'),
(395, 'Ryan Turner', 'ryan@localsearchgenius.com', 'function', '2023-03-04', '', '', '', 'Struggling to rank higher locally? We GUARANTEE your business will rank #1 on Google My Business for', ''),
(396, 'MasonEdisa', 'yjdisantoyjdissemin@gmail.com', 'function', '1986-02-02', '122244', '', '8292224772', 'Kaixo, zure prezioa jakin nahi nuen.', 'City'),
(397, 'Sohan chauhan ', 'rajputsohan6677@gmail.com', 'function', '2023-03-04', '', '', '6354154742', '', ''),
(398, 'TedEdisa', 'kayleighbpsteamship@gmail.com', 'function', '1982-06-08', '113151', '', '8219526952', 'Dia duit, theastaigh uaim do phraghas a fháil.', 'City'),
(399, 'RobertEdisa', 'jakob.spiegel@pftfire.com', 'function', '1987-04-04', '131521', '', '8839296876', 'Salut, ech wollt Äre Präis wëssen.', 'Mtskheta'),
(400, 'EarnestWaf', 'deanjackson685@gmail.com', 'function', '1984-01-05', '111433', '', '8312576651', 'Hello! \r\n \r\nThis post was created with XRumer 23 StrongAI. \r\n \r\nGood luck :)', 'Algiers'),
(401, 'TedEdisa', 'axobajigufo34@gmail.com', 'function', '1980-04-07', '133521', '', '8858577291', 'Salam, qiym?tinizi bilm?k ist?dim.', 'City'),
(402, 'Natasha Wallwork', 'Beg xbs', 'function', '2023-03-04', '', '', '', '??????, ????? ???? ???? ???? ?? ???? ???? ?? ?? ???? ??????? ?????? ??! ?? ?????? ??? ???? ?????? ??', ''),
(403, 'DavidEdisa', 'ibucezevuda439@gmail.com', 'function', '1984-05-01', '122131', '', '8782868631', 'Hi, ??????? ?????? ?????? ????.', 'Mtskheta'),
(404, 'RobertEdisa', 'ixutikob077@gmail.com', 'function', '1987-04-08', '124513', '', '8712865526', 'Salut, ech wollt Äre Präis wëssen.', 'Mtskheta'),
(405, 'DanielRex', 'winsatall4ever@gmail.com', 'function', '1983-08-05', '132435', '', '8795858693', '', 'Aarschot'),
(406, 'Maid2Bak', 'maidan12@maidanchik.online', 'function', '1984-03-02', '145423', '', '8514366516', '<a href=https://maidan.kiev.ua/>?????? ??????</a>', 'liki'),
(407, 'Martinbug', 'c.amsfreeatall@gmail.com', 'function', '1980-07-02', '135312', '+17456762872', '8366284559', 'Come on Papi fuck my great big ass with your big cock and <a href=https://bit.ly/4eFOKm1><u>LET ME D', 'Bridgetown'),
(408, 'TedEdisa', 'axobajigufo34@gmail.com', 'function', '1983-07-04', '114154', '', '8912817955', 'Hola, volia saber el seu preu.', 'City'),
(409, 'Hatikovpn', 'serg3000s@yandex.ru', 'function', '1981-08-08', '145354', '', '8135578119', '?????? ????? - ???????????? ???? ????????? \r\n<img src=\"https://gas73.ru/assets/img/O2_C3H8.png\"> \r\n<', '?????????'),
(410, 'AnthonyBam', 'da.tingsforsouls@gmail.com', 'function', '1986-02-03', '113431', '+15843676236', '8855933956', '<u>Realize your intim fantasies</u> - <a href=https://bit.ly/3ZznSQC><b>Find your match right now!</', 'Boden'),
(411, 'MasonEdisa', 'ebojajuje04@gmail.com', 'function', '1981-07-06', '151551', '', '8695678292', '???????, ?? ?????? ?? ?????? ??? ????.', 'City'),
(412, 'Natasha Horner', 'Ducx Jfyucc', 'function', '2023-03-04', '', '', '', '??????, ????? ???? ???? ???? ?? ???? ???? ?? ?? ???? ??????? ?????? ??! ?? ?????? ??? ???? ?????? ??', ''),
(413, 'MasonEdisa', 'yawiviseya67@gmail.com', 'function', '1981-02-04', '113554', '', '8493411214', '???????, ?? ?????? ?? ?????? ??? ????.', 'City'),
(414, 'MasonEdisa', 'somasesokiyo31@gmail.com', 'function', '1981-03-01', '134313', '', '8923793966', 'Hej, jeg ønskede at kende din pris.', 'City'),
(415, 'KRAKEN_??????_drogs', 'sabrinaablezova35@gmail.com', 'function', '1983-07-04', '125141', '', '8681642176', 'KRAKEN - ??????, ???????, ????, <a href=https://krn1.at>KRAKEN</a>', 'Al Ladhiqiyah'),
(416, 'Sarmistha Naskar ', 'asishmajilla608@gmail.com', 'function', '2024-11-27', '100000', '', '8016809836', '', '300'),
(417, 'pratik', 'pratik.agarwal52222@gmail.com', 'function', '2024-12-15', '', 'ambria', '9435175798', 'test for contact form', '200'),
(418, 'JesseExpef', 'd.atingsforsouls@gmail.com', 'function', '1980-01-02', '132335', '+11853766336', '8368886637', '<u>Unlish your wild nature with hot girls</u> - <a href=https://bit.ly/3BljZ7H><b>click here!</b></a', 'Chisinau'),
(419, 'Jeffreyspami', 'kolodzik.hardridge@madu58.funny3delements.com ', 'function', '1984-04-05', '142112', '', '8841926196', '<a href=\"http://lews.com/en/login?returnUrl=https%3A%2F%2Ft.me/s/bonus_za_registratsiyu_bez_depa\">ht', 'Raduznyj'),
(420, 'Isha ', 'Ishasethi8413@gmail.com', 'function', '2023-03-04', '', '', '+919625352', 'Pass around snacks catering ', ''),
(421, 'TedEdisa', 'axobajigufo34@gmail.com', 'function', '1987-08-08', '141424', '', '8262724388', 'Salut, ech wollt Äre Präis wëssen.', 'City'),
(422, 'MichaelAssuh', 'safonova-irishka-46914@mail.ru', 'function', '1987-06-07', '123542', '', '8833282346', 'As Mike Johnson tries to pass billions of dollars in aid to Ukraine, Israel and Taiwan, he’s having ', 'NEW AMSTERDAM'),
(423, 'ug1While', 'zhanna.oleynikova.73@bk.ru', 'function', '1985-05-08', '152145', '', '8542369526', '????????? ?? ?? ? ???? ??????????? ????????? ??????? ?? ?????. ????? ????? ????? ???????? ???? ?? ??', ''),
(424, 'Lavillaboni', 'revers19@1ti.ru', 'function', '1984-06-01', '124313', '', '8421989539', '<a href=https://chimmed.ru/products/invertose-id=4778630>invertose - ?????? ?????? ? ????????-??????', 'London'),
(425, 'Williamdow', 'jonwabiret@gmail.com', 'function', '1980-05-03', '114245', '', '8169323127', 'https://cialisgettingtips24.com  cialis 40 mg  <a href=\"https://cialisgettingtips24.com/\">cialis gen', 'Keflavik'),
(426, 'KRAKEN_??????_drogs', 'sabrinaablezova35@gmail.com', 'function', '1988-08-07', '133115', '', '8948547213', 'KRAKEN - ??????, ???????, ????, <a href=https://krn1.at>?????? ???????</a>', 'Al Ladhiqiyah'),
(427, 'TedEdisa', 'axobajigufo34@gmail.com', 'function', '1988-03-01', '131422', '', '8455618495', 'Xin chào, tôi mu?n bi?t giá c?a b?n.', 'City'),
(428, 'DennisNenly', 'engelhardt_muccia88@schuetz72.hexagonaldrawings.com ', 'function', '1984-04-02', '132325', '', '8587667954', '?????? ???? \r\n<a href=\"https://t.me/s/kreyzi_taym_igrat_na_dengi\">?????? ????</a>', 'La Primavera'),
(429, 'RobertEdisa', 'ixutikob077@gmail.com', 'function', '1981-02-05', '122145', '', '8787682471', 'Salam, qiym?tinizi bilm?k ist?dim.', 'Mtskheta'),
(430, 'ZacharyFlasp', 'kokain@cocaine-moscow-russia.shop', 'function', '1985-07-02', '113343', '', '8566789437', '??? ?????? ??????? ???? - KOKAIN.VIP ??????? ????? ??????? ???? - KOKAIN.VIP \r\n \r\n \r\n?????? ?????? ?', 'Moscow'),
(431, 'unknown testing ', 'kalkaji@gmail.com', 'function', '2024-11-15', '', 'wdw', '9599017919', 'tets', '665'),
(432, 'flana flana', 'itkalkasolutions@gmail.com', 'function', '2024-11-07', '789632', 'jaipur', '9599017845', 'hi, i am irrirate', '6658'),
(433, 'kanika kapoor', 'itkalkasolutions@gmail.com', 'function', '2024-11-07', '7896', 'jaipur', '9599017845', 'hi i am fed up', '66584'),
(434, 'SEETA NATARAJAN', 'seetaandalag@gmail.com', 'function', '2025-01-18', '', 'Home Panchshila park', '0991040110', 'Im looking for Lebanese food for 50 guests', 'NEWDELHI'),
(435, 'Jerryflexy', 'detivetra41@gmail.com', 'function', '1982-02-05', '114433', '', '8626553327', '<a href=https://kitehurghada.ru/>https://kitehurghada.ru/</a> https://kitehurghada.ru/', 'Debrecen'),
(436, 'Claim Bitcoin Cash Fast. $1400', 'hru5@kirzzioh.store\r\n', 'function', '1984-07-08', '', '', '3118324072', '', '3826716643'),
(437, 'RandyTar', 'werso07kiu@rambler.ru', 'function', '1985-03-02', '143212', '', '8516785679', ' interesting for a very long time \r\n_________________ \r\n<a href=\"https://igra.onlinemoneygame.site\">', 'Banepa'),
(438, 'Jimmychulp', 'sir.maxbo@yandex.ru', 'function', '1986-07-03', '115544', '', '8277875835', '???????????? ????????????? ???-????????? \r\n???? ???????? ?????? 10 ???  ?????????? ??????????? ?????', '??????'),
(439, 'BryanLisse', '1q0nbg4km@mozmail.com', 'function', '1983-01-08', '113544', '', '8733447695', 'Hello! \r\n \r\nDo you want to become the best SEO specialist and link builder or do you want to outpace', 'Santa Rosa'),
(440, 'Pratik Agarwal', '1223@test.gmail.com', 'function', '2025-12-11', '2500', 'ambria', '1234567890', 'test ets', '400'),
(441, 'RobertOmilk', 'mefedron@cocaine-moscow-russia.shop', 'function', '1982-03-04', '133433', '', '8911246215', '??? ?????? ????????? ???? - KOKAIN.VIP ??????? ????? ????????? ???? - KOKAIN.VIP \r\n \r\n \r\n?????? ?? ?', 'Moscow'),
(442, 'Ankush', 'Nkshgpt09@gmail.com', 'function', '2023-03-04', '', '', '9953671764', 'I want my wedding planning for 600-700 people', ''),
(443, 'Ankush', 'Nkshgpt09@gmail.com', 'function', '2023-03-04', '', '', '9953671764', 'I want my wedding planning for 600-700 people', ''),
(444, 'Ankush', 'Nkshgpt09@gmail.com', 'function', '2023-03-04', '', '', '9953671764', 'I want my wedding planning for 600-700 people', ''),
(445, 'Ankush', 'Nkshgpt09@gmail.com', 'function', '2023-03-04', '', '', '9953671764', 'I want my wedding planning for 600-700 people', ''),
(446, 'Ashita', 'aashitakumar@gmail.com', 'function', '2023-03-04', '', '', '9008508833', 'Catering for house warming ', ''),
(447, 'Deep Arora', 'digitalxplode1@gmail.com', 'function', '2023-03-04', '', '', '1234567890', 'Hey there,\r\n\r\nhttp://www.getyourmenu.in\r\n\r\nI am SEO/Digital Marketing Consultant and I work with 30+', ''),
(448, 'AnthonyBam', 'ha.rdtokisses@gmail.com', 'function', '1985-08-04', '135224', '+15843676236', '8428271649', '<u>Realize your intim fantasies</u> - <a href=https://bit.ly/3ZznSQC><b>Find your match right now!</', 'Boden'),
(449, 'www.dc-btc.space?q=4773810', '15022346463@163.com\r\n', 'function', '1982-02-08', '', '', '1043847550', '', '1072328581'),
(450, 'Lavillaboni', 'revers23@1ti.ru', 'function', '1987-01-04', '143454', '', '8848819838', '<a href=https://chimmed.ru/products/15-difluoro-24-dinitrobenzene-id=8548104>1,5-difluoro-2,4-dinitr', 'London'),
(451, 'OliviaEdisa', 'ebojajuje04@gmail.com', 'function', '1986-01-05', '114411', '', '8597752179', 'Hi, I wanted to know your price.', 'City'),
(452, 'Eddieaburo', 'ali-lebedev-42725@mail.ru', 'function', '1986-06-01', '152425', '', '8739165245', 'Summary \r\nKamala Harris and Donald Trump have had a fiery 90-minute debate in Philadelphia - their f', 'Liberia'),
(453, 'plumber_obma', 'alnacentflyc1988@stomatolog4-3d-printery.store', 'function', '1988-04-07', '152122', '', '8855685646', '????? ?????????????? ??????? ?????????? ? ????? ????????!, ???????? ?????? ?????????? ? ????? ??????', 'Moscow'),
(454, 'ZacharyFlasp', 'kokain@cocaine-moscow-russia.shop', 'function', '1985-07-07', '133421', '', '8345558558', '??? ?????? ??????? ???? - KOKAIN.VIP ??????? ????? ??????? ???? - KOKAIN.VIP \r\n \r\n \r\n?????? ?????? ?', 'Moscow'),
(455, 'RobertOmilk', 'mefedron@cocaine-moscow-russia.shop', 'function', '1985-01-02', '124255', '', '8685111217', '??? ?????? ????????? ???? - KOKAIN.VIP ??????? ????? ????????? ???? - KOKAIN.VIP \r\n \r\n \r\n?????? ?? ?', 'Moscow'),
(456, 'MichaelKit', 'aleksandrakireeva14104@mail.ru', 'function', '1986-05-04', '123122', '', '8466847625', 'Dubai is building the world’s tallest residential clock tower \r\n<a href=https://bs2tsite1cc.com>blac', 'Raanana'),
(457, 'RaymondLulty', 'raymonddycle@gmail.com', 'function', '1982-02-06', '144223', '', '8863829614', 'Good day! getyourmenu.in \r\n \r\nDid you know that it is possible to send commercial offer completely l', 'Garhoud'),
(458, 'Herbertaacilm', 'cocaine@kypit-in-ukraine.site', 'function', '1988-05-05', '141553', '', '8651813712', '?????? ?????? ? ?????? ?????? - COCAIN.VIP ???????? ?? ??????? ???????? ?????? - COCAIN.VIP \r\n. \r\n. ', 'Kyiv'),
(459, 'ArthurkaElelp', 'amphetamines@kypit-in-ukraine.site', 'function', '1987-08-02', '145142', '', '8264612566', '?????? ????????? ? ?????? ?????? - COCAIN.VIP ???????? ?? ??????? ??????????? ?????? - COCAIN.VIP \r\n', 'Kyiv'),
(460, 'Lorene McCullers', 'lorene.mccullers@gmail.com', 'function', '2023-03-04', '', '', '3592442358', 'Hi Webmaster of getyourmenu.in ,\r\n\r\n\r\n What if you had a free CRM that could automate your entire bu', ''),
(461, 'Mohammad Ashar', 'mdashar92@gmail.com', 'function', '2023-03-04', '', '', '±917906389', 'Enquiry for Party food', ''),
(462, 'Lavillaboni', 'revers29@1ti.ru', 'function', '1985-04-05', '135331', '', '8563419237', '<a href=https://chimmed.ru/products/1-3-bromo-1-adamantylpyrrolidine-hydrobromide-id=4600268>1- 3-br', 'London'),
(463, 'MarlonJaw', 'aleksandr-nikolaev-45671@mail.ru', 'function', '1984-02-03', '121134', '', '8623248596', 'Medical staff on the front line of the battle against mpox in eastern Democratic Republic of Congo h', 'Praia'),
(464, 'IyannaKip', 'veltin_ziegel47@biebel54.dynainbox.com ', 'function', '1988-08-01', '153111', '', '8366825148', 'mobilepokerclub ?????? \r\n<a href=\"https://t.me/s/mobilepokerclub_game\">?????? ?? mobilepokerclub</a>', 'Arcatao'),
(465, 'Abrahamgah', 'abibulakhiutin@mail.ru', 'function', '1986-02-02', '131542', '', '8958869774', 'Ferrari F50 among dozens of cars seen in videos that appear to show Assad\'s collection \r\nFrom CNN’s ', 'Yanahuara'),
(466, 'Monu', 'monusoni83770@gmail.com', 'function', '2025-01-06', '5000', 'Home', '8377047045', 'Contact me ', '20'),
(467, 'NIK0ryh3wm0nyw9 https://u.to/F', 'eldoclub798+tN5VWmgPx@gmail.com\r\n', 'function', '1988-02-08', 'NON0ryh3wm0nyw9 https://u.to/FYUOIQ', 'NON0ryh3wm0nyw9 https://u.to/FYUOIQ', '6222762488', '', '5206617054'),
(468, 'https://telegra.ph/BTC-FREE-12', 'mariobanunaek97@gmail.com\r\n', 'function', '1987-05-02', 'https://telegra.ph/BTC-FREE-12-31##random[0..9999999]', 'https://telegra.ph/BTC-FREE-12-31##random[0..9999999]', '3674257484', '', '6183554531'),
(469, 'BrandonGorma', 'mega_at@mailbox.org', 'function', '1985-07-04', '125344', '', '8768565975', '??????! ?????? \r\n? ???????? ????? ?????, ??? ???? ???????? ????? ?????????? ? ?????????? ???????????', 'Raduznyj'),
(470, 'Brentnetty', 'ninatarasova37132@mail.ru', 'function', '1986-01-07', '152425', '', '8987146696', '‘I see the world around me in a brand-new way’: Dubai photographer reveals the UAE’s hidden wildlife', 'Hesperange'),
(471, 'ErnestBag', 'marina_golubeva_39723@mail.ru', 'function', '1986-08-06', '141413', '', '8861588317', 'A year on from Qatar 2022, what’s the legacy of a World Cup like no other? \r\n<a href=https://bs2weba', 'Al Manamah'),
(472, 'Eric Jones', 'ericjonesmyemail@gmail.com', 'function', '2023-03-04', '', '', '555-555-12', 'Hello to the Getyourmenu Owner,\r\n\r\nI am Eric, and for a moment, consider this scenario:\r\n\r\n- Someone', ''),
(473, 'Sohil Dutt ', 'Dantanis444@gmail.com', 'function', '2025-01-25', '', '', '9664822896', '', '100'),
(474, 'JohnEdisa', 'arikerer278@gmail.com', 'function', '1980-06-03', '145445', '', '8771719378', '???, ??? ????? ????? ????? ??????????.', 'City');
INSERT INTO `menuApp_contactmodel` (`id`, `name`, `email`, `function`, `date`, `budget`, `venue`, `phone`, `message`, `capacity`) VALUES
(475, 'Cecilia Albarran', 'cecilia.albarran96@msn.com', 'function', '2023-03-04', '', '', '41828087', 'Hey, my name is Cecilia, Albarran. I store my USDT in my account on OKX wallet and have my seed phra', ''),
(476, 'Lavillaboni', 'revers31@1ti.ru', 'function', '1985-08-04', '114433', '', '8927332532', '<a href=https://chimmed.ru/products/vibra-ab-623rce---vesy-vibra-ab-s-datchikom-tuning-fork-ot-002-g', 'London'),
(477, 'IyannaKip', 'cheevers-kleinhenz23@biebel54.dynainbox.com ', 'function', '1988-07-06', '112242', '', '8377343853', 'mobilepokerclub ??????????? \r\n<a href=\"https://t.me/s/mobilepokerclub_game\">mobilepokerclub ????????', 'Arcatao'),
(478, 'Lavillaboni', 'revers31@1ti.ru', 'function', '1982-02-02', '125514', '', '8883811782', '<a href=https://chimmed.ru/products/3-hydroxymethyl-1-methyl-1h-pyrazole-4-carboxylic-acid-id=457415', 'London'),
(479, 'Derekwax', 'derekPhemn@mailsphere.xyz', 'function', '1981-08-03', '134525', '', '8647626228', '', 'Stirling'),
(480, 'IyannaKip', 'rhone-linsner7@bradd97.lumbermilltricks.com ', 'function', '1982-03-05', '131434', '', '8878539644', 'jack poker ???????? ?????? \r\n<a href=\"https://t.me/s/jack_poker_frirollyi\">???????? ??? jack poker</', 'Arcatao'),
(481, 'Dr Sahil', 'Sahilsingh6009@gmail.com', 'function', '2025-02-09', 'Will discuss ', 'South delhi', '9899335289', '', '60'),
(482, 'Dr Sahil', 'Sahilsingh6009@gmail.com', 'function', '2025-02-09', 'Will discuss ', 'South delhi', '9899335289', '', '60'),
(483, 'Dr Sahil', 'Sahilsingh6009@gmail.com', 'function', '2025-02-09', 'Will discuss ', 'South delhi', '9899335289', '', '60'),
(484, 'Neeraj Srivastava', 'neeraj_jhs@hotmail.com', 'function', '2025-12-12', '3500', 'pushpanjali', '9717422002', '', '350'),
(485, 'WillieWak', '333771@loves-ltd.com', 'function', '1985-07-03', '144534', '', '8446937465', '????? ?????? – ??? ????? ??????? ?????? ???????????! ??????????????? ?? ????? ????? ??? ?????? ? ???', 'Falmouth'),
(486, 'Sheldon Schippers', 'sheldon.schippers@gmail.com', 'function', '2023-03-04', '', '', '2405533823', 'Why Think About Putting Your Money into Biotech Stocks?  \r\n\r\n\r\n\r\nmore> https://www.youtube.com/watch', ''),
(487, 'RaymondLulty', 'raymonddycle@gmail.com', 'function', '1984-02-05', '115524', '', '8781646472', 'Good day! getyourmenu.in \r\n \r\n \r\n  \r\n \r\n \r\n \r\nThe cost of sending one million messages is $59. \r\n \r\n', 'Garhoud'),
(488, 'Nikhil Gautam', 'nikhilkumarr386@gmail.com', 'function', '2025-03-30', '50 lakhs ', '', '8077217068', '', '1500'),
(489, 'Sergmip', 'rvdna@azmk.space\r\n', 'function', '1986-03-08', '155132', '', '8761274948', '<a href=http://zmkshop.ru/uslugi/izgotovlenie-i-montazh-metallicheskikh-ferm/>????????? ?? ?????????', 'Rudnya'),
(490, 'Rebekah Allum', 'nathalie@stafir-marketplace.com', 'function', '2023-03-04', '', '', '30899812', 'Hello\r\n\r\nWe are interested in what you offer, can you send us your full offer? We are interested in ', ''),
(491, 'Derrick Jordan', 'ledjRecover@outlook.com', 'function', '2025-03-08', '1000-1500pp', 'Residential Rooftop', '91-7428763', 'Greetings, \r\n\r\nHaving a social function on about 30 people on the rooftop of my residence. Would lik', '30'),
(492, 'Abhigyan Singh', 'abhigyansingh934@gmail.com', 'function', '2025-04-23', '1200000', 'Home', '9470788252', '', ''),
(493, 'Eric Jones', 'ericjonesmyemail@gmail.com', 'function', '2023-03-04', '', '', '555-555-12', 'Hello to the Getyourmenu Owner,\r\n\r\nI am Eric, and I found Getyourmenu after performing a quick searc', ''),
(494, 'Apple Inc. 2025. All rights re', 'e.xp.an.s.e.uyorac.le71@gmail.com', 'function', '1981-02-02', '', '', '8800880403', '', '5351510718'),
(495, 'Eric Jones', 'ericjonesmyemail@gmail.com', 'function', '2023-03-04', '', '', '555-555-12', 'Hello Getyourmenu Owner!\r\n\r\nMy name is Eric and I’m betting you’d like your website Getyourmenu to g', ''),
(496, 'Eric Jones', 'ericjonesmyemail@gmail.com', 'function', '2023-03-04', '', '', '555-555-12', 'Hello Getyourmenu \r\n\r\nI just found your site, quick question…\r\n\r\nMy name’s Eric, and I just found yo', ''),
(498, 'Eric Jones', 'ericjonesmyemail@gmail.com', 'function', '2023-03-04', '', '', '555-555-12', 'Hello Getyourmenu,\r\n\r\nI\'m Eric and I recently discovered your website - Getyourmenu - in the search ', ''),
(499, 'OliviaEdisa', 'ebojajuje04@gmail.com', 'function', '1987-08-06', '141233', '', '8967564287', 'Hola, volia saber el seu preu.', 'City'),
(500, 'Lavillaboni', 'revers441@1ti.ru', 'function', '1988-07-03', '123251', '', '8155819841', '<a href=https://chimmed.ru/products/4-amino-23-dihydro-5-methyl-1h-isoindol-1-one-id=4335611>4 amino', 'London'),
(501, 'YouTube Downloader for PC', 'support@youtubedownloaderforpc.com', 'function', '2023-03-04', '', '', '3727575159', 'Hello, I won\'t waste your time—here\'s the point:\r\n\r\nMillions of people want to download their favori', ''),
(502, 'Lavillaboni', 'revers441@1ti.ru', 'function', '1985-03-04', '112325', '', '8195813446', '<a href=https://chimmed.ru/products/anti-isl2-id=4023404>anti isl2 - ?????? ?????? ? ????????-??????', 'London'),
(503, 'Eric Jones', 'ericjonesmyemail@gmail.com', 'function', '2023-03-04', '', '', '555-555-12', 'Hello Getyourmenu Owner,\r\n\r\nMy name is Eric and I just came across your website at Getyourmenu...\r\n\r', ''),
(504, 'Lavillaboni', 'revers441@1ti.ru', 'function', '1982-01-06', '153113', '', '8771645752', '<a href=https://chimmed.ru/products/2-ethyl-3-methylpyrazine-98-fcc-fg-id=4181110>2 ethyl 3 methylpy', 'London'),
(505, 'Mike Jack Dubois\r\n', 'info@professionalseocleanup.com', 'function', '1983-07-05', '131314', '', '8668926654', 'Hi there, \r\n \r\nWhile checking your getyourmenu.in for its ranks, I have noticed that \r\nthere are som', 'Kaohsiung Municipality'),
(506, 'Silky ', 'Silkybhullar88@gmail.con', 'function', '2023-03-04', '', '', '7809642792', 'Looking for catering about 80 peple', ''),
(507, 'JohnEdisa', 'duqotayowud23@gmail.com', 'function', '1986-08-07', '115442', '', '8435977774', 'Zdravo, htio sam znati vašu cijenu.', 'City'),
(508, 'Eric Jones', 'ericjonesmyemail@gmail.com', 'function', '2023-03-04', '', '', '555-555-12', 'Hello Getyourmenu Owner!\r\n\r\nMy name’s Eric and for just a second, imagine this…\r\n\r\n- Someone does a ', ''),
(509, 'Eric Jones', 'ericjonesmyemail@gmail.com', 'function', '2023-03-04', '', '', '555-555-12', 'Hello to the Getyourmenu Owner,\r\n\r\nI am Eric, and unlike many emails you may receive, I would like t', ''),
(510, 'Mike Stefan Thomas\r\n', 'info@strictlydigital.net', 'function', '1980-05-07', '131251', '', '8644566656', 'Hello, \r\n \r\nGetting some collection of links linking to getyourmenu.in could have zero worth or wors', 'Willemstad'),
(511, 'Eric Jones', 'ericjonesmyemail@gmail.com', 'function', '2023-03-04', '', '', '555-555-12', 'Hello Getyourmenu Owner,\r\n\r\nMy name’s Eric and I just ran across your website at Getyourmenu...\r\n\r\nI', ''),
(512, 'Eric Jones', 'ericjonesmyemail@gmail.com', 'function', '2023-03-04', '', '', '555-555-12', 'Hi Getyourmenu Owner,\r\n\r\nMy name is Eric and I’m betting you’d like your website Getyourmenu to gene', ''),
(513, 'Lavillaboni', 'revers700@1ti.ru', 'function', '1981-07-08', '112142', '', '8787872232', '<a href=></a> \r\nTegs: <u></u> \r\n<i></i> \r\n<b></b> \r\n \r\n ', 'London'),
(514, 'Eric Jones', 'ericjonesmyemail@gmail.com', 'function', '2023-03-04', '', '', '555-555-12', 'Hello Getyourmenu Owner,\r\n\r\nMy name is Eric and unlike a lot of emails you might get, I wanted to in', ''),
(515, 'Eric Jones', 'ericjonesmyemail@gmail.com', 'function', '2023-03-04', '', '', '555-555-12', 'Hello to the Getyourmenu Owner. This is Eric and I noticed Getyourmenu a short time ago.\r\n\r\nIt appea', ''),
(516, 'Eric Jones', 'ericjonesmyemail@gmail.com', 'function', '2023-03-04', '', '', '555-555-12', 'Hello to the Getyourmenu Owner,\r\n\r\nI am Eric, and unlike many emails you may receive, I would like t', ''),
(517, 'Kam Balmain', 'natalie@stafir-b2b.com', 'function', '2023-03-04', '', '', '3063328207', 'Hello\r\nPlease send us your offer, with prices if possible, we are very interested. Send me please me', ''),
(518, 'Lavillaboni', 'revers700@1ti.ru', 'function', '1987-04-07', '152123', '', '8539793447', '<a href=></a> \r\nTegs: <u></u> \r\n<i></i> \r\n<b></b> \r\n \r\n ', 'London'),
(519, 'Eric Jones', 'ericjonesmyemail@gmail.com', 'function', '2023-03-04', '', '', '555-555-12', 'Hello Getyourmenu Owner,\r\n\r\nMy name’s Eric and for just a second, imagine this:\r\n\r\n- Someone does a ', ''),
(520, 'Eric Jones', 'ericjonesmyemail@gmail.com', 'function', '2023-03-04', '', '', '555-555-12', 'Hello Getyourmenu Administrator,\r\n\r\nMy name is Eric and, unlike many emails you may receive, I would', ''),
(521, 'Eric Jones', 'ericjonesmyemail@gmail.com', 'function', '2023-03-04', '', '', '555-555-12', 'Hello to the Getyourmenu Owner,\r\n\r\nMy name’s Eric, and I recently came across your site, Getyourmenu', ''),
(522, 'Rajesh', 'freespinsfreebets@gmail.com', 'function', '1988-06-06', '141352', '', '8628439162', 'Pin-Up Casino ?? ??? ??? ??? ??? ????! \r\n??? ???????? ??? ?? ???? ?? ?? ??? ??????, ??? ?? ???? ????', ''),
(523, 'Luisa McGee', 'luisa.mcgee@msn.com', 'function', '2023-03-04', '', '', '267991803', '\r\nDan Kennedy often uses a simple analogy to illustrate a common marketing mistake:\r\n\r\nImagine walki', ''),
(524, 'Bobby Worrall', 'info@speed-seo.net', 'function', '2023-03-04', '', '', '916555855', 'Hit them back\r\nhttps://www.speed-seo.net/product/negative-seo-service/\r\n\r\nwhatsapp: +1 (833) 454-862', ''),
(525, 'Eric Jones', 'ericjonesmyemail@gmail.com', 'function', '2023-03-04', '', '', '555-555-12', 'Hi Getyourmenu Owner!\r\n\r\nMy name’s Eric and I’m betting you’d like your website Getyourmenu to gener', ''),
(526, 'Eric Jones', 'ericjonesmyemail@gmail.com', 'function', '2023-03-04', '', '', '555-555-12', 'Hello to the Getyourmenu Owner,\r\n\r\nMy name’s Eric, and I recently came across your site, Getyourmenu', ''),
(527, 'Eric Jones', 'ericjonesmyemail@gmail.com', 'function', '2023-03-04', '', '', '555-555-12', 'Hi Getyourmenu Owner!\r\n\r\nMy name’s Eric and I’m betting you’d like your website Getyourmenu to gener', ''),
(528, 'tsgtg', 'ee@h.com', 'Birthday', '2025-02-18', '523330', 'wfwe', '7412589654', 'model', '454545'),
(529, 'Apple Inc. 2025. All rights re', 'e.x.pan.seu.y.o.racl.e.7.1@gmail.com', 'function', '1982-03-01', '', '', '6231271217', '', '0602308031'),
(530, 'Good day 1gsi5wp\r\n >>> https:/', 'vi.c.t.o.r.as.e.h.yna.s@gmail.com\r\n', 'function', '1982-04-07', '', '', '0638128277', '', '7013362063'),
(531, 'Vinay Jain', 'Bharat_plywood@rediffmail.com', 'function', '2025-08-22', '2 lac', 'Yashobhoomi ', '9991845080', '', '150'),
(532, 'MOHIT GUPTA ', 'Mohit1697g@gmail.com', 'function', '1997-05-16', '1500 per person', 'home ', '9717999353', 'require catering of 50 pax with cutlery , crockery and service staff.', '50'),
(533, 'Mahalia Wallen', 'mahalia.wallen@gmail.com', 'function', '2023-03-04', '', '', '7816508750', 'Hello\r\nCan you send me your offeing with pricing ? Please send me it on my Whatsapp +48 794 973 289', ''),
(534, 'Julissa Griswold', 'julissa.griswold97@yahoo.com', 'function', '2023-03-04', '', '', '815916035', 'Hello\r\nCan you send me your pricelist ? Please send me it on my Whatsapp: \r\n+1 548 313 5470', ''),
(535, 'Preeti test', 'preeta192821@gmail.com', 'function', '2025-07-25', '581', 'jaipur', '7412589654', 'hi', '1500'),
(536, 'newtest august', 'preeta192821@gmail.com', 'function', '2025-07-25', '523330', 'Ambria Pushpanjali', '9310623902', 'hy', '1500'),
(537, 'Sunny Kumar', 'iwebsunny@gmail.com', 'function', '2025-08-20', '', 'Delhi', '9643431425', 'We are looking to partner with a reliable caterer for our functions in Delhi. ', '300'),
(538, 'Preeti Verma', 'preeta192821@gmail.com', 'function', '2025-07-31', '45000', 'ghaziabad', '9310623900', 'hi', '100'),
(539, 'Preeti ', 'preeta192821@gmail.com', 'function', '2025-07-22', '581', 'Ambria Pushpanjali', '9310623900', 'ji', '1500'),
(540, 'Raji Kumar', 'admin@gmail.com', 'function', '2025-08-31', '100000', 'vegetarian ', '7543934972', '', '800'),
(541, 'Naveen', 'kuramatails73@gmail.com', 'function', '2023-03-04', '', '', '9873641624', '', ''),
(542, 'Naveen', 'kuramatails73@gmail.com', 'function', '2023-03-04', '', '', '9873641624', '', ''),
(543, 'Thank you so much for this new', 'fagih.u.n7.07@gmail.com', 'function', '1986-07-07', '', '', '1807302218', '', '0132331611'),
(544, 'Mahaveer', 'mahaveersharma0496@yahoo.com', 'function', '2025-12-06', '4-5lakh', 'A vatika In Nangloi ', '9990265793', 'Hi, can you let me know the cost for my request please?', 'delhi'),
(545, 'nWArtqIhyMAeejdLIldjUwS', 'singletonmeidleinwa2692@gmail.com', 'function', '2023-03-04', '', '', '4200530965', 'HqjMoYhBLcoRWRdUWH', ''),
(546, 'nWArtqIhyMAeejdLIldjUwS', 'singletonmeidleinwa2692@gmail.com', 'function', '2023-03-04', '', '', '4200530965', 'HqjMoYhBLcoRWRdUWH', ''),
(547, 'nWArtqIhyMAeejdLIldjUwS', 'singletonmeidleinwa2692@gmail.com', 'function', '2023-03-04', '', '', '4200530965', 'HqjMoYhBLcoRWRdUWH', ''),
(548, 'XtSGXBwMckwpfLPYjPqzG', 'cadogadexigo47@gmail.com', 'function', '2023-03-04', '', '', '9625827874', 'NRRlncILPmAHdGpjKmfzei', ''),
(549, 'XtSGXBwMckwpfLPYjPqzG', 'cadogadexigo47@gmail.com', 'function', '2023-03-04', '', '', '9625827874', 'NRRlncILPmAHdGpjKmfzei', ''),
(550, 'XtSGXBwMckwpfLPYjPqzG', 'cadogadexigo47@gmail.com', 'function', '2023-03-04', '', '', '9625827874', 'NRRlncILPmAHdGpjKmfzei', ''),
(551, 'XAEUDorrKTdVWROKo', 'katherine_orozco@sbcglobal.net', 'function', '2023-03-04', '', '', '9177204225', 'apVfqdyHsoBgqfBofpw', ''),
(552, 'XAEUDorrKTdVWROKo', 'katherine_orozco@sbcglobal.net', 'function', '2023-03-04', '', '', '9177204225', 'apVfqdyHsoBgqfBofpw', ''),
(553, 'XAEUDorrKTdVWROKo', 'katherine_orozco@sbcglobal.net', 'function', '2023-03-04', '', '', '9177204225', 'apVfqdyHsoBgqfBofpw', ''),
(554, 'pzYnLDXGHdxvEQfNjSUgyMmj', 'nicolemoodie@ymail.com', 'function', '2023-03-04', '', '', '6072090683', 'ySdggMjGQlLXoTHIMWa', ''),
(555, 'pzYnLDXGHdxvEQfNjSUgyMmj', 'nicolemoodie@ymail.com', 'function', '2023-03-04', '', '', '6072090683', 'ySdggMjGQlLXoTHIMWa', ''),
(556, 'pzYnLDXGHdxvEQfNjSUgyMmj', 'nicolemoodie@ymail.com', 'function', '2023-03-04', '', '', '6072090683', 'ySdggMjGQlLXoTHIMWa', ''),
(557, 'uYdHhycQnzVLRylFJq', 'matt-lam@hotmail.co.uk', 'function', '2023-03-04', '', '', '3055426474', 'rADyKvbamoUjUETk', ''),
(558, 'uYdHhycQnzVLRylFJq', 'matt-lam@hotmail.co.uk', 'function', '2023-03-04', '', '', '3055426474', 'rADyKvbamoUjUETk', ''),
(559, 'uYdHhycQnzVLRylFJq', 'matt-lam@hotmail.co.uk', 'function', '2023-03-04', '', '', '3055426474', 'rADyKvbamoUjUETk', ''),
(560, 'yBlbGmyOCLBAwokZPvod', 'vasiliybilanv@gmail.com', 'function', '2023-03-04', '', '', '7055621121', 'OWnzMCKhVhUdnnwRoqfU', ''),
(561, 'yBlbGmyOCLBAwokZPvod', 'vasiliybilanv@gmail.com', 'function', '2023-03-04', '', '', '7055621121', 'OWnzMCKhVhUdnnwRoqfU', ''),
(562, 'yBlbGmyOCLBAwokZPvod', 'vasiliybilanv@gmail.com', 'function', '2023-03-04', '', '', '7055621121', 'OWnzMCKhVhUdnnwRoqfU', ''),
(563, 'yBoBaSjCDcqcrReayAIKpxbX', 'yaef5060@yahoo.co.jp', 'function', '2023-03-04', '', '', '4914642963', 'LJqUJsvGqdzvWLmsk', ''),
(564, 'yBoBaSjCDcqcrReayAIKpxbX', 'yaef5060@yahoo.co.jp', 'function', '2023-03-04', '', '', '4914642963', 'LJqUJsvGqdzvWLmsk', ''),
(565, 'yBoBaSjCDcqcrReayAIKpxbX', 'yaef5060@yahoo.co.jp', 'function', '2023-03-04', '', '', '4914642963', 'LJqUJsvGqdzvWLmsk', ''),
(566, 'BMmdarsjcqcpiOTlk', 'lauraleah1@hotmail.co.uk', 'function', '2023-03-04', '', '', '4268403207', 'kNJTuGfVfKFPPIqmE', ''),
(567, 'BMmdarsjcqcpiOTlk', 'lauraleah1@hotmail.co.uk', 'function', '2023-03-04', '', '', '4268403207', 'kNJTuGfVfKFPPIqmE', ''),
(568, 'BMmdarsjcqcpiOTlk', 'lauraleah1@hotmail.co.uk', 'function', '2023-03-04', '', '', '4268403207', 'kNJTuGfVfKFPPIqmE', ''),
(569, 'YdgHCapNaNCMXrUeu', 'hobbit330@gmail.com', 'function', '2023-03-04', '', '', '2567715055', 'qoQDwfkdUUevzRrwuyvjI', ''),
(570, 'YdgHCapNaNCMXrUeu', 'hobbit330@gmail.com', 'function', '2023-03-04', '', '', '2567715055', 'qoQDwfkdUUevzRrwuyvjI', ''),
(571, 'YdgHCapNaNCMXrUeu', 'hobbit330@gmail.com', 'function', '2023-03-04', '', '', '2567715055', 'qoQDwfkdUUevzRrwuyvjI', ''),
(572, 'GEzWfQDFXiGezgsgdasZBoAR', 'josevalgam@hotmail.com', 'function', '2023-03-04', '', '', '2585286408', 'BOZmpnaSKYvhXWaZosx', ''),
(573, 'GEzWfQDFXiGezgsgdasZBoAR', 'josevalgam@hotmail.com', 'function', '2023-03-04', '', '', '2585286408', 'BOZmpnaSKYvhXWaZosx', ''),
(574, 'GEzWfQDFXiGezgsgdasZBoAR', 'josevalgam@hotmail.com', 'function', '2023-03-04', '', '', '2585286408', 'BOZmpnaSKYvhXWaZosx', ''),
(575, 'TgoizVqPOnkhnwYqeJpnVqsw', 'vicky130389@hotmail.com', 'function', '2023-03-04', '', '', '3034366684', 'ZqDXPOTqnrNAtcnhvWrn', ''),
(576, 'TgoizVqPOnkhnwYqeJpnVqsw', 'vicky130389@hotmail.com', 'function', '2023-03-04', '', '', '3034366684', 'ZqDXPOTqnrNAtcnhvWrn', ''),
(577, 'TgoizVqPOnkhnwYqeJpnVqsw', 'vicky130389@hotmail.com', 'function', '2023-03-04', '', '', '3034366684', 'ZqDXPOTqnrNAtcnhvWrn', ''),
(578, 'uKzMxPGLLZWbGMbSxxg', 'pllsnpo@gmail.com', 'function', '2023-03-04', '', '', '7579760445', 'hCGubjhYdgPacbUYkhlQQrY', ''),
(579, 'uKzMxPGLLZWbGMbSxxg', 'pllsnpo@gmail.com', 'function', '2023-03-04', '', '', '7579760445', 'hCGubjhYdgPacbUYkhlQQrY', ''),
(580, 'uKzMxPGLLZWbGMbSxxg', 'pllsnpo@gmail.com', 'function', '2023-03-04', '', '', '7579760445', 'hCGubjhYdgPacbUYkhlQQrY', ''),
(581, 'RSNVeDUSGFkwUoJEM', 'randy@dticredit.com', 'function', '2023-03-04', '', '', '7596630636', 'nxcMiNPCSoaDXouynBSXhSQj', ''),
(582, 'RSNVeDUSGFkwUoJEM', 'randy@dticredit.com', 'function', '2023-03-04', '', '', '7596630636', 'nxcMiNPCSoaDXouynBSXhSQj', ''),
(583, 'RSNVeDUSGFkwUoJEM', 'randy@dticredit.com', 'function', '2023-03-04', '', '', '7596630636', 'nxcMiNPCSoaDXouynBSXhSQj', ''),
(584, 'wZmmDfBQFGVsJMTdJKIeeIA', 'sondra.tate1@gmail.com', 'function', '2023-03-04', '', '', '4593883975', 'dNaFzOMSKCXXImcneTS', ''),
(585, 'wZmmDfBQFGVsJMTdJKIeeIA', 'sondra.tate1@gmail.com', 'function', '2023-03-04', '', '', '4593883975', 'dNaFzOMSKCXXImcneTS', ''),
(586, 'wZmmDfBQFGVsJMTdJKIeeIA', 'sondra.tate1@gmail.com', 'function', '2023-03-04', '', '', '4593883975', 'dNaFzOMSKCXXImcneTS', ''),
(587, 'Thank you so much for this new', 'f.ag.ihun7.0.7@gmail.com', 'function', '1986-04-02', '', '', '3651875118', '', '5458754870'),
(588, 'kUtTiQxYLIQuckAilegnYEf', 'manuel@peakbuildingservices.com', 'function', '2023-03-04', '', '', '5271992587', 'WBdipJvgLQQgyQxPSuTlv', ''),
(589, 'kUtTiQxYLIQuckAilegnYEf', 'manuel@peakbuildingservices.com', 'function', '2023-03-04', '', '', '5271992587', 'WBdipJvgLQQgyQxPSuTlv', ''),
(590, 'kUtTiQxYLIQuckAilegnYEf', 'manuel@peakbuildingservices.com', 'function', '2023-03-04', '', '', '5271992587', 'WBdipJvgLQQgyQxPSuTlv', ''),
(591, 'xPgbDavuGpCUJaUvUZ', 'pedrosiaba@hotmail.com', 'function', '2023-03-04', '', '', '5910807970', 'fqEXrvSGFksdXDRvCwDB', ''),
(592, 'xPgbDavuGpCUJaUvUZ', 'pedrosiaba@hotmail.com', 'function', '2023-03-04', '', '', '5910807970', 'fqEXrvSGFksdXDRvCwDB', ''),
(593, 'xPgbDavuGpCUJaUvUZ', 'pedrosiaba@hotmail.com', 'function', '2023-03-04', '', '', '5910807970', 'fqEXrvSGFksdXDRvCwDB', ''),
(594, 'BhlwHBhnEwVTGLOiSb', 'riteshpshah@hotmail.com', 'function', '2023-03-04', '', '', '2438035807', 'wWAXyWMhQvmMmZCfUUCIkbCw', ''),
(595, 'BhlwHBhnEwVTGLOiSb', 'riteshpshah@hotmail.com', 'function', '2023-03-04', '', '', '2438035807', 'wWAXyWMhQvmMmZCfUUCIkbCw', ''),
(596, 'BhlwHBhnEwVTGLOiSb', 'riteshpshah@hotmail.com', 'function', '2023-03-04', '', '', '2438035807', 'wWAXyWMhQvmMmZCfUUCIkbCw', ''),
(597, 'vpWuRvaRguMLRmEqnt', 'lukelamza@gmail.com', 'function', '2023-03-04', '', '', '5614242878', 'usNxYZdMPHAGqQbbPNzZ', ''),
(598, 'vpWuRvaRguMLRmEqnt', 'lukelamza@gmail.com', 'function', '2023-03-04', '', '', '5614242878', 'usNxYZdMPHAGqQbbPNzZ', ''),
(599, 'vpWuRvaRguMLRmEqnt', 'lukelamza@gmail.com', 'function', '2023-03-04', '', '', '5614242878', 'usNxYZdMPHAGqQbbPNzZ', ''),
(600, 'NwKJouKVVXklDCtuurUq', 'srinivasvidya11@gmail.com', 'function', '2023-03-04', '', '', '6629849561', 'roVATLlIbcbSIUktsgtUfrgS', ''),
(601, 'NwKJouKVVXklDCtuurUq', 'srinivasvidya11@gmail.com', 'function', '2023-03-04', '', '', '6629849561', 'roVATLlIbcbSIUktsgtUfrgS', ''),
(602, 'NwKJouKVVXklDCtuurUq', 'srinivasvidya11@gmail.com', 'function', '2023-03-04', '', '', '6629849561', 'roVATLlIbcbSIUktsgtUfrgS', ''),
(603, 'UKqqLhExqCnNByggAIaG', 'jamelasmooney@icloud.com', 'function', '2023-03-04', '', '', '2251724799', 'lcCxlcwUFVovGUBCsbCwd', ''),
(604, 'UKqqLhExqCnNByggAIaG', 'jamelasmooney@icloud.com', 'function', '2023-03-04', '', '', '2251724799', 'lcCxlcwUFVovGUBCsbCwd', ''),
(605, 'UKqqLhExqCnNByggAIaG', 'jamelasmooney@icloud.com', 'function', '2023-03-04', '', '', '2251724799', 'lcCxlcwUFVovGUBCsbCwd', ''),
(606, 'suaMjxyzfQdRzuzyktkoA', 'vlachance021@gmail.com', 'function', '2023-03-04', '', '', '4848856513', 'pNsNzqNTQOIXzFof', ''),
(607, 'suaMjxyzfQdRzuzyktkoA', 'vlachance021@gmail.com', 'function', '2023-03-04', '', '', '4848856513', 'pNsNzqNTQOIXzFof', ''),
(608, 'suaMjxyzfQdRzuzyktkoA', 'vlachance021@gmail.com', 'function', '2023-03-04', '', '', '4848856513', 'pNsNzqNTQOIXzFof', ''),
(609, 'HAAYLjRnNxqXJaDbZYc', 'kendrakiehn@gmail.com', 'function', '2023-03-04', '', '', '5982214930', 'ntlrpiXElJzANOHfIjELzRG', ''),
(610, 'HAAYLjRnNxqXJaDbZYc', 'kendrakiehn@gmail.com', 'function', '2023-03-04', '', '', '5982214930', 'ntlrpiXElJzANOHfIjELzRG', ''),
(611, 'HAAYLjRnNxqXJaDbZYc', 'kendrakiehn@gmail.com', 'function', '2023-03-04', '', '', '5982214930', 'ntlrpiXElJzANOHfIjELzRG', ''),
(612, 'CkjahEGAGPaVSRXjrviNpZn', 'kreg@boyntondentistry.com', 'function', '2023-03-04', '', '', '7955977460', 'jwAvCYDQWsrGwUCCW', ''),
(613, 'CkjahEGAGPaVSRXjrviNpZn', 'kreg@boyntondentistry.com', 'function', '2023-03-04', '', '', '7955977460', 'jwAvCYDQWsrGwUCCW', ''),
(614, 'CkjahEGAGPaVSRXjrviNpZn', 'kreg@boyntondentistry.com', 'function', '2023-03-04', '', '', '7955977460', 'jwAvCYDQWsrGwUCCW', ''),
(615, 'GXTdydqiXJgikktEnfnB', 'michelle.young@bastyr.edu', 'function', '2023-03-04', '', '', '5954205240', 'nTIqcshysMIMShvoGl', ''),
(616, 'GXTdydqiXJgikktEnfnB', 'michelle.young@bastyr.edu', 'function', '2023-03-04', '', '', '5954205240', 'nTIqcshysMIMShvoGl', ''),
(617, 'GXTdydqiXJgikktEnfnB', 'michelle.young@bastyr.edu', 'function', '2023-03-04', '', '', '5954205240', 'nTIqcshysMIMShvoGl', ''),
(618, 'CaXDKfpGHFNixaYCgimhr', 'anothermistress73493@gmail.com', 'function', '2023-03-04', '', '', '5415358634', 'CaIRiJsQeqzrIpKV', ''),
(619, 'CaXDKfpGHFNixaYCgimhr', 'anothermistress73493@gmail.com', 'function', '2023-03-04', '', '', '5415358634', 'CaIRiJsQeqzrIpKV', ''),
(620, 'CaXDKfpGHFNixaYCgimhr', 'anothermistress73493@gmail.com', 'function', '2023-03-04', '', '', '5415358634', 'CaIRiJsQeqzrIpKV', ''),
(621, 'zoSTKojeXUEpIIoYAZW', 'cindystravis@gmail.com', 'function', '2023-03-04', '', '', '6587128168', 'hWEYPXkqFPPtghhDDJwBlG', ''),
(622, 'zoSTKojeXUEpIIoYAZW', 'cindystravis@gmail.com', 'function', '2023-03-04', '', '', '6587128168', 'hWEYPXkqFPPtghhDDJwBlG', ''),
(623, 'zoSTKojeXUEpIIoYAZW', 'cindystravis@gmail.com', 'function', '2023-03-04', '', '', '6587128168', 'hWEYPXkqFPPtghhDDJwBlG', ''),
(624, 'ZuyoMxOhkBpBMUqOhHWLbib', 'ehaacke@evhrealestate.com', 'function', '2023-03-04', '', '', '9347360377', 'wpkEClLfOFmsHMWP', ''),
(625, 'ZuyoMxOhkBpBMUqOhHWLbib', 'ehaacke@evhrealestate.com', 'function', '2023-03-04', '', '', '9347360377', 'wpkEClLfOFmsHMWP', ''),
(626, 'ZuyoMxOhkBpBMUqOhHWLbib', 'ehaacke@evhrealestate.com', 'function', '2023-03-04', '', '', '9347360377', 'wpkEClLfOFmsHMWP', ''),
(627, 'gqIdzjRrfyKGcKKEshSd', 'accounting@streetlevelstudio.com', 'function', '2023-03-04', '', '', '2922236271', 'xoDYKelNzWcMBxrDYXrkNEN', ''),
(628, 'gqIdzjRrfyKGcKKEshSd', 'accounting@streetlevelstudio.com', 'function', '2023-03-04', '', '', '2922236271', 'xoDYKelNzWcMBxrDYXrkNEN', ''),
(629, 'gqIdzjRrfyKGcKKEshSd', 'accounting@streetlevelstudio.com', 'function', '2023-03-04', '', '', '2922236271', 'xoDYKelNzWcMBxrDYXrkNEN', ''),
(630, 'XlHjZuklrQcONZXR', 'emmanuel.saglio@gmail.com', 'function', '2023-03-04', '', '', '8768461172', 'tLTIzpatGOkMBLGiR', ''),
(631, 'XlHjZuklrQcONZXR', 'emmanuel.saglio@gmail.com', 'function', '2023-03-04', '', '', '8768461172', 'tLTIzpatGOkMBLGiR', ''),
(632, 'XlHjZuklrQcONZXR', 'emmanuel.saglio@gmail.com', 'function', '2023-03-04', '', '', '8768461172', 'tLTIzpatGOkMBLGiR', ''),
(633, 'bCtmzUmlNIcqpuPDkrLSa', 'whitlewis.89@gmail.com', 'function', '2023-03-04', '', '', '4834837445', 'MoiosvMzTppNjNaRnzelj', ''),
(634, 'bCtmzUmlNIcqpuPDkrLSa', 'whitlewis.89@gmail.com', 'function', '2023-03-04', '', '', '4834837445', 'MoiosvMzTppNjNaRnzelj', ''),
(635, 'bCtmzUmlNIcqpuPDkrLSa', 'whitlewis.89@gmail.com', 'function', '2023-03-04', '', '', '4834837445', 'MoiosvMzTppNjNaRnzelj', ''),
(636, 'FZIlVyJuEGYwijzGkUn', 'tonykishun@gmail.com', 'function', '2023-03-04', '', '', '3506632401', 'GZpMdecYvYySKiOxGLdLF', ''),
(637, 'FZIlVyJuEGYwijzGkUn', 'tonykishun@gmail.com', 'function', '2023-03-04', '', '', '3506632401', 'GZpMdecYvYySKiOxGLdLF', ''),
(638, 'FZIlVyJuEGYwijzGkUn', 'tonykishun@gmail.com', 'function', '2023-03-04', '', '', '3506632401', 'GZpMdecYvYySKiOxGLdLF', ''),
(639, 'XleCGsRqPGMJtVxLA', 'brittrenea99@gmail.com', 'function', '2023-03-04', '', '', '2380180547', 'RSMKmKHqomdxudEReERDQ', ''),
(640, 'XleCGsRqPGMJtVxLA', 'brittrenea99@gmail.com', 'function', '2023-03-04', '', '', '2380180547', 'RSMKmKHqomdxudEReERDQ', ''),
(641, 'XleCGsRqPGMJtVxLA', 'brittrenea99@gmail.com', 'function', '2023-03-04', '', '', '2380180547', 'RSMKmKHqomdxudEReERDQ', ''),
(642, 'lzFPUVqLLwGcXQfQZVoArK', 'redcitylive@gmail.com', 'function', '2023-03-04', '', '', '5577846112', 'JQoyZYtYvSRxiJMWzNkfGXl', ''),
(643, 'lzFPUVqLLwGcXQfQZVoArK', 'redcitylive@gmail.com', 'function', '2023-03-04', '', '', '5577846112', 'JQoyZYtYvSRxiJMWzNkfGXl', ''),
(644, 'lzFPUVqLLwGcXQfQZVoArK', 'redcitylive@gmail.com', 'function', '2023-03-04', '', '', '5577846112', 'JQoyZYtYvSRxiJMWzNkfGXl', ''),
(645, 'EHsmfrdIWPeqQpcNBNm', 'amaya.avaloz@icloud.com', 'function', '2023-03-04', '', '', '5695346407', 'uViCHwjDYpzqYflWIU', ''),
(646, 'EHsmfrdIWPeqQpcNBNm', 'amaya.avaloz@icloud.com', 'function', '2023-03-04', '', '', '5695346407', 'uViCHwjDYpzqYflWIU', ''),
(647, 'EHsmfrdIWPeqQpcNBNm', 'amaya.avaloz@icloud.com', 'function', '2023-03-04', '', '', '5695346407', 'uViCHwjDYpzqYflWIU', ''),
(648, 'IAvOnUzyFlOSyHMfqTCskudq', 'myutz.unicorn@gmail.com', 'function', '2023-03-04', '', '', '4325726588', 'jiaVoVrFJapRFVHQQKsK', ''),
(649, 'IAvOnUzyFlOSyHMfqTCskudq', 'myutz.unicorn@gmail.com', 'function', '2023-03-04', '', '', '4325726588', 'jiaVoVrFJapRFVHQQKsK', ''),
(650, 'IAvOnUzyFlOSyHMfqTCskudq', 'myutz.unicorn@gmail.com', 'function', '2023-03-04', '', '', '4325726588', 'jiaVoVrFJapRFVHQQKsK', ''),
(651, 'omaMqPwkqjbZdGxDFId', 'deb.walters@ipi-gt.com', 'function', '2023-03-04', '', '', '5257870507', 'TmOYeWPrvjHQiyEmiLqEqe', ''),
(652, 'omaMqPwkqjbZdGxDFId', 'deb.walters@ipi-gt.com', 'function', '2023-03-04', '', '', '5257870507', 'TmOYeWPrvjHQiyEmiLqEqe', ''),
(653, 'omaMqPwkqjbZdGxDFId', 'deb.walters@ipi-gt.com', 'function', '2023-03-04', '', '', '5257870507', 'TmOYeWPrvjHQiyEmiLqEqe', ''),
(654, 'hEXBnYtKxQgEacHalH', 'lukelig1021@gmail.com', 'function', '2023-03-04', '', '', '7380686950', 'YrbRXdxyqIZRyRlKCtfQ', ''),
(655, 'hEXBnYtKxQgEacHalH', 'lukelig1021@gmail.com', 'function', '2023-03-04', '', '', '7380686950', 'YrbRXdxyqIZRyRlKCtfQ', ''),
(656, 'hEXBnYtKxQgEacHalH', 'lukelig1021@gmail.com', 'function', '2023-03-04', '', '', '7380686950', 'YrbRXdxyqIZRyRlKCtfQ', ''),
(657, 'DFQDktGVxiVOtvdheivt', 'sam1123@kza.biglobe.ne.jp', 'function', '2023-03-04', '', '', '2885833894', 'BqgkGpMgWgdzCffwWUGRNfbb', ''),
(658, 'DFQDktGVxiVOtvdheivt', 'sam1123@kza.biglobe.ne.jp', 'function', '2023-03-04', '', '', '2885833894', 'BqgkGpMgWgdzCffwWUGRNfbb', ''),
(659, 'DFQDktGVxiVOtvdheivt', 'sam1123@kza.biglobe.ne.jp', 'function', '2023-03-04', '', '', '2885833894', 'BqgkGpMgWgdzCffwWUGRNfbb', ''),
(660, 'hEZprjCXsboFYMKDloEPz', 'ehaacke@evhrealestate.com', 'function', '2023-03-04', '', '', '3047224610', 'KXUZJXAWrJZuPJdVXGohb', ''),
(661, 'hEZprjCXsboFYMKDloEPz', 'ehaacke@evhrealestate.com', 'function', '2023-03-04', '', '', '3047224610', 'KXUZJXAWrJZuPJdVXGohb', ''),
(662, 'hEZprjCXsboFYMKDloEPz', 'ehaacke@evhrealestate.com', 'function', '2023-03-04', '', '', '3047224610', 'KXUZJXAWrJZuPJdVXGohb', ''),
(663, 'AigSsjGnzMyJEXlYuJ', 'sherry@advantagelv.com', 'function', '2023-03-04', '', '', '8089675951', 'cCRDOWeHnEfGZlgHLlKrVBj', ''),
(664, 'AigSsjGnzMyJEXlYuJ', 'sherry@advantagelv.com', 'function', '2023-03-04', '', '', '8089675951', 'cCRDOWeHnEfGZlgHLlKrVBj', ''),
(665, 'AigSsjGnzMyJEXlYuJ', 'sherry@advantagelv.com', 'function', '2023-03-04', '', '', '8089675951', 'cCRDOWeHnEfGZlgHLlKrVBj', ''),
(666, 'EkyDImcuwzsZcIQPOUIOW', 'bnewcomer34@gmail.com', 'function', '2023-03-04', '', '', '6274809254', 'vrQDMxkHxsRRixTNpVffyVw', ''),
(667, 'EkyDImcuwzsZcIQPOUIOW', 'bnewcomer34@gmail.com', 'function', '2023-03-04', '', '', '6274809254', 'vrQDMxkHxsRRixTNpVffyVw', ''),
(668, 'EkyDImcuwzsZcIQPOUIOW', 'bnewcomer34@gmail.com', 'function', '2023-03-04', '', '', '6274809254', 'vrQDMxkHxsRRixTNpVffyVw', ''),
(669, 'WdsOlcoshTQVMUXePuSezt', 'connerdeprang@live.com', 'function', '2023-03-04', '', '', '4963901027', 'emdQehARxREqXlnkhoMRWyh', ''),
(670, 'WdsOlcoshTQVMUXePuSezt', 'connerdeprang@live.com', 'function', '2023-03-04', '', '', '4963901027', 'emdQehARxREqXlnkhoMRWyh', ''),
(671, 'WdsOlcoshTQVMUXePuSezt', 'connerdeprang@live.com', 'function', '2023-03-04', '', '', '4963901027', 'emdQehARxREqXlnkhoMRWyh', ''),
(672, 'GUMIYaCrRZSGNjSEaSs', 'notrexaty27@gmail.com', 'function', '2023-03-04', '', '', '8213550828', 'BXrJAdLdedAqWcQW', ''),
(673, 'GUMIYaCrRZSGNjSEaSs', 'notrexaty27@gmail.com', 'function', '2023-03-04', '', '', '8213550828', 'BXrJAdLdedAqWcQW', ''),
(674, 'GUMIYaCrRZSGNjSEaSs', 'notrexaty27@gmail.com', 'function', '2023-03-04', '', '', '8213550828', 'BXrJAdLdedAqWcQW', ''),
(675, 'XWfZJrvPSzQnMkPlyGkK', '5862640060@idealliving.com', 'function', '2023-03-04', '', '', '5517727811', 'UAQgsrRfyvRBAwhAghkP', ''),
(676, 'XWfZJrvPSzQnMkPlyGkK', '5862640060@idealliving.com', 'function', '2023-03-04', '', '', '5517727811', 'UAQgsrRfyvRBAwhAghkP', ''),
(677, 'XWfZJrvPSzQnMkPlyGkK', '5862640060@idealliving.com', 'function', '2023-03-04', '', '', '5517727811', 'UAQgsrRfyvRBAwhAghkP', ''),
(678, 'BnWAAAHDCQicTuUVvsY', 'polivoveloci82@gmail.com', 'function', '2023-03-04', '', '', '9631367055', 'haVvofMIkyIXJlwJ', ''),
(679, 'BnWAAAHDCQicTuUVvsY', 'polivoveloci82@gmail.com', 'function', '2023-03-04', '', '', '9631367055', 'haVvofMIkyIXJlwJ', ''),
(680, 'BnWAAAHDCQicTuUVvsY', 'polivoveloci82@gmail.com', 'function', '2023-03-04', '', '', '9631367055', 'haVvofMIkyIXJlwJ', ''),
(681, 'WzphbUKVkwGEIBkKJMItX', 'rachendns25@gmail.com', 'function', '2023-03-04', '', '', '4355600243', 'fyhViWMkdDZAcnbTdTN', ''),
(682, 'WzphbUKVkwGEIBkKJMItX', 'rachendns25@gmail.com', 'function', '2023-03-04', '', '', '4355600243', 'fyhViWMkdDZAcnbTdTN', ''),
(683, 'WzphbUKVkwGEIBkKJMItX', 'rachendns25@gmail.com', 'function', '2023-03-04', '', '', '4355600243', 'fyhViWMkdDZAcnbTdTN', ''),
(684, 'Manan', 'manan@crib-life.com', 'function', '2025-12-25', '150000', 'Farm House', '9818046504', '', '30'),
(685, 'Manan', 'manan@crib-life.com', 'function', '2025-12-25', '150000', 'Farm House', '9818046504', '', '30'),
(686, 'Manan', 'manan@crib-life.com', 'function', '2025-12-25', '150000', 'Farm House', '9818046504', '', '30'),
(687, 'Manan', 'manan@crib-life.com', 'function', '2025-12-25', '150000', 'Farm House', '9818046504', '', '30'),
(688, 'Manan', 'manan@crib-life.com', 'function', '2025-12-25', '150000', 'Farm House', '9818046504', '', '30'),
(689, 'Manan', 'manan@crib-life.com', 'function', '2025-12-25', '150000', 'Farm House', '9818046504', '', '30'),
(690, 'Manan', 'manan@crib-life.com', 'function', '2025-12-25', '150000', 'Farm House', '9818046504', '', '30'),
(691, 'PvpjaMpTDVGXoZcdm', 'ovojesosecez71@gmail.com', 'function', '2023-03-04', '', '', '6684777878', 'SINAuTsSfAZmHIaCVEokpaS', ''),
(692, 'VPUnfJiEmUGfvhORO', 'amemumep184@gmail.com', 'function', '2023-03-04', '', '', '6944705531', 'KFFIyKuAtXBHgMUAUWo', ''),
(693, 'JEZCKaXwEBHQQQBYPcdy', 'zemalunajer77@gmail.com', 'function', '2023-03-04', '', '', '7177354620', 'LWHroMOIEiAWheVrtSOt', ''),
(694, 'JEZCKaXwEBHQQQBYPcdy', 'zemalunajer77@gmail.com', 'function', '2023-03-04', '', '', '7177354620', 'LWHroMOIEiAWheVrtSOt', ''),
(695, 'QBcThJFpnLEVGNuqkQGSVg', 'ksupernaw@icloud.com', 'function', '2023-03-04', '', '', '3341167386', 'NJLmfxztNzhQTwkIwQWZtz', ''),
(696, 'QBcThJFpnLEVGNuqkQGSVg', 'ksupernaw@icloud.com', 'function', '2023-03-04', '', '', '3341167386', 'NJLmfxztNzhQTwkIwQWZtz', ''),
(697, 'QBcThJFpnLEVGNuqkQGSVg', 'ksupernaw@icloud.com', 'function', '2023-03-04', '', '', '3341167386', 'NJLmfxztNzhQTwkIwQWZtz', ''),
(698, 'EwbwqQJRRlYCCDYYNA', 'savannahjayy2890@yahoo.com', 'function', '2023-03-04', '', '', '6528788417', 'swefELhYVUFuYLadNlU', ''),
(699, 'EwbwqQJRRlYCCDYYNA', 'savannahjayy2890@yahoo.com', 'function', '2023-03-04', '', '', '6528788417', 'swefELhYVUFuYLadNlU', ''),
(700, 'RlahxoakFNRYPREDGozdqINc', 'zimc17@hotmail.com', 'function', '2023-03-04', '', '', '4152515923', 'kfgdUlkNnbJjxHWAe', ''),
(701, 'GBEWQDVdVVWqYfTrKQzLeRE', 'ravidalal@gmail.com', 'function', '2023-03-04', '', '', '5118879489', 'AgJuHokdCbkoNLREMmjY', ''),
(702, 'TmXuMaqczvqdinnYx', 'rsking68@gmail.com', 'function', '2023-03-04', '', '', '3213282277', 'MoOxaYAdVxSstMpYKSstR', ''),
(703, 'sKuxSmKsmQcgepPmArspYKN', 'osiyuzih812@gmail.com', 'function', '2023-03-04', '', '', '7244377938', 'olzOXRMkLnzORIzbaQmO', ''),
(704, 'sKuxSmKsmQcgepPmArspYKN', 'osiyuzih812@gmail.com', 'function', '2023-03-04', '', '', '7244377938', 'olzOXRMkLnzORIzbaQmO', ''),
(705, 'lGduDzmdlVlDzwGdZyislSa', 'asojukuhan08@gmail.com', 'function', '2023-03-04', '', '', '5265470209', 'aRCkSJAHMwOEZKblzMLRFms', ''),
(706, 'lGduDzmdlVlDzwGdZyislSa', 'asojukuhan08@gmail.com', 'function', '2023-03-04', '', '', '5265470209', 'aRCkSJAHMwOEZKblzMLRFms', ''),
(707, 'lGduDzmdlVlDzwGdZyislSa', 'asojukuhan08@gmail.com', 'function', '2023-03-04', '', '', '5265470209', 'aRCkSJAHMwOEZKblzMLRFms', ''),
(708, 'THQYQOPxXVLRaXiLWDDxh', 'valerieann.5@hotmail.co.uk', 'function', '2023-03-04', '', '', '9903404886', 'sCjarBFvxQXzldRZgvqGxDK', ''),
(709, 'THQYQOPxXVLRaXiLWDDxh', 'valerieann.5@hotmail.co.uk', 'function', '2023-03-04', '', '', '9903404886', 'sCjarBFvxQXzldRZgvqGxDK', ''),
(710, 'aaHvBvHTwcDJxixCIgju', 'cte25600@centurytel.net', 'function', '2023-03-04', '', '', '6975087011', 'wYEGBXDXImcliHiph', ''),
(711, 'afvlGpyNHSdCBMtKkcZUTWN', 'adamb@premier1auto.com', 'function', '2023-03-04', '', '', '6677037935', 'PcBwNZNyAiBjcXjooeBzchv', ''),
(712, 'afvlGpyNHSdCBMtKkcZUTWN', 'adamb@premier1auto.com', 'function', '2023-03-04', '', '', '6677037935', 'PcBwNZNyAiBjcXjooeBzchv', ''),
(713, 'vajWZSzVmsVxwMWBSSfeuKf', 's.sauers@hotmail.com', 'function', '2023-03-04', '', '', '3477521440', 'xgrfNILwIuobnZOAW', ''),
(714, 'JzhFGJKIaRVXMyyN', 'emilybrignell@hotmail.co.uk', 'function', '2023-03-04', '', '', '7218015778', 'KdBbzfEYafaTgjWwFHJyQv', ''),
(715, 'afCycchlaIIPtXitstnGzB', 'aperches@saifulbouquet.com', 'function', '2023-03-04', '', '', '8578601060', 'bGFfHzTMmahmurNFODC', ''),
(716, 'afCycchlaIIPtXitstnGzB', 'aperches@saifulbouquet.com', 'function', '2023-03-04', '', '', '8578601060', 'bGFfHzTMmahmurNFODC', ''),
(717, 'afCycchlaIIPtXitstnGzB', 'aperches@saifulbouquet.com', 'function', '2023-03-04', '', '', '8578601060', 'bGFfHzTMmahmurNFODC', ''),
(718, 'KjWkDHIPLmYFeXdbrHOLQ', 'velina.manolova@gmail.com', 'function', '2023-03-04', '', '', '5775234224', 'TFJxYTzFxIFKcbcVEHJlD', ''),
(719, 'ydPlMIUhLGlaktjOOPYJlTx', 'aneqekoqaca574@gmail.com', 'function', '2023-03-04', '', '', '6197829319', 'HBmJUMNnFnviEEfZUV', ''),
(720, 'ydPlMIUhLGlaktjOOPYJlTx', 'aneqekoqaca574@gmail.com', 'function', '2023-03-04', '', '', '6197829319', 'HBmJUMNnFnviEEfZUV', ''),
(721, 'yIdwRJJovqlFKIAtRaUCd', 'xileanax1969@libero.it', 'function', '2023-03-04', '', '', '2890189677', 'kcyUwJKVKgqEkJZsAqlqKSHG', ''),
(722, 'yIdwRJJovqlFKIAtRaUCd', 'xileanax1969@libero.it', 'function', '2023-03-04', '', '', '2890189677', 'kcyUwJKVKgqEkJZsAqlqKSHG', ''),
(723, 'UbXWcKdYqwNtSnblvDJBo', 'evielouallan@icloud.com', 'function', '2023-03-04', '', '', '2961829017', 'sOOgeRKTRtyHlzLGESWXy', ''),
(724, 'UbXWcKdYqwNtSnblvDJBo', 'evielouallan@icloud.com', 'function', '2023-03-04', '', '', '2961829017', 'sOOgeRKTRtyHlzLGESWXy', ''),
(725, 'LIjlcAINRJfeKFIe', 'louisarthurnaylor@gmail.com', 'function', '2023-03-04', '', '', '4628437912', 'mtUSAiWnkHulsSICk', ''),
(726, 'LIjlcAINRJfeKFIe', 'louisarthurnaylor@gmail.com', 'function', '2023-03-04', '', '', '4628437912', 'mtUSAiWnkHulsSICk', ''),
(727, 'LIjlcAINRJfeKFIe', 'louisarthurnaylor@gmail.com', 'function', '2023-03-04', '', '', '4628437912', 'mtUSAiWnkHulsSICk', ''),
(728, 'RSmwxCQNaDGDwERa', 'melanio94@yahoo.com', 'function', '2023-03-04', '', '', '5665835988', 'yXxGIenFvASMtpMCjzGN', ''),
(729, 'LDEENAPfnaRRaYGEElzMwfAE', 'wendykayw86@gmail.com', 'function', '2023-03-04', '', '', '2291757699', 'pBPtwDyiDjiVoIoAuzZf', ''),
(730, 'CZTlOAaGreJLagLhUUsuZw', 'hooddriven@gmail.com', 'function', '2023-03-04', '', '', '3146225650', 'prJqNrOCraLkzIxhtjM', ''),
(731, 'CZTlOAaGreJLagLhUUsuZw', 'hooddriven@gmail.com', 'function', '2023-03-04', '', '', '3146225650', 'prJqNrOCraLkzIxhtjM', ''),
(732, 'CZTlOAaGreJLagLhUUsuZw', 'hooddriven@gmail.com', 'function', '2023-03-04', '', '', '3146225650', 'prJqNrOCraLkzIxhtjM', ''),
(733, 'tOwPvnNcxCzgXiqGFQ', 'timothy.p.harris@gmail.com', 'function', '2023-03-04', '', '', '7538801088', 'WUfhaILWdlttWOzjDukAlWI', ''),
(734, 'YAdBqtbVsCaAQFORHCBh', 'javifernandez@hotmail.com', 'function', '2023-03-04', '', '', '5774543616', 'gUPpVPkxtWOUNZMATYOty', ''),
(735, 'qXrpONVTvKWpPlOA', 'trishrhudy@outlook.com', 'function', '2023-03-04', '', '', '6416855609', 'HVerGgYqzPrxuWRCD', ''),
(736, 'qXrpONVTvKWpPlOA', 'trishrhudy@outlook.com', 'function', '2023-03-04', '', '', '6416855609', 'HVerGgYqzPrxuWRCD', ''),
(737, 'qXrpONVTvKWpPlOA', 'trishrhudy@outlook.com', 'function', '2023-03-04', '', '', '6416855609', 'HVerGgYqzPrxuWRCD', ''),
(738, 'ELEXwCjxnndVFNDBcKDua', 'blake@ownerspride.com', 'function', '2023-03-04', '', '', '9597698776', 'VzBiaAtHRTBCiwCUXhCS', ''),
(739, 'ELEXwCjxnndVFNDBcKDua', 'blake@ownerspride.com', 'function', '2023-03-04', '', '', '9597698776', 'VzBiaAtHRTBCiwCUXhCS', ''),
(740, 'ELEXwCjxnndVFNDBcKDua', 'blake@ownerspride.com', 'function', '2023-03-04', '', '', '9597698776', 'VzBiaAtHRTBCiwCUXhCS', ''),
(741, 'TksAJTtZiDSzJmorc', 'fleon06.fl@gmail.com', 'function', '2023-03-04', '', '', '5239409674', 'kIXzmFobERuIJHhrXgttT', ''),
(742, 'TksAJTtZiDSzJmorc', 'fleon06.fl@gmail.com', 'function', '2023-03-04', '', '', '5239409674', 'kIXzmFobERuIJHhrXgttT', ''),
(743, 'TksAJTtZiDSzJmorc', 'fleon06.fl@gmail.com', 'function', '2023-03-04', '', '', '5239409674', 'kIXzmFobERuIJHhrXgttT', ''),
(744, 'elQoYyviGnCEoGikC', 'aaron.angstadt@midpennbank.com', 'function', '2023-03-04', '', '', '8932308560', 'lrdQBITCHAaxFIBQ', ''),
(745, 'elQoYyviGnCEoGikC', 'aaron.angstadt@midpennbank.com', 'function', '2023-03-04', '', '', '8932308560', 'lrdQBITCHAaxFIBQ', ''),
(746, 'elQoYyviGnCEoGikC', 'aaron.angstadt@midpennbank.com', 'function', '2023-03-04', '', '', '8932308560', 'lrdQBITCHAaxFIBQ', ''),
(747, 'NKAUMQMshkMlYoXC', 'kingrob2013@hotmail.com', 'function', '2023-03-04', '', '', '8927440304', 'IQdrTYVtOlelkdbbURO', ''),
(748, 'NKAUMQMshkMlYoXC', 'kingrob2013@hotmail.com', 'function', '2023-03-04', '', '', '8927440304', 'IQdrTYVtOlelkdbbURO', ''),
(749, 'BxhFvceQWPfRDnnIA', 'chumphries@elsallc.com', 'function', '2023-03-04', '', '', '5152417470', 'oijVVglHImWwAQquWCbE', ''),
(750, 'BxhFvceQWPfRDnnIA', 'chumphries@elsallc.com', 'function', '2023-03-04', '', '', '5152417470', 'oijVVglHImWwAQquWCbE', ''),
(751, 'BxhFvceQWPfRDnnIA', 'chumphries@elsallc.com', 'function', '2023-03-04', '', '', '5152417470', 'oijVVglHImWwAQquWCbE', ''),
(752, 'rsSoetFZbEsjHQxpAiwxOW', 'epgepg0602@gmail.com', 'function', '2023-03-04', '', '', '9712984812', 'mxRSWAgdrtwNmMZAzpxp', ''),
(753, 'rsSoetFZbEsjHQxpAiwxOW', 'epgepg0602@gmail.com', 'function', '2023-03-04', '', '', '9712984812', 'mxRSWAgdrtwNmMZAzpxp', ''),
(754, 'APocgmbDeFxPAyxO', 'trishadoyle63@gmail.com', 'function', '2023-03-04', '', '', '4338734620', 'YHUIaDzdDHAFMfFFgJt', ''),
(755, 'NeHjzrHfsJpBzfOhjhZpuobJ', 'jerrycarter71@gmail.com', 'function', '2023-03-04', '', '', '2468746810', 'UrOxweGklAYxQbtUGkqFUBt', ''),
(756, 'puHVqfcNMUfoHaplbxYtBfei', 'pilubacunuci75@gmail.com', 'function', '2023-03-04', '', '', '3797640822', 'dAdZqiirVSXbSRsXWKJkKtu', ''),
(757, 'puHVqfcNMUfoHaplbxYtBfei', 'pilubacunuci75@gmail.com', 'function', '2023-03-04', '', '', '3797640822', 'dAdZqiirVSXbSRsXWKJkKtu', ''),
(758, 'puHVqfcNMUfoHaplbxYtBfei', 'pilubacunuci75@gmail.com', 'function', '2023-03-04', '', '', '3797640822', 'dAdZqiirVSXbSRsXWKJkKtu', ''),
(759, 'ycKgQklikZlovakPvxd', 'sharron.a.arrington@piedmont.org', 'function', '2023-03-04', '', '', '2152329813', 'ZytTJWqkxbzXaZudSk', ''),
(760, 'DbrhuPfYMtuKvcnKwAgasN', 'zgmf-x10a.strike@docomo.ne.jp', 'function', '2023-03-04', '', '', '2137096019', 'VHhafvDGDMXakLdFo', ''),
(761, 'DbrhuPfYMtuKvcnKwAgasN', 'zgmf-x10a.strike@docomo.ne.jp', 'function', '2023-03-04', '', '', '2137096019', 'VHhafvDGDMXakLdFo', ''),
(762, 'HERxvSwpIxMRDFkC', 'meredithhiga811944@gmail.com', 'function', '2023-03-04', '', '', '3171276676', 'EuvIvFlMKALjUWkWroiVA', ''),
(763, 'AIUXDTBIbErVXdcOeiKO', 'meredithhiga811944@gmail.com', 'function', '2023-03-04', '', '', '8775297779', 'UmTINfkHEpfphcLgFkrpeOa', ''),
(764, 'AIUXDTBIbErVXdcOeiKO', 'meredithhiga811944@gmail.com', 'function', '2023-03-04', '', '', '8775297779', 'UmTINfkHEpfphcLgFkrpeOa', ''),
(765, 'AIUXDTBIbErVXdcOeiKO', 'meredithhiga811944@gmail.com', 'function', '2023-03-04', '', '', '8775297779', 'UmTINfkHEpfphcLgFkrpeOa', ''),
(766, 'yKuDdOenYEpsZnEpEpCs', 'kmkm2@verizon.net', 'function', '2023-03-04', '', '', '9015768251', 'TbswjeUIdKGjnLyQmgaahz', ''),
(767, 'pMNuwJcbrDpqxxpxNOwMS', 'jamierose.briones@ehl.ch', 'function', '2023-03-04', '', '', '4425753749', 'WstwFUuGFKbdbaYnt', ''),
(768, 'IqxtMlMxEcxYFDqIhaTnXCjn', 'ozgenazsahan@hotmail.com', 'function', '2023-03-04', '', '', '2663469788', 'GRXGedQuNalRnmQFsDRnqmRA', ''),
(769, 'IqxtMlMxEcxYFDqIhaTnXCjn', 'ozgenazsahan@hotmail.com', 'function', '2023-03-04', '', '', '2663469788', 'GRXGedQuNalRnmQFsDRnqmRA', ''),
(770, 'BrMjwNirDDMUEnwwz', 'na@att.com', 'function', '2023-03-04', '', '', '9848710944', 'CcRbGjtsgSoKxAgyZx', ''),
(771, 'PYphKZsArwRAFAECWWi', 'lizavaz09@gmail.com', 'function', '2023-03-04', '', '', '4579151717', 'yaFBwGcYCtSwamHxbreY', ''),
(772, 'PYphKZsArwRAFAECWWi', 'lizavaz09@gmail.com', 'function', '2023-03-04', '', '', '4579151717', 'yaFBwGcYCtSwamHxbreY', ''),
(773, 'PYphKZsArwRAFAECWWi', 'lizavaz09@gmail.com', 'function', '2023-03-04', '', '', '4579151717', 'yaFBwGcYCtSwamHxbreY', ''),
(774, 'tGfyRTvNQjcNSWGrvPmTvH', 'riria20061122@gmail.com', 'function', '2023-03-04', '', '', '3321883095', 'BMjIKtBgzFcZRBtQQWLRMtO', ''),
(775, 'WpBzdMizCyJQYgvuPELFGqK', 'tinaa77@aol.com', 'function', '2023-03-04', '', '', '9070017904', 'lCYRywglJEgLkxNezvAxVhD', ''),
(776, 'apebOUUvUAZPyanmwzD', 'gustavo.schrils@nicklaushealth.org', 'function', '2023-03-04', '', '', '2794141688', 'sByHAWVFxaSjbMKLbouy', ''),
(777, 'WWXSsRzYXakxGDUvuQr', 'aprilcobb74@gmail.com', 'function', '2023-03-04', '', '', '3471066152', 'GAawflJpvDsFhealoq', ''),
(778, 'ZTIfJOjnwgVMPXysUdJBLyCD', 'ruaballard@gmail.com', 'function', '2023-03-04', '', '', '9644717154', 'CGnXRQvosXjzKNawljaFPRVA', ''),
(779, 'kruuvHJwwThGsCkjsfRXp', 'spunkybunny41@icloud.com', 'function', '2023-03-04', '', '', '5573353998', 'GaHReaFJWuZsZCGmzMI', ''),
(780, 'KrvYpsMPchXRetmHpeHlymbR', 'sagoluneri@gmail.com', 'function', '2023-03-04', '', '', '8953518912', 'mKUBNpheSIOHyqksPKLwQyK', ''),
(781, 'KrvYpsMPchXRetmHpeHlymbR', 'sagoluneri@gmail.com', 'function', '2023-03-04', '', '', '8953518912', 'mKUBNpheSIOHyqksPKLwQyK', ''),
(782, 'KrvYpsMPchXRetmHpeHlymbR', 'sagoluneri@gmail.com', 'function', '2023-03-04', '', '', '8953518912', 'mKUBNpheSIOHyqksPKLwQyK', ''),
(783, 'kMWNZxfZvmKUiSwHgyUE', 'jasminebains7@hotmail.com', 'function', '2023-03-04', '', '', '3145196262', 'tLrTgtlrFKtFuTlqmBZX', ''),
(784, 'kMWNZxfZvmKUiSwHgyUE', 'jasminebains7@hotmail.com', 'function', '2023-03-04', '', '', '3145196262', 'tLrTgtlrFKtFuTlqmBZX', ''),
(785, 'kMWNZxfZvmKUiSwHgyUE', 'jasminebains7@hotmail.com', 'function', '2023-03-04', '', '', '3145196262', 'tLrTgtlrFKtFuTlqmBZX', ''),
(786, 'TWLSyoCatnWsMDboxTJXWQVW', 'gbonavito@gmail.com', 'function', '2023-03-04', '', '', '9287630013', 'GUjggEkznTTxKfeJtnGQ', ''),
(787, 'TWLSyoCatnWsMDboxTJXWQVW', 'gbonavito@gmail.com', 'function', '2023-03-04', '', '', '9287630013', 'GUjggEkznTTxKfeJtnGQ', ''),
(788, 'TWLSyoCatnWsMDboxTJXWQVW', 'gbonavito@gmail.com', 'function', '2023-03-04', '', '', '9287630013', 'GUjggEkznTTxKfeJtnGQ', ''),
(789, 'vTOQXysfKxVvdIhwmYOWQ', 'ngleason856@comcast.net', 'function', '2023-03-04', '', '', '3211621299', 'EVWVQqthaNZgUHyapMcGGkg', ''),
(790, 'SJSUAoXZaoiaBgdViZ', 'wdh755@gmail.com', 'function', '2023-03-04', '', '', '5892215414', 'PCbOMFDqcwKeRDWBfPUmynxN', ''),
(791, 'BcsZtGibmBaDgfQfFKgNzvZ', 'sales@idsmachining.com', 'function', '2023-03-04', '', '', '7861672567', 'NrQiArzfkJbvjJGXlOTAYQG', ''),
(792, 'PTVdDLLjqhBKYCNtsol', 'nancypilhofer@gmail.com', 'function', '2023-03-04', '', '', '7360143503', 'EnNbtHSeXkXrBxMpY', ''),
(793, 'PTVdDLLjqhBKYCNtsol', 'nancypilhofer@gmail.com', 'function', '2023-03-04', '', '', '7360143503', 'EnNbtHSeXkXrBxMpY', ''),
(794, 'wZwmNXbNWbvEVirZASA', 'billy.s.mcv@gmail.com', 'function', '2023-03-04', '', '', '3241875157', 'CuZAxPKeANiMxDEMSU', ''),
(795, 'wZwmNXbNWbvEVirZASA', 'billy.s.mcv@gmail.com', 'function', '2023-03-04', '', '', '3241875157', 'CuZAxPKeANiMxDEMSU', ''),
(796, 'wZwmNXbNWbvEVirZASA', 'billy.s.mcv@gmail.com', 'function', '2023-03-04', '', '', '3241875157', 'CuZAxPKeANiMxDEMSU', ''),
(797, 'MjNOIwjMdHwscLbiXAxuJ', 'stormtewk@hotmail.com', 'function', '2023-03-04', '', '', '9859502029', 'XxVrgMxYrRuIdnyuwK', ''),
(798, 'wNdpENgcxIMMOurN', 'lalopepe35@hotmail.com', 'function', '2023-03-04', '', '', '8887069992', 'iJblXbMPEevYhjXxBj', ''),
(799, 'wNdpENgcxIMMOurN', 'lalopepe35@hotmail.com', 'function', '2023-03-04', '', '', '8887069992', 'iJblXbMPEevYhjXxBj', ''),
(800, 'fMCrbdqhQRJDVQbKCbeBtU', 'billy.s.mcv@gmail.com', 'function', '2023-03-04', '', '', '5666784227', 'BhpQyLTdwkFCfmiiw', ''),
(801, 'fMCrbdqhQRJDVQbKCbeBtU', 'billy.s.mcv@gmail.com', 'function', '2023-03-04', '', '', '5666784227', 'BhpQyLTdwkFCfmiiw', ''),
(802, 'fMCrbdqhQRJDVQbKCbeBtU', 'billy.s.mcv@gmail.com', 'function', '2023-03-04', '', '', '5666784227', 'BhpQyLTdwkFCfmiiw', ''),
(803, 'PKomlkxUZQpNvdkcQ', 'ronpetersonno874@gmail.com', 'function', '2023-03-04', '', '', '6291333507', 'JppXInUsPowRAHlaKwJMp', ''),
(804, 'PKomlkxUZQpNvdkcQ', 'ronpetersonno874@gmail.com', 'function', '2023-03-04', '', '', '6291333507', 'JppXInUsPowRAHlaKwJMp', ''),
(805, 'PKomlkxUZQpNvdkcQ', 'ronpetersonno874@gmail.com', 'function', '2023-03-04', '', '', '6291333507', 'JppXInUsPowRAHlaKwJMp', ''),
(806, 'JPKlahXdBdAzPSvdqxidOTbT', 'mediummomma@hotmail.com', 'function', '2023-03-04', '', '', '3922014155', 'zOGJiiIGdMvhyfjmNONoMdlE', ''),
(807, 'JPKlahXdBdAzPSvdqxidOTbT', 'mediummomma@hotmail.com', 'function', '2023-03-04', '', '', '3922014155', 'zOGJiiIGdMvhyfjmNONoMdlE', ''),
(808, 'JPKlahXdBdAzPSvdqxidOTbT', 'mediummomma@hotmail.com', 'function', '2023-03-04', '', '', '3922014155', 'zOGJiiIGdMvhyfjmNONoMdlE', ''),
(809, 'bsAxyHRRgYSnSKWIAxEuTC', 'vendite@crgufficio.it', 'function', '2023-03-04', '', '', '3959720924', 'LnbaEsokhVoGYVtSAfV', ''),
(810, 'OyiGUStVMJvzTddFWbuJKgP', 'whitneyh@rhccpa.com', 'function', '2023-03-04', '', '', '9972331211', 'fJQMFanUHHVGZTan', ''),
(811, 'OyiGUStVMJvzTddFWbuJKgP', 'whitneyh@rhccpa.com', 'function', '2023-03-04', '', '', '9972331211', 'fJQMFanUHHVGZTan', ''),
(812, 'OyiGUStVMJvzTddFWbuJKgP', 'whitneyh@rhccpa.com', 'function', '2023-03-04', '', '', '9972331211', 'fJQMFanUHHVGZTan', ''),
(813, 'epMeZXDgGArQsqjVm', 'cw5335624@gmail.com', 'function', '2023-03-04', '', '', '8847819375', 'xxOMtJkiYVrzLAZmlUJXBjc', ''),
(814, 'BYrVnbilfhNOrDIYu', 'rikkiivanova21@gmail.com', 'function', '2023-03-04', '', '', '2352839072', 'wJXvnMiOgnEIevdINq', ''),
(815, 'BYrVnbilfhNOrDIYu', 'rikkiivanova21@gmail.com', 'function', '2023-03-04', '', '', '2352839072', 'wJXvnMiOgnEIevdINq', ''),
(816, 'IxIrPBufashAjMtTohbrNIDp', 'shadow_16_runner@hotmail.com', 'function', '2023-03-04', '', '', '2740105421', 'xBbWXLoIDwDawqIlekSJNn', ''),
(817, 'IxIrPBufashAjMtTohbrNIDp', 'shadow_16_runner@hotmail.com', 'function', '2023-03-04', '', '', '2740105421', 'xBbWXLoIDwDawqIlekSJNn', ''),
(818, 'IxIrPBufashAjMtTohbrNIDp', 'shadow_16_runner@hotmail.com', 'function', '2023-03-04', '', '', '2740105421', 'xBbWXLoIDwDawqIlekSJNn', ''),
(819, 'jugtEbskteqDLCqjILHMNSd', 'zaidpr@icloud.com', 'function', '2023-03-04', '', '', '7256169791', 'IhAhdZylokAiheqHamd', ''),
(820, 'jugtEbskteqDLCqjILHMNSd', 'zaidpr@icloud.com', 'function', '2023-03-04', '', '', '7256169791', 'IhAhdZylokAiheqHamd', ''),
(821, 'ybmgGrlwZPVsrDIpAcKJSFGm', 'rebecca.reynolds123@btinternet.com', 'function', '2023-03-04', '', '', '9433417603', 'lWyrmhemzSVWrNqIjkdnZ', ''),
(822, 'ybmgGrlwZPVsrDIpAcKJSFGm', 'rebecca.reynolds123@btinternet.com', 'function', '2023-03-04', '', '', '9433417603', 'lWyrmhemzSVWrNqIjkdnZ', ''),
(823, 'ybmgGrlwZPVsrDIpAcKJSFGm', 'rebecca.reynolds123@btinternet.com', 'function', '2023-03-04', '', '', '9433417603', 'lWyrmhemzSVWrNqIjkdnZ', ''),
(824, 'bDFdaiszUAMCUGWqpuYTBfZ', 'paul@paulweyland.com', 'function', '2023-03-04', '', '', '7290473255', 'EODUkTmFFedZIRzMMlNn', ''),
(825, 'JpljMyVliHOFrlnzeX', 'rheinhesse@googlemail.com', 'function', '2023-03-04', '', '', '9862800709', 'bIoxNHoOLpqPYNnehUIhUEG', ''),
(826, 'JpljMyVliHOFrlnzeX', 'rheinhesse@googlemail.com', 'function', '2023-03-04', '', '', '9862800709', 'bIoxNHoOLpqPYNnehUIhUEG', '');
INSERT INTO `menuApp_contactmodel` (`id`, `name`, `email`, `function`, `date`, `budget`, `venue`, `phone`, `message`, `capacity`) VALUES
(827, 'JpljMyVliHOFrlnzeX', 'rheinhesse@googlemail.com', 'function', '2023-03-04', '', '', '9862800709', 'bIoxNHoOLpqPYNnehUIhUEG', ''),
(828, 'YUaRsDadDmDIIxdIKIiQzesQ', 'maxgiammo@gmail.com', 'function', '2023-03-04', '', '', '5891116065', 'oOnygaKfBlSfUiLLODxstIX', ''),
(829, 'YUaRsDadDmDIIxdIKIiQzesQ', 'maxgiammo@gmail.com', 'function', '2023-03-04', '', '', '5891116065', 'oOnygaKfBlSfUiLLODxstIX', ''),
(830, 'bLEbfmLUDpiieTnTbhmROzV', 'arlenjarrett@mindspring.com', 'function', '2023-03-04', '', '', '4460756181', 'XsoyWljQNGumgHWo', ''),
(831, 'bLEbfmLUDpiieTnTbhmROzV', 'arlenjarrett@mindspring.com', 'function', '2023-03-04', '', '', '4460756181', 'XsoyWljQNGumgHWo', ''),
(832, 'bLEbfmLUDpiieTnTbhmROzV', 'arlenjarrett@mindspring.com', 'function', '2023-03-04', '', '', '4460756181', 'XsoyWljQNGumgHWo', ''),
(833, 'JpkoneTSZWMyknffJQoZ', 'eva2williams@yahoo.com', 'function', '2023-03-04', '', '', '2065669746', 'LIkIQwpzWWmjaKLPoQMveRT', ''),
(834, 'JpkoneTSZWMyknffJQoZ', 'eva2williams@yahoo.com', 'function', '2023-03-04', '', '', '2065669746', 'LIkIQwpzWWmjaKLPoQMveRT', ''),
(835, 'JpkoneTSZWMyknffJQoZ', 'eva2williams@yahoo.com', 'function', '2023-03-04', '', '', '2065669746', 'LIkIQwpzWWmjaKLPoQMveRT', ''),
(836, 'ddyGBVAkbswYgjOFmMAWhcz', 'vcemery723@gmail.com', 'function', '2023-03-04', '', '', '4379247879', 'CJaXwYtIkHwRgzCxmAeI', ''),
(837, 'RJZrJlHfHOmnkEELobPLZk', 'rushtilq@gmail.com', 'function', '2023-03-04', '', '', '7941761463', 'KXVuXSmkWoAMAsfznlroh', ''),
(838, 'kokBBmhpetjzOmdGzUl', 'nasucosifi79@gmail.com', 'function', '2023-03-04', '', '', '2216956018', 'teWpaiqjvOpyFZMDgiRsW', ''),
(839, 'kokBBmhpetjzOmdGzUl', 'nasucosifi79@gmail.com', 'function', '2023-03-04', '', '', '2216956018', 'teWpaiqjvOpyFZMDgiRsW', ''),
(840, 'kokBBmhpetjzOmdGzUl', 'nasucosifi79@gmail.com', 'function', '2023-03-04', '', '', '2216956018', 'teWpaiqjvOpyFZMDgiRsW', ''),
(841, 'qTYkMhysyIQvvIMXfrJo', 'carino.ramon@yahoo.com', 'function', '2023-03-04', '', '', '8890887473', 'FDFeujXNEtAbzEUSXdso', ''),
(842, 'qTYkMhysyIQvvIMXfrJo', 'carino.ramon@yahoo.com', 'function', '2023-03-04', '', '', '8890887473', 'FDFeujXNEtAbzEUSXdso', ''),
(843, 'qTYkMhysyIQvvIMXfrJo', 'carino.ramon@yahoo.com', 'function', '2023-03-04', '', '', '8890887473', 'FDFeujXNEtAbzEUSXdso', ''),
(844, 'gzIlGfLSCFDxkWPzqxEm', 'elizabeth.a.crystal@gmail.com', 'function', '2023-03-04', '', '', '6126126411', 'FVmWEfUwidqqfqKoZL', ''),
(845, 'gzIlGfLSCFDxkWPzqxEm', 'elizabeth.a.crystal@gmail.com', 'function', '2023-03-04', '', '', '6126126411', 'FVmWEfUwidqqfqKoZL', ''),
(846, 'gzIlGfLSCFDxkWPzqxEm', 'elizabeth.a.crystal@gmail.com', 'function', '2023-03-04', '', '', '6126126411', 'FVmWEfUwidqqfqKoZL', ''),
(847, 'ESkALqYWCFdqHnaPwWXW', 'blasswell@gmail.com', 'function', '2023-03-04', '', '', '4946524861', 'DQtKMikepegsODqWYXQii', ''),
(848, 'ESkALqYWCFdqHnaPwWXW', 'blasswell@gmail.com', 'function', '2023-03-04', '', '', '4946524861', 'DQtKMikepegsODqWYXQii', ''),
(849, 'ESkALqYWCFdqHnaPwWXW', 'blasswell@gmail.com', 'function', '2023-03-04', '', '', '4946524861', 'DQtKMikepegsODqWYXQii', ''),
(850, 'EeWaHFMYJYyjhsYayRVaTrtB', 'moraantonio1@bellsouth.net', 'function', '2023-03-04', '', '', '8213943657', 'wJfGNAEhTqVpVShluK', ''),
(851, 'msFDrJFogrFcJHKalu', 'volleyballmommy@live.ca', 'function', '2023-03-04', '', '', '2272391657', 'odtPZUQzQKGkbKvRnZIBYlD', ''),
(852, 'msFDrJFogrFcJHKalu', 'volleyballmommy@live.ca', 'function', '2023-03-04', '', '', '2272391657', 'odtPZUQzQKGkbKvRnZIBYlD', ''),
(853, 'bVAXBFRBhurqFDnlBIt', 'astaanddad@gmail.com', 'function', '2023-03-04', '', '', '9517798638', 'PMdiYcnTYfUnzpvfdg', ''),
(854, 'rrZfpufQxWXCvOtCsi', 'laurenmck3nzie@gmail.com', 'function', '2023-03-04', '', '', '9589326418', 'gQELfrbNzGHwttbY', ''),
(855, 'rrZfpufQxWXCvOtCsi', 'laurenmck3nzie@gmail.com', 'function', '2023-03-04', '', '', '9589326418', 'gQELfrbNzGHwttbY', ''),
(856, 'rrZfpufQxWXCvOtCsi', 'laurenmck3nzie@gmail.com', 'function', '2023-03-04', '', '', '9589326418', 'gQELfrbNzGHwttbY', ''),
(857, 'manvjNtjjKwKuDcpP', 'crager84@gmail.com', 'function', '2023-03-04', '', '', '7008086266', 'GEXwZBiUyWQrERtUd', ''),
(858, 'manvjNtjjKwKuDcpP', 'crager84@gmail.com', 'function', '2023-03-04', '', '', '7008086266', 'GEXwZBiUyWQrERtUd', ''),
(859, 'manvjNtjjKwKuDcpP', 'crager84@gmail.com', 'function', '2023-03-04', '', '', '7008086266', 'GEXwZBiUyWQrERtUd', ''),
(860, 'vMVDATQEuhdEYFZkVS', 'michelle_m_brashear@yahoo.com', 'function', '2023-03-04', '', '', '4521349330', 'cdhnPercrFRYztZfdhhntos', ''),
(861, 'LLxdcVxnMIQFPzfBmLqvVa', 'alper@ozemail.com.au', 'function', '2023-03-04', '', '', '4401728287', 'pOhfAnPBKlfuIPuDFuPV', ''),
(862, 'LLxdcVxnMIQFPzfBmLqvVa', 'alper@ozemail.com.au', 'function', '2023-03-04', '', '', '4401728287', 'pOhfAnPBKlfuIPuDFuPV', ''),
(863, 'bXeHeVYgDXykGLqWMmRRagE', 'bjuju03@icloud.com', 'function', '2023-03-04', '', '', '4156438640', 'eGWfXyVwfitTLCFsyFehFjDs', ''),
(864, 'bXeHeVYgDXykGLqWMmRRagE', 'bjuju03@icloud.com', 'function', '2023-03-04', '', '', '4156438640', 'eGWfXyVwfitTLCFsyFehFjDs', ''),
(865, 'bXeHeVYgDXykGLqWMmRRagE', 'bjuju03@icloud.com', 'function', '2023-03-04', '', '', '4156438640', 'eGWfXyVwfitTLCFsyFehFjDs', ''),
(866, 'OuqUVkSZSSelCUfdveSFa', 'immivoyagemohali@gmail.com', 'function', '2023-03-04', '', '', '3484985061', 'agtUjblhOPmKSsgv', ''),
(867, 'QzQbmCrOpntFYjkqEZyeS', 'larissa.heinrichs@web.de', 'function', '2023-03-04', '', '', '6686757425', 'FZaAzDSiuwgTbxuRSywENrBB', ''),
(868, 'QzQbmCrOpntFYjkqEZyeS', 'larissa.heinrichs@web.de', 'function', '2023-03-04', '', '', '6686757425', 'FZaAzDSiuwgTbxuRSywENrBB', ''),
(869, 'CCCYxUKOSDjhAYsKcIc', 'elzagrimesht@gmail.com', 'function', '2023-03-04', '', '', '9585431411', 'TfwkwQAuuPUDNHqzHXDz', ''),
(870, 'QmyfZIXFkFBlOOkIdo', 'awillard2@gmail.com', 'function', '2023-03-04', '', '', '4939523729', 'NXsXYegjiShhsxFHLolrvl', ''),
(871, 'nsHbdmWuLEOkrWDEbDyimm', 'claireesposito@hotmail.co.uk', 'function', '2023-03-04', '', '', '4582580867', 'zVkZmxDevtsYEOzX', ''),
(872, 'nsHbdmWuLEOkrWDEbDyimm', 'claireesposito@hotmail.co.uk', 'function', '2023-03-04', '', '', '4582580867', 'zVkZmxDevtsYEOzX', ''),
(873, 'nsHbdmWuLEOkrWDEbDyimm', 'claireesposito@hotmail.co.uk', 'function', '2023-03-04', '', '', '4582580867', 'zVkZmxDevtsYEOzX', ''),
(874, 'SmDqymYwHZafhQbUBmphduca', 'rca3450@aol.com', 'function', '2023-03-04', '', '', '7635791531', 'QESYMLqrdHAkJERd', ''),
(875, 'SmDqymYwHZafhQbUBmphduca', 'rca3450@aol.com', 'function', '2023-03-04', '', '', '7635791531', 'QESYMLqrdHAkJERd', ''),
(876, 'SmDqymYwHZafhQbUBmphduca', 'rca3450@aol.com', 'function', '2023-03-04', '', '', '7635791531', 'QESYMLqrdHAkJERd', ''),
(877, 'alykEXPhpNuhideLoG', 'jashepler@mac.com', 'function', '2023-03-04', '', '', '9397843382', 'JpvYlWLDKLgNGTDEiil', ''),
(878, 'alykEXPhpNuhideLoG', 'jashepler@mac.com', 'function', '2023-03-04', '', '', '9397843382', 'JpvYlWLDKLgNGTDEiil', ''),
(879, 'alykEXPhpNuhideLoG', 'jashepler@mac.com', 'function', '2023-03-04', '', '', '9397843382', 'JpvYlWLDKLgNGTDEiil', ''),
(880, 'ciMmtMngXIpcnnah', 'mail@daniellaplaza.com', 'function', '2023-03-04', '', '', '9129807244', 'KUduCkWooIwKbnSUvB', ''),
(881, 'ciMmtMngXIpcnnah', 'mail@daniellaplaza.com', 'function', '2023-03-04', '', '', '9129807244', 'KUduCkWooIwKbnSUvB', ''),
(882, 'ciMmtMngXIpcnnah', 'mail@daniellaplaza.com', 'function', '2023-03-04', '', '', '9129807244', 'KUduCkWooIwKbnSUvB', ''),
(883, 'ApQQUqUoEEHaIeNzitOXFV', 'georgie21711@yahoo.com', 'function', '2023-03-04', '', '', '2037348235', 'CurTsRWrWHpWHWTyoezxjoJ', ''),
(884, 'TjXFtaRPdUsEMYRuHpLsiMfZ', 'austintadiwa@gmail.com', 'function', '2023-03-04', '', '', '6622379736', 'YCgzbiSrITgRXZKzedmEuyU', ''),
(885, 'TjXFtaRPdUsEMYRuHpLsiMfZ', 'austintadiwa@gmail.com', 'function', '2023-03-04', '', '', '6622379736', 'YCgzbiSrITgRXZKzedmEuyU', ''),
(886, 'TjXFtaRPdUsEMYRuHpLsiMfZ', 'austintadiwa@gmail.com', 'function', '2023-03-04', '', '', '6622379736', 'YCgzbiSrITgRXZKzedmEuyU', ''),
(887, 'hgMDNsChfVdswpwXgUhHRaF', 'alison.sanzone@advancevelocity.com', 'function', '2023-03-04', '', '', '5294789257', 'hehNXnqGlnsUmmfRvJc', ''),
(888, 'ifdjdhNGKzpSoZkGaFQzPI', 'adamalli@gmail.com', 'function', '2023-03-04', '', '', '5142172819', 'FFZkNHGeluxyBzXfneUHwKJ', ''),
(889, 'FkqfzxfNFdeocRFe', 'asifq8@gmail.com', 'function', '2023-03-04', '', '', '4533770437', 'BKdNqhgPytHxgTKpidB', ''),
(890, 'eayNlWoclaoPxAOszFeAU', 'martinancopper33@gmail.com', 'function', '2023-03-04', '', '', '6756840702', 'xDQgivTmiBgJnmKncgOiya', ''),
(891, 'eayNlWoclaoPxAOszFeAU', 'martinancopper33@gmail.com', 'function', '2023-03-04', '', '', '6756840702', 'xDQgivTmiBgJnmKncgOiya', ''),
(892, 'eayNlWoclaoPxAOszFeAU', 'martinancopper33@gmail.com', 'function', '2023-03-04', '', '', '6756840702', 'xDQgivTmiBgJnmKncgOiya', ''),
(893, 'OoJflKgXhtjrMfbNSjSmFTQQ', 'vijay@miragetek.co.uk', 'function', '2023-03-04', '', '', '2689467473', 'DzWAajswdDlxNLgCSBJGrQ', ''),
(894, 'BJqsDZrpyNIFUIoRYvMsE', 'ajoy2bewitme@gmail.com', 'function', '2023-03-04', '', '', '8235083626', 'uuiUbXnapmrEcoxeNRlZCScG', ''),
(895, 'BJqsDZrpyNIFUIoRYvMsE', 'ajoy2bewitme@gmail.com', 'function', '2023-03-04', '', '', '8235083626', 'uuiUbXnapmrEcoxeNRlZCScG', ''),
(896, 'ffdqpkKoofbLxRNi', 'ejiroakponah@hotmail.co.uk', 'function', '2023-03-04', '', '', '4735371337', 'LDdOEofvFmXOavqOGmjloLX', ''),
(897, 'ffdqpkKoofbLxRNi', 'ejiroakponah@hotmail.co.uk', 'function', '2023-03-04', '', '', '4735371337', 'LDdOEofvFmXOavqOGmjloLX', ''),
(898, 'ffdqpkKoofbLxRNi', 'ejiroakponah@hotmail.co.uk', 'function', '2023-03-04', '', '', '4735371337', 'LDdOEofvFmXOavqOGmjloLX', ''),
(899, 'VeAHSBgzNygqrMXop', 'dargenta915@gmail.com', 'function', '2023-03-04', '', '', '7275616300', 'wkAssFnrknjsLNyMlAjqQt', ''),
(900, 'feyYlJbIzYoIoWACgaCRqyZC', 'rickysarts@gmail.com', 'function', '2023-03-04', '', '', '9418166740', 'TfTQUvmpxWLUdhdNhL', ''),
(901, 'anRydExaUTnzOCHHiNLRRI', 'eva.macias@angeliniholding.com', 'function', '2023-03-04', '', '', '9271084406', 'QxawCbFFFkdPmOiZLT', ''),
(902, 'anRydExaUTnzOCHHiNLRRI', 'eva.macias@angeliniholding.com', 'function', '2023-03-04', '', '', '9271084406', 'QxawCbFFFkdPmOiZLT', ''),
(903, 'anRydExaUTnzOCHHiNLRRI', 'eva.macias@angeliniholding.com', 'function', '2023-03-04', '', '', '9271084406', 'QxawCbFFFkdPmOiZLT', ''),
(904, 'etgAdlIDHFrJxSYsUzyqi', 'jkjohnston2010@yahoo.co.uk', 'function', '2023-03-04', '', '', '6708921369', 'bFfAEEfBnvUIVGpEgTd', ''),
(905, 'etgAdlIDHFrJxSYsUzyqi', 'jkjohnston2010@yahoo.co.uk', 'function', '2023-03-04', '', '', '6708921369', 'bFfAEEfBnvUIVGpEgTd', ''),
(906, 'etgAdlIDHFrJxSYsUzyqi', 'jkjohnston2010@yahoo.co.uk', 'function', '2023-03-04', '', '', '6708921369', 'bFfAEEfBnvUIVGpEgTd', ''),
(907, 'rYPpLsCWPyATlOUMXkItvh', 'hamilton608@hotmail.com', 'function', '2023-03-04', '', '', '6309031270', 'TKhMYjLrzoFffiESbdztOWV', ''),
(908, 'rYPpLsCWPyATlOUMXkItvh', 'hamilton608@hotmail.com', 'function', '2023-03-04', '', '', '6309031270', 'TKhMYjLrzoFffiESbdztOWV', ''),
(909, 'rYPpLsCWPyATlOUMXkItvh', 'hamilton608@hotmail.com', 'function', '2023-03-04', '', '', '6309031270', 'TKhMYjLrzoFffiESbdztOWV', ''),
(910, 'KuJUCxQBOAKhLXDrVcIYhnop', 'mikikai821@gmail.com', 'function', '2023-03-04', '', '', '3760149429', 'fVCJxClonKxSqjCex', ''),
(911, 'KuJUCxQBOAKhLXDrVcIYhnop', 'mikikai821@gmail.com', 'function', '2023-03-04', '', '', '3760149429', 'fVCJxClonKxSqjCex', ''),
(912, 'PJLYDRopiCrRoochzoY', 'denise.dewhurst@sky.com', 'function', '2023-03-04', '', '', '6184522848', 'TEoYaWiQVJXQfmXRHNbTkv', ''),
(913, 'PJLYDRopiCrRoochzoY', 'denise.dewhurst@sky.com', 'function', '2023-03-04', '', '', '6184522848', 'TEoYaWiQVJXQfmXRHNbTkv', ''),
(914, 'PJLYDRopiCrRoochzoY', 'denise.dewhurst@sky.com', 'function', '2023-03-04', '', '', '6184522848', 'TEoYaWiQVJXQfmXRHNbTkv', ''),
(915, 'oyOMzOCIabZHuhLG', 'sgentle@suddenlink.net', 'function', '2023-03-04', '', '', '9543144072', 'irKOHsmMElsWAdqjqNDld', ''),
(916, 'vYVkbaPfIzLxZtrebPK', 'lostntnn@yahoo.com', 'function', '2023-03-04', '', '', '7167427897', 'JQrApqDOoQnYtrOlOp', ''),
(917, 'ziMCinUXPCgsNCGZFZ', 'bodieiggo@gmail.com', 'function', '2023-03-04', '', '', '5649977752', 'OjHeaUNkMGHQkHPXOaTUmsb', ''),
(918, 'ziMCinUXPCgsNCGZFZ', 'bodieiggo@gmail.com', 'function', '2023-03-04', '', '', '5649977752', 'OjHeaUNkMGHQkHPXOaTUmsb', ''),
(919, 'ziMCinUXPCgsNCGZFZ', 'bodieiggo@gmail.com', 'function', '2023-03-04', '', '', '5649977752', 'OjHeaUNkMGHQkHPXOaTUmsb', ''),
(920, 'UuFJRyqGxXWBQsbmcvv', 'daniele.dp0109@gmail.com', 'function', '2023-03-04', '', '', '5269820605', 'iLfijvxzTiGABGZds', ''),
(921, 'UuFJRyqGxXWBQsbmcvv', 'daniele.dp0109@gmail.com', 'function', '2023-03-04', '', '', '5269820605', 'iLfijvxzTiGABGZds', ''),
(922, 'UuFJRyqGxXWBQsbmcvv', 'daniele.dp0109@gmail.com', 'function', '2023-03-04', '', '', '5269820605', 'iLfijvxzTiGABGZds', ''),
(923, 'kFWTlyIJqXpCXRuwAW', 'arellanot67@yahoo.com', 'function', '2023-03-04', '', '', '2677999960', 'lOQMmdXeJEtoKomD', ''),
(924, 'kFWTlyIJqXpCXRuwAW', 'arellanot67@yahoo.com', 'function', '2023-03-04', '', '', '2677999960', 'lOQMmdXeJEtoKomD', ''),
(925, 'kFWTlyIJqXpCXRuwAW', 'arellanot67@yahoo.com', 'function', '2023-03-04', '', '', '2677999960', 'lOQMmdXeJEtoKomD', ''),
(926, 'ipgfxEKmMQhTrRxXKLKxVs', 'corso4life3@aol.com', 'function', '2023-03-04', '', '', '9349467617', 'eGwvroqkcWOrVtDwjEHrHWq', ''),
(927, 'LjLxpAMtVlqmFIoKrEi', 'memec5987@gmail.com', 'function', '2023-03-04', '', '', '8822937386', 'ETvbDALGdwIsIrnWtf', ''),
(928, 'LjLxpAMtVlqmFIoKrEi', 'memec5987@gmail.com', 'function', '2023-03-04', '', '', '8822937386', 'ETvbDALGdwIsIrnWtf', ''),
(929, 'LjLxpAMtVlqmFIoKrEi', 'memec5987@gmail.com', 'function', '2023-03-04', '', '', '8822937386', 'ETvbDALGdwIsIrnWtf', ''),
(930, 'yfoSNxOGibjTPPPfQcZemmQq', 'baka.chan1105@yahoo.com', 'function', '2023-03-04', '', '', '2806086090', 'CcCuTvbTrERYNLZTfrSQUo', ''),
(931, 'ltgtsZFtYeqCBUYzF', 'cazles1@yahoo.com', 'function', '2023-03-04', '', '', '3792322036', 'CdJnCymgxrLNoiPlMpMlbkgO', ''),
(932, 'ltgtsZFtYeqCBUYzF', 'cazles1@yahoo.com', 'function', '2023-03-04', '', '', '3792322036', 'CdJnCymgxrLNoiPlMpMlbkgO', ''),
(933, 'ltgtsZFtYeqCBUYzF', 'cazles1@yahoo.com', 'function', '2023-03-04', '', '', '3792322036', 'CdJnCymgxrLNoiPlMpMlbkgO', ''),
(934, 'aHzkpUMnkMOsoyGS', 'enioped@hotmail.com', 'function', '2023-03-04', '', '', '6081984298', 'bXwcuewJbCEEDRyfwcsDKV', ''),
(935, 'zXsbGfzDgIvdyeVF', 'rogsuek@verizon.net', 'function', '2023-03-04', '', '', '8343815531', 'BxplbVLHrzDgJOFC', ''),
(936, 'lnGXoXoGwEBRuCfiRf', 'sharronarrington_ext@piedmont.org', 'function', '2023-03-04', '', '', '4233954937', 'YIwntVJMtOMsUkCP', ''),
(937, 'OeiijErtMawjMDExeUHLqyt', 'hamilton608@hotmail.com', 'function', '2023-03-04', '', '', '9241264294', 'gSdJiLkzkSORXrBfzIwUbo', ''),
(938, 'yAKZMfaOosUQJWfOqgF', 't.austin@naturalretreats.com', 'function', '2023-03-04', '', '', '3058530467', 'RRsBxhLwxWIAKKPRnHWSLOGI', ''),
(939, 'zpTXzZwqjMwusOVpe', 'findley80@sbcglobal.net', 'function', '2023-03-04', '', '', '8941081548', 'TxlsFdLNjcFcFhDIuS', ''),
(940, 'bugKIiYhtGaUMPPqLNNlzv', 'adwatson07@gmail.com', 'function', '2023-03-04', '', '', '5244755209', 'YELMBBwgzDAWGIHzGu', ''),
(941, 'bugKIiYhtGaUMPPqLNNlzv', 'adwatson07@gmail.com', 'function', '2023-03-04', '', '', '5244755209', 'YELMBBwgzDAWGIHzGu', ''),
(942, 'bugKIiYhtGaUMPPqLNNlzv', 'adwatson07@gmail.com', 'function', '2023-03-04', '', '', '5244755209', 'YELMBBwgzDAWGIHzGu', ''),
(943, 'jJQGWoZldcOofckWWPDJcXxg', 'dboswell@joshuasrci.com', 'function', '2023-03-04', '', '', '8723963484', 'voUZdDVIoJekQzYde', ''),
(944, 'hlRGgdswBXkqirzjsZEpE', 'aimee@newcaperealestate.com', 'function', '2023-03-04', '', '', '5298096366', 'ehQldBmvBugEjnAtIfZJro', ''),
(945, 'hlRGgdswBXkqirzjsZEpE', 'aimee@newcaperealestate.com', 'function', '2023-03-04', '', '', '5298096366', 'ehQldBmvBugEjnAtIfZJro', ''),
(946, 'MjgsxCzcLPDvNNtkXMarrPNz', 'kimbe_24@yahoo.com', 'function', '2023-03-04', '', '', '4390344572', 'uWBSzncUBNfXvidd', ''),
(947, 'MjgsxCzcLPDvNNtkXMarrPNz', 'kimbe_24@yahoo.com', 'function', '2023-03-04', '', '', '4390344572', 'uWBSzncUBNfXvidd', ''),
(948, 'MjgsxCzcLPDvNNtkXMarrPNz', 'kimbe_24@yahoo.com', 'function', '2023-03-04', '', '', '4390344572', 'uWBSzncUBNfXvidd', ''),
(949, 'eKUvsQdvXoOGokMk', 'jschreadley@gmail.com', 'function', '2023-03-04', '', '', '7902768322', 'cOwzkiNCRpwMHsJhmUMqI', ''),
(950, 'eKUvsQdvXoOGokMk', 'jschreadley@gmail.com', 'function', '2023-03-04', '', '', '7902768322', 'cOwzkiNCRpwMHsJhmUMqI', ''),
(951, 'eKUvsQdvXoOGokMk', 'jschreadley@gmail.com', 'function', '2023-03-04', '', '', '7902768322', 'cOwzkiNCRpwMHsJhmUMqI', ''),
(952, 'ypWUgUFPaQBfIWiFbZFIld', 'sharronarrington_ext@piedmont.org', 'function', '2023-03-04', '', '', '2058862891', 'qejRZFfShrdUJEVDIUnmwDh', ''),
(953, 'ypWUgUFPaQBfIWiFbZFIld', 'sharronarrington_ext@piedmont.org', 'function', '2023-03-04', '', '', '2058862891', 'qejRZFfShrdUJEVDIUnmwDh', ''),
(954, 'ypWUgUFPaQBfIWiFbZFIld', 'sharronarrington_ext@piedmont.org', 'function', '2023-03-04', '', '', '2058862891', 'qejRZFfShrdUJEVDIUnmwDh', ''),
(955, 'wIaWGNCywxlDVNdKk', 'genaib@stanford.edu', 'function', '2023-03-04', '', '', '4909858559', 'xkrqyVuxZYHcJtYDx', ''),
(956, 'wIaWGNCywxlDVNdKk', 'genaib@stanford.edu', 'function', '2023-03-04', '', '', '4909858559', 'xkrqyVuxZYHcJtYDx', ''),
(957, 'wIaWGNCywxlDVNdKk', 'genaib@stanford.edu', 'function', '2023-03-04', '', '', '4909858559', 'xkrqyVuxZYHcJtYDx', ''),
(958, 'EJJXhqgdmRUZpjQsNGiSdD', 'cameronbale43@gmail.com', 'function', '2023-03-04', '', '', '4847893576', 'UTmUvidOihZSXSlQi', ''),
(959, 'EJJXhqgdmRUZpjQsNGiSdD', 'cameronbale43@gmail.com', 'function', '2023-03-04', '', '', '4847893576', 'UTmUvidOihZSXSlQi', ''),
(960, 'EJJXhqgdmRUZpjQsNGiSdD', 'cameronbale43@gmail.com', 'function', '2023-03-04', '', '', '4847893576', 'UTmUvidOihZSXSlQi', ''),
(961, 'dDNyVUiyogKEAzDgd', 'mallardstella@gmail.com', 'function', '2023-03-04', '', '', '9928739357', 'ksMZZWihHDtWcXJVbbhNUq', ''),
(962, 'dDNyVUiyogKEAzDgd', 'mallardstella@gmail.com', 'function', '2023-03-04', '', '', '9928739357', 'ksMZZWihHDtWcXJVbbhNUq', ''),
(963, 'dDNyVUiyogKEAzDgd', 'mallardstella@gmail.com', 'function', '2023-03-04', '', '', '9928739357', 'ksMZZWihHDtWcXJVbbhNUq', ''),
(964, 'GlTFkpNWAETAuBHgxypg', 'guidrozt8@gmail.com', 'function', '2023-03-04', '', '', '3357779956', 'stOGNMWCiQPdCCWrThFxaOp', ''),
(965, 'MoYZUeRrauKbPzCRRBFdCur', 'sv.kirjushechkina@gmail.com', 'function', '2023-03-04', '', '', '3425152878', 'AeGORDUqlrYtGoen', ''),
(966, 'padCMVuEhEPxlSlnuMEQuh', 'kirsty.ellner@ymail.com', 'function', '2023-03-04', '', '', '5390713845', 'UWoVrtxKIdxQhECj', ''),
(967, 'Thank you so much for this new', 'fa.gih.un.707@gmail.com', 'function', '1980-07-02', '', '', '4324344652', '', '1306184302'),
(968, 'LeeEdisa', 'dinanikolskaya99@gmail.com', 'function', '1984-03-05', '131451', 'LeeEdisa', '8841036436', 'Hola, volia saber el seu preu.', 'Tro'),
(969, 'LeeEdisa', 'zekisuquc419@gmail.com', 'function', '1985-01-03', '131313', 'LeeEdisa', '5353568618', 'Hi, roeddwn i eisiau gwybod eich pris.', 'Mtskheta'),
(970, 'LeeEdisa', 'zekisuquc419@gmail.com', 'function', '1982-07-03', '112335', 'LeeEdisa', '6801407247', 'Sawubona, bengifuna ukwazi intengo yakho.', 'Tro'),
(971, 'Chandrashekhar ', 'vcsborra5583@gmail.com', 'function', '2026-01-11', '1000', 'Delhi', '9398739749', '', '300'),
(972, 'Crystalscona', 'joyofchatting@gmail.com', 'function', '1983-05-08', '151241', '+12075966781', '0003040806', '<a href=https://psee.io/8hmx7w>Joy of chatting and meeting</a>', 'Levant'),
(973, 'LeeEdisa', 'zekisuquc419@gmail.com', 'function', '1984-06-01', '151143', 'LeeEdisa', '7713654036', 'Hi, ego volo scire vestri pretium.', 'Mtskheta'),
(974, 'Crystalscona', 'joyofchatting@gmail.com', 'function', '1987-04-01', '122442', '+12075966781', '2804002301', '<a href=https://is.gd/fDIgDz>Joy of chatting and meeting</a>', 'Levant'),
(975, 'ZYfbwiuKHBOVlNaB', 'e.na.ya.t.aka.y.ol3.5@gmail.com', 'function', '2023-03-04', '', '', '9628046465', 'CyIiQYkaGsZCUiAxbslEyyOR', ''),
(976, 'ZYfbwiuKHBOVlNaB', 'e.na.ya.t.aka.y.ol3.5@gmail.com', 'function', '2023-03-04', '', '', '9628046465', 'CyIiQYkaGsZCUiAxbslEyyOR', ''),
(977, 'ZYfbwiuKHBOVlNaB', 'e.na.ya.t.aka.y.ol3.5@gmail.com', 'function', '2023-03-04', '', '', '9628046465', 'CyIiQYkaGsZCUiAxbslEyyOR', ''),
(978, 'Thank you very much for your i', 'fagihu.n.707@gmail.com', 'function', '1980-02-02', '', '', '1473461708', '', '6258166851'),
(979, 'test', 'shubhkailashhc@gmail.com', 'function', '2026-02-21', '45451212121', 'ambrua', '9818591213', 'asjda sas ka daks dkajd kaj kd sk', '2121212121'),
(980, 'Thank you very much for your i', 'fag.ihun7.0.7@gmail.com', 'function', '1981-08-03', '', '', '6603874864', '', '3345683722');

-- --------------------------------------------------------

--
